{"id":44272,"date":"2026-01-22T18:03:16","date_gmt":"2026-01-22T17:03:16","guid":{"rendered":"https:\/\/www.entelequiacultura.com\/?post_type=tribe_events&#038;p=44272"},"modified":"2026-04-26T07:46:51","modified_gmt":"2026-04-26T05:46:51","slug":"gunther-anders-2026","status":"publish","type":"tribe_events","link":"https:\/\/www.entelequiacultura.com\/ca\/esdeveniment\/gunther-anders-2026\/","title":{"rendered":"G\u00dcNTHER ANDERS: FILOSOFIA D&#8217;OCASI\u00d3 (Stefania Fantauzzi)"},"content":{"rendered":"<div class=\"row \"><div class=\"wpv-grid grid-2-3  wpv-first-level first unextended\" style=\"padding-top:0px;padding-bottom:0px\" id=\"wpv-column-9b61d303fd04205f25f3c62d61420ed6\" ><div class=\"row \"><div class=\"wpv-grid grid-1-1  first unextended\" style=\"padding-top:0px;padding-bottom:0px\" id=\"wpv-column-db21e51d6fa571412078c88de4bc58e1\" ><h2><strong>Descripci\u00f3:<\/strong><\/h2>\n<p class=\"p1\">I si l\u2019home ja no control\u00e9s el que crea? G\u00fcnther Anders (1902-1992), fil\u00f2sof i activista, es definia com un <b>conservador ontol\u00f2gic<\/b>: preserva el m\u00f3n per poder intervenir-hi amb responsabilitat. Amb la seva <b>filosofia d\u2019ocasi\u00f3<\/b>, reflexiona sobre els efectes humans i \u00e8tics de la tecnologia, alertant sobre la <b>nova condici\u00f3 humana<\/b> en l\u2019era at\u00f2mica. Critica la utopia del progr\u00e9s i l\u2019 &#8220;homo faber\u201d, mentre defensa la mem\u00f2ria, l\u2019acci\u00f3 conscient i la responsabilitat com a escuts davant la destrucci\u00f3.<\/p>\n<p class=\"p1\">Els seus testimonis, especialment a Hiroshima, mostren com la reflexi\u00f3 pot transformar la por en acci\u00f3. La seva obra combina alerta moral, cr\u00edtica social i comprom\u00eds actiu.<\/p>\n<p class=\"p1\">Anders ens interpel\u00b7la: serem capa\u00e7os d\u2019assumir el nostre futur abans que sigui massa tard?<\/p>\n<p>Llibres recomanats (no \u00e9s imprescindible la seva lectura per assistir al taller):<\/p>\n<p style=\"font-weight: 400;\">G\u00fcnther Anders, L<em>\u2019home dalt del pont<\/em>, Club Editor, 2023<\/p>\n<p style=\"font-weight: 400;\">Gunther Anders, <em>La amenaza at\u00f3mica<\/em>, Pre-Textos, 2025<\/p>\n<p style=\"font-weight: 400;\">Gunther Anders, <em>La obsolescencia del hombre<\/em>, Pre-Textos, 2011 (vol. 1 i 2)<\/div><\/div>\n<div class=\"row \"><div class=\"wpv-grid grid-1-1  first unextended\" style=\"padding-top:0px;padding-bottom:0px\" id=\"wpv-column-08a0e5549107a42d279474dd4a8a1b17\" ><div class=\"row \"><div class=\"wpv-grid grid-1-1  first unextended\" style=\"padding-top:0px;padding-bottom:0px\" id=\"wpv-column-78c12ef19084551308f782eb5c1566b3\" ><h2>La professora:<\/h2><\/div><\/div>\n<div class=\"row \"><div class=\"wpv-grid grid-1-3  first unextended\" style=\"padding-top:0px;padding-bottom:0px\" id=\"wpv-column-1d821ac3a737075e247bfdcd4e3fba39\" ><div class=\"row \"><div class=\"wpv-grid grid-1-1  first unextended\" style=\"padding-top:0px;padding-bottom:0px\" id=\"wpv-column-4776693d7ffc0b89030d0cbb3d44cee7\" ><p><img loading=\"lazy\" decoding=\"async\" class=\"alignnone wp-image-41793 size-full\" src=\"https:\/\/www.entelequiacultura.com\/wp-content\/uploads\/2024\/10\/foto-650.jpg\" alt=\"\" width=\"650\" height=\"651\" srcset=\"https:\/\/www.entelequiacultura.com\/wp-content\/uploads\/2024\/10\/foto-650.jpg 650w, https:\/\/www.entelequiacultura.com\/wp-content\/uploads\/2024\/10\/foto-650-300x300.jpg 300w, https:\/\/www.entelequiacultura.com\/wp-content\/uploads\/2024\/10\/foto-650-150x150.jpg 150w, https:\/\/www.entelequiacultura.com\/wp-content\/uploads\/2024\/10\/foto-650-60x60.jpg 60w, https:\/\/www.entelequiacultura.com\/wp-content\/uploads\/2024\/10\/foto-650-43x43.jpg 43w, https:\/\/www.entelequiacultura.com\/wp-content\/uploads\/2024\/10\/foto-650-106x106.jpg 106w, https:\/\/www.entelequiacultura.com\/wp-content\/uploads\/2024\/10\/foto-650-555x556.jpg 555w, https:\/\/www.entelequiacultura.com\/wp-content\/uploads\/2024\/10\/foto-650-360x361.jpg 360w, https:\/\/www.entelequiacultura.com\/wp-content\/uploads\/2024\/10\/foto-650-262x262.jpg 262w, https:\/\/www.entelequiacultura.com\/wp-content\/uploads\/2024\/10\/foto-650-600x601.jpg 600w, https:\/\/www.entelequiacultura.com\/wp-content\/uploads\/2024\/10\/foto-650-100x100.jpg 100w\" sizes=\"(max-width: 650px) 100vw, 650px\" \/><\/div><\/div><\/div>\n<div class=\"wpv-grid grid-2-3  unextended\" style=\"padding-top:0px;padding-bottom:0px\" id=\"wpv-column-767524d27afc48873863d53d95d57d5f\" ><div class=\"row \"><div class=\"wpv-grid grid-1-1  first unextended\" style=\"padding-top:0px;padding-bottom:0px\" id=\"wpv-column-b15a05d5a37f8ffb28cd607826ae5a6a\" ><div><\/div>\n<div>\n<p style=\"font-weight: 400;\">STEFANIA FANTAUZZI \u00e9s llicenciada en Filosofia per la Universitat de Bolonya i doctora en filosofia per la Universitat de Barcelona. \u00c9s investigadora del Seminari Filosofia i G\u00e8nere de la Universitat de Barcelona i del grup GAPP (Grup arendti\u00e0 de pensament i pol\u00edtica) i professora de Filosofia a la Universitat Aut\u00f2noma de Barcelona. Els seus interessos estan adre\u00e7ats a la filosofia pol\u00edtica i aplicada. Ha treballat sobretot el pensament de Hannah Arendt, i G\u00fcnther Anders, autors sobre els quals ha publicat diferents articles i assajos. Compagina la feina de recerca amb treballs de traducci\u00f3 i edici\u00f3. Entre ells destaquen la traducci\u00f3 a l&#8217;itali\u00e0 de <em>Come fare cose con i ricordi<\/em> (Roma: Casini, 2009) <em>i I brutti scherzi del passato<\/em> (Torino: Bollati Boringhieri, 2010) de Manuel Cruz, la traducci\u00f3 al castell\u00e0 de <em>Democracia surgente <\/em>Barcelona:\u200b\u200b Herder 2022) d&#8217;Adriana Cavarero l&#8217;edici\u00f3 dels escrits de Hannah Arendt a la Revista Aufbau compilats en el volum <em>Participar del m<\/em><em>\u00f3n<\/em> (Mallorca: Lleonard Muntaner, 2020) de l&#8217;assaig <em>La desobedi\u00e8ncia civil<\/em> d&#8217;Arendt (Mallorca: Lleonard Muntaner 2022) i de <em>L&#8217; home a dalt del pont<\/em> de G\u00fcnther Anders (Barcelona: Club Editor, 2023).<\/p>\n<p style=\"font-weight: 400;\">\n<\/div><\/div><\/div><\/div><\/div><\/div><\/div><\/div>\n<div class=\"wpv-grid grid-1-3  wpv-first-level unextended\" style=\"padding-top:0px;padding-bottom:0px\" id=\"wpv-column-76e6940f74b2ab67fce91bd95e252afd\" ><div class=\"row \"><div class=\"wpv-grid grid-1-1  first has-background unextended\" style=\"background-color:#e2dfdf;padding-top:0px;padding-bottom:0px\" id=\"wpv-column-b3da6b6c0c4c48f62ed32a85491c20ca\" ><style>#wpv-column-b3da6b6c0c4c48f62ed32a85491c20ca p,#wpv-column-b3da6b6c0c4c48f62ed32a85491c20ca em,#wpv-column-b3da6b6c0c4c48f62ed32a85491c20ca .column-title,#wpv-column-b3da6b6c0c4c48f62ed32a85491c20ca .sep-text h2.regular-title-wrapper,#wpv-column-b3da6b6c0c4c48f62ed32a85491c20ca .text-divider-double,#wpv-column-b3da6b6c0c4c48f62ed32a85491c20ca .sep-text .sep-text-line,#wpv-column-b3da6b6c0c4c48f62ed32a85491c20ca .sep,#wpv-column-b3da6b6c0c4c48f62ed32a85491c20ca .sep-2,#wpv-column-b3da6b6c0c4c48f62ed32a85491c20ca .sep-3{color:#665c5c;}#wpv-column-b3da6b6c0c4c48f62ed32a85491c20ca:before{background-color:transparent;}<\/style>\t\t<div class=\"sep-text single centered\">\n\t\t\t\t\t\t\t<span class=\"sep-text-before\"><div class=\"sep-text-line\"><\/div><\/span>\n\t\t\t\t\t\t<div class=\"content\">\n\t\t\t\t<h2 class=\"text-divider-double\">\nDetalls<\/h2>\t\t\t<\/div>\n\t\t\t<span class=\"sep-text-after\"><div class=\"sep-text-line\"><\/div><\/span>\n\t\t\t\t\t<\/div>\n\t\n<div class=\"row \"><div class=\"wpv-grid grid-1-1  first unextended\" style=\"padding-top:0px;padding-bottom:0px\" id=\"wpv-column-59da8007a9b1bf7dd7209f0a1fd1e87f\" ><p style=\"text-align: center;\">Si vols rebre informaci\u00f3 sobre nous esdeveniments, subscriu-te al nostre butllet\u00ed informatiu<\/p>\n<p style=\"text-align: center;\"><a href=\"https:\/\/www.entelequiacultura.com\/ca\/butlleti-informatiu-2\/\" target=\"_self\" style='font-size: 20px;' class=\"button vamtam-button accent1  btn_inscripcion button-filled hover-accent1  alignleft\"><span class=\"btext\">Subscriu-te!!<\/span><\/a>\n<p style=\"text-align: center;\">hola@entelequiacultura.com<\/div><\/div>\n<div class=\"row \"><div class=\"wpv-grid grid-1-1  first unextended\" style=\"padding-top:0px;padding-bottom:0px\" id=\"wpv-column-d057035a31d1e16bb99fd032983dc59d\" ><\/div><\/div><\/div><\/div><\/div><\/div>\n","protected":false},"excerpt":{"rendered":"<p>Descripci\u00f3: I si l\u2019home ja no control\u00e9s el que crea? G\u00fcnther Anders (1902-1992), fil\u00f2sof i activista, es definia com un conservador ontol\u00f2gic: preserva el m\u00f3n per poder intervenir-hi amb responsabilitat&#8230;.<\/p>\n","protected":false},"author":1,"featured_media":44274,"template":"","meta":{"_price":"","_stock":"","_tribe_ticket_header":"","_tribe_default_ticket_provider":"","_tribe_ticket_capacity":"0","_ticket_start_date":"","_ticket_end_date":"","_tribe_ticket_show_description":"","_tribe_ticket_show_not_going":false,"_tribe_ticket_use_global_stock":"","_tribe_ticket_global_stock_level":"","_global_stock_mode":"","_global_stock_cap":"","_tribe_rsvp_for_event":"","_tribe_ticket_going_count":"","_tribe_ticket_not_going_count":"","_tribe_tickets_list":"[]","_tribe_ticket_has_attendee_info_fields":false,"_tribe_events_status":"","_tribe_events_status_reason":"","footnotes":"","_tec_slr_enabled":"","_tec_slr_layout":""},"tags":[],"tribe_events_cat":[558,188],"class_list":["post-44272","tribe_events","type-tribe_events","status-publish","has-post-thumbnail","hentry","tribe_events_cat-activitats-bcn","tribe_events_cat-pensament","cat_activitats-bcn","cat_pensament"],"aioseo_notices":[],"ticketed":false,"_links":{"self":[{"href":"https:\/\/www.entelequiacultura.com\/ca\/wp-json\/wp\/v2\/tribe_events\/44272","targetHints":{"allow":["GET"]}}],"collection":[{"href":"https:\/\/www.entelequiacultura.com\/ca\/wp-json\/wp\/v2\/tribe_events"}],"about":[{"href":"https:\/\/www.entelequiacultura.com\/ca\/wp-json\/wp\/v2\/types\/tribe_events"}],"author":[{"embeddable":true,"href":"https:\/\/www.entelequiacultura.com\/ca\/wp-json\/wp\/v2\/users\/1"}],"version-history":[{"count":8,"href":"https:\/\/www.entelequiacultura.com\/ca\/wp-json\/wp\/v2\/tribe_events\/44272\/revisions"}],"predecessor-version":[{"id":44879,"href":"https:\/\/www.entelequiacultura.com\/ca\/wp-json\/wp\/v2\/tribe_events\/44272\/revisions\/44879"}],"wp:featuredmedia":[{"embeddable":true,"href":"https:\/\/www.entelequiacultura.com\/ca\/wp-json\/wp\/v2\/media\/44274"}],"wp:attachment":[{"href":"https:\/\/www.entelequiacultura.com\/ca\/wp-json\/wp\/v2\/media?parent=44272"}],"wp:term":[{"taxonomy":"post_tag","embeddable":true,"href":"https:\/\/www.entelequiacultura.com\/ca\/wp-json\/wp\/v2\/tags?post=44272"},{"taxonomy":"tribe_events_cat","embeddable":true,"href":"https:\/\/www.entelequiacultura.com\/ca\/wp-json\/wp\/v2\/tribe_events_cat?post=44272"}],"curies":[{"name":"wp","href":"https:\/\/api.w.org\/{rel}","templated":true}]}}

GÜNTHER ANDERS: FILOSOFIA D&#8217;OCASIÓ (Stefania Fantauzzi)

<div class="row "><div class="wpv-grid grid-2-3  wpv-first-level first unextended" style="padding-top:0px;padding-bottom:0px" id="wpv-column-9b61d303fd04205f25f3c62d61420ed6" ><div class="row "><div class="wpv-grid grid-1-1  first unextended" style="padding-top:0px;padding-bottom:0px" id="wpv-column-db21e51d6fa571412078c88de4bc58e1" ><h2><strong>Descripció:</strong></h2>
<p class="p1">I si l’home ja no controlés el que crea? Günther Anders (1902-1992), filòsof i activista, es definia com un <b>conservador ontològic</b>: preserva el món per poder intervenir-hi amb responsabilitat. Amb la seva <b>filosofia d’ocasió</b>, reflexiona sobre els efectes humans i ètics de la tecnologia, alertant sobre la <b>nova condició humana</b> en l’era atòmica. Critica la utopia del progrés i l’ &#8220;homo faber”, mentre defensa la memòria, l’acció conscient i la responsabilitat com a escuts davant la destrucció.</p>
<p class="p1">Els seus testimonis, especialment a Hiroshima, mostren com la reflexió pot transformar la por en acció. La seva obra combina alerta moral, crítica social i compromís actiu.</p>
<p class="p1">Anders ens interpel·la: serem capaços d’assumir el nostre futur abans que sigui massa tard?</p>
<p>Llibres recomanats (no és imprescindible la seva lectura per assistir al taller):</p>
<p style="font-weight: 400;">Günther Anders, L<em>’home dalt del pont</em>, Club Editor, 2023</p>
<p style="font-weight: 400;">Gunther Anders, <em>La amenaza atómica</em>, Pre-Textos, 2025</p>
<p style="font-weight: 400;">Gunther Anders, <em>La obsolescencia del hombre</em>, Pre-Textos, 2011 (vol. 1 i 2)</div></div>
<div class="row "><div class="wpv-grid grid-1-1  first unextended" style="padding-top:0px;padding-bottom:0px" id="wpv-column-08a0e5549107a42d279474dd4a8a1b17" ><div class="row "><div class="wpv-grid grid-1-1  first unextended" style="padding-top:0px;padding-bottom:0px" id="wpv-column-78c12ef19084551308f782eb5c1566b3" ><h2>La professora:</h2></div></div>
<div class="row "><div class="wpv-grid grid-1-3  first unextended" style="padding-top:0px;padding-bottom:0px" id="wpv-column-1d821ac3a737075e247bfdcd4e3fba39" ><div class="row "><div class="wpv-grid grid-1-1  first unextended" style="padding-top:0px;padding-bottom:0px" id="wpv-column-4776693d7ffc0b89030d0cbb3d44cee7" ><p><img loading="lazy" decoding="async" class="alignnone wp-image-41793 size-full" src="https://www.entelequiacultura.com/wp-content/uploads/2024/10/foto-650.jpg" alt="" width="650" height="651" srcset="https://www.entelequiacultura.com/wp-content/uploads/2024/10/foto-650.jpg 650w, https://www.entelequiacultura.com/wp-content/uploads/2024/10/foto-650-300x300.jpg 300w, https://www.entelequiacultura.com/wp-content/uploads/2024/10/foto-650-150x150.jpg 150w, https://www.entelequiacultura.com/wp-content/uploads/2024/10/foto-650-60x60.jpg 60w, https://www.entelequiacultura.com/wp-content/uploads/2024/10/foto-650-43x43.jpg 43w, https://www.entelequiacultura.com/wp-content/uploads/2024/10/foto-650-106x106.jpg 106w, https://www.entelequiacultura.com/wp-content/uploads/2024/10/foto-650-555x556.jpg 555w, https://www.entelequiacultura.com/wp-content/uploads/2024/10/foto-650-360x361.jpg 360w, https://www.entelequiacultura.com/wp-content/uploads/2024/10/foto-650-262x262.jpg 262w, https://www.entelequiacultura.com/wp-content/uploads/2024/10/foto-650-600x601.jpg 600w, https://www.entelequiacultura.com/wp-content/uploads/2024/10/foto-650-100x100.jpg 100w" sizes="(max-width: 650px) 100vw, 650px" /></div></div></div>
<div class="wpv-grid grid-2-3  unextended" style="padding-top:0px;padding-bottom:0px" id="wpv-column-767524d27afc48873863d53d95d57d5f" ><div class="row "><div class="wpv-grid grid-1-1  first unextended" style="padding-top:0px;padding-bottom:0px" id="wpv-column-b15a05d5a37f8ffb28cd607826ae5a6a" ><div></div>
<div>
<p style="font-weight: 400;">STEFANIA FANTAUZZI és llicenciada en Filosofia per la Universitat de Bolonya i doctora en filosofia per la Universitat de Barcelona. És investigadora del Seminari Filosofia i Gènere de la Universitat de Barcelona i del grup GAPP (Grup arendtià de pensament i política) i professora de Filosofia a la Universitat Autònoma de Barcelona. Els seus interessos estan adreçats a la filosofia política i aplicada. Ha treballat sobretot el pensament de Hannah Arendt, i Günther Anders, autors sobre els quals ha publicat diferents articles i assajos. Compagina la feina de recerca amb treballs de traducció i edició. Entre ells destaquen la traducció a l&#8217;italià de <em>Come fare cose con i ricordi</em> (Roma: Casini, 2009) <em>i I brutti scherzi del passato</em> (Torino: Bollati Boringhieri, 2010) de Manuel Cruz, la traducció al castellà de <em>Democracia surgente </em>Barcelona:​​ Herder 2022) d&#8217;Adriana Cavarero l&#8217;edició dels escrits de Hannah Arendt a la Revista Aufbau compilats en el volum <em>Participar del m</em><em>ón</em> (Mallorca: Lleonard Muntaner, 2020) de l&#8217;assaig <em>La desobediència civil</em> d&#8217;Arendt (Mallorca: Lleonard Muntaner 2022) i de <em>L&#8217; home a dalt del pont</em> de Günther Anders (Barcelona: Club Editor, 2023).</p>
<p style="font-weight: 400;">
</div></div></div></div></div></div></div></div>
<div class="wpv-grid grid-1-3  wpv-first-level unextended" style="padding-top:0px;padding-bottom:0px" id="wpv-column-76e6940f74b2ab67fce91bd95e252afd" ><div class="row "><div class="wpv-grid grid-1-1  first has-background unextended" style="background-color:#e2dfdf;padding-top:0px;padding-bottom:0px" id="wpv-column-b3da6b6c0c4c48f62ed32a85491c20ca" ><style>#wpv-column-b3da6b6c0c4c48f62ed32a85491c20ca p,#wpv-column-b3da6b6c0c4c48f62ed32a85491c20ca em,#wpv-column-b3da6b6c0c4c48f62ed32a85491c20ca .column-title,#wpv-column-b3da6b6c0c4c48f62ed32a85491c20ca .sep-text h2.regular-title-wrapper,#wpv-column-b3da6b6c0c4c48f62ed32a85491c20ca .text-divider-double,#wpv-column-b3da6b6c0c4c48f62ed32a85491c20ca .sep-text .sep-text-line,#wpv-column-b3da6b6c0c4c48f62ed32a85491c20ca .sep,#wpv-column-b3da6b6c0c4c48f62ed32a85491c20ca .sep-2,#wpv-column-b3da6b6c0c4c48f62ed32a85491c20ca .sep-3{color:#665c5c;}#wpv-column-b3da6b6c0c4c48f62ed32a85491c20ca:before{background-color:transparent;}</style>		<div class="sep-text single centered">
							<span class="sep-text-before"><div class="sep-text-line"></div></span>
						<div class="content">
				<h2 class="text-divider-double">
Detalls</h2>			</div>
			<span class="sep-text-after"><div class="sep-text-line"></div></span>
					</div>
	
<div class="row "><div class="wpv-grid grid-1-1  first unextended" style="padding-top:0px;padding-bottom:0px" id="wpv-column-59da8007a9b1bf7dd7209f0a1fd1e87f" ><p style="text-align: center;">Si vols rebre informació sobre nous esdeveniments, subscriu-te al nostre butlletí informatiu</p>
<p style="text-align: center;"><a href="https://www.entelequiacultura.com/ca/butlleti-informatiu-2/" target="_self" style='font-size: 20px;' class="button vamtam-button accent1  btn_inscripcion button-filled hover-accent1  alignleft"><span class="btext">Subscriu-te!!</span></a>
<p style="text-align: center;">hola@entelequiacultura.com</div></div>
<div class="row "><div class="wpv-grid grid-1-1  first unextended" style="padding-top:0px;padding-bottom:0px" id="wpv-column-d057035a31d1e16bb99fd032983dc59d" ></div></div></div></div></div></div>

<p>Descripció: I si l’home ja no controlés el que crea? Günther Anders (1902-1992), filòsof i activista, es definia com un conservador ontològic: preserva el món per poder intervenir-hi amb responsabilitat&#8230;.</p>
