{"id":42071,"date":"2024-12-29T10:34:00","date_gmt":"2024-12-29T09:34:00","guid":{"rendered":"https:\/\/www.entelequiacultura.com\/?post_type=tribe_events&#038;p=42071"},"modified":"2025-11-30T17:28:16","modified_gmt":"2025-11-30T16:28:16","slug":"taller-marta-carnicero-2025","status":"publish","type":"tribe_events","link":"https:\/\/www.entelequiacultura.com\/ca\/esdeveniment\/taller-marta-carnicero-2025\/","title":{"rendered":"LA M\u00daSICA DE L&#8217;ESCRIPTURA. TALLER DE LECTURA I CREACI\u00d3 LITER\u00c0RIA (Marta Carnicero)"},"content":{"rendered":"<div class=\"row \"><div class=\"wpv-grid grid-2-3  wpv-first-level first unextended\" style=\"padding-top:0px;padding-bottom:0px\" id=\"wpv-column-87e9feb988b8a06d99022bec383eed1a\" ><div class=\"row \"><div class=\"wpv-grid grid-1-1  first unextended\" style=\"padding-top:0px;padding-bottom:0px\" id=\"wpv-column-f24231b5083ddfa9a1fbfbe1513f732f\" ><h2>Descripci\u00f3:<\/h2>\n<p>Quins s\u00f3n els fantasmes que ens impulsen a escriure? Quins disparadors ens conviden a plasmar en el paper una experi\u00e8ncia o una idea? Escriure des de la incomoditat dona m\u00e9s fruits a nivell literari que fer-ho des d&#8217;un lloc afable? Per qu\u00e8 alguns llibres ens resulten dignes d&#8217;elogi?<\/p>\n<p>En aquest taller, mitjan\u00e7ant la lectura atenta i el comentari cr\u00edtic de textos, analitzarem aquests i altres aspectes rellevants del fet literari, com la import\u00e0ncia de la musicalitat, el ritme, etc.<\/p>\n<p>Es proporcionaran consells d&#8217;escriptura i recomanacions liter\u00e0ries, aix\u00ed com la proposta d&#8217;algunes pr\u00e0ctiques volunt\u00e0ries d&#8217;escriptura.<\/div><\/div>\n<div class=\"row \"><div class=\"wpv-grid grid-1-1  first unextended\" style=\"padding-top:0px;padding-bottom:0px\" id=\"wpv-column-80b16e3b6f6dd8e83d873e57f64fd4f7\" ><div class=\"row \"><div class=\"wpv-grid grid-1-1  first unextended\" style=\"padding-top:0px;padding-bottom:0px\" id=\"wpv-column-433bddb8d98d453e67cacb31a9aaeb9a\" ><h2>La professora:<\/h2><\/div><\/div>\n<div class=\"row \"><div class=\"wpv-grid grid-1-3  first unextended\" style=\"padding-top:0px;padding-bottom:0px\" id=\"wpv-column-b7c832ba4b770e3040c0c5c825b510b8\" ><div class=\"row \"><div class=\"wpv-grid grid-1-1  first unextended\" style=\"padding-top:0px;padding-bottom:0px\" id=\"wpv-column-dcbfe420845164bbb4310311bd0beb8f\" ><p><div id=\"attachment_43333\" style=\"width: 660px\" class=\"wp-caption alignnone\"><img loading=\"lazy\" decoding=\"async\" aria-describedby=\"caption-attachment-43333\" class=\"wp-image-43333 size-full\" src=\"https:\/\/www.entelequiacultura.com\/wp-content\/uploads\/2024\/12\/MARTA-CARNICERO-650.jpg\" alt=\"\" width=\"650\" height=\"650\" srcset=\"https:\/\/www.entelequiacultura.com\/wp-content\/uploads\/2024\/12\/MARTA-CARNICERO-650.jpg 650w, https:\/\/www.entelequiacultura.com\/wp-content\/uploads\/2024\/12\/MARTA-CARNICERO-650-300x300.jpg 300w, https:\/\/www.entelequiacultura.com\/wp-content\/uploads\/2024\/12\/MARTA-CARNICERO-650-150x150.jpg 150w, https:\/\/www.entelequiacultura.com\/wp-content\/uploads\/2024\/12\/MARTA-CARNICERO-650-60x60.jpg 60w, https:\/\/www.entelequiacultura.com\/wp-content\/uploads\/2024\/12\/MARTA-CARNICERO-650-43x43.jpg 43w, https:\/\/www.entelequiacultura.com\/wp-content\/uploads\/2024\/12\/MARTA-CARNICERO-650-106x106.jpg 106w, https:\/\/www.entelequiacultura.com\/wp-content\/uploads\/2024\/12\/MARTA-CARNICERO-650-555x555.jpg 555w, https:\/\/www.entelequiacultura.com\/wp-content\/uploads\/2024\/12\/MARTA-CARNICERO-650-360x360.jpg 360w, https:\/\/www.entelequiacultura.com\/wp-content\/uploads\/2024\/12\/MARTA-CARNICERO-650-262x262.jpg 262w, https:\/\/www.entelequiacultura.com\/wp-content\/uploads\/2024\/12\/MARTA-CARNICERO-650-600x600.jpg 600w, https:\/\/www.entelequiacultura.com\/wp-content\/uploads\/2024\/12\/MARTA-CARNICERO-650-100x100.jpg 100w\" sizes=\"(max-width: 650px) 100vw, 650px\" \/><p id=\"caption-attachment-43333\" class=\"wp-caption-text\">\u00a9 Ainhoa Gom\u00e0<\/p><\/div><\/div><\/div><\/div>\n<div class=\"wpv-grid grid-2-3  unextended\" style=\"padding-top:0px;padding-bottom:0px\" id=\"wpv-column-52c5d0486763b56ceb6772110d80642c\" ><div class=\"row \"><div class=\"wpv-grid grid-1-1  first unextended\" style=\"padding-top:0px;padding-bottom:0px\" id=\"wpv-column-dd934a557a677ad61160c8e2cd2e26bd\" ><p>MARTA CARNICERO I HERNANZ (Barcelona, 1974) \u00e9s escriptora, enginyera industrial i professora de tecnologia. Col\u00b7labora regularment amb Biblioteques de Barcelona, Betev\u00e9 i Babelia, t\u00e9 un m\u00e0ster en Creaci\u00f3 Liter\u00e0ria per la Universitat Pompeu Fabra i \u00e9s autora de tres novel\u00b7les que han recollit l\u2019elogi de la cr\u00edtica. El seu \u00faltim treball,\u00a0<em>Matrioixques\u00a0<\/em>(2022), ha captivat el cineasta Pedro Almod\u00f3var, que n\u2019ha elogiat la mirada sensible i necess\u00e0ria sobre la violaci\u00f3 com arma de guerra.<\/div><\/div><\/div><\/div><\/div><\/div><\/div>\n<div class=\"wpv-grid grid-1-3  wpv-first-level unextended\" style=\"padding-top:0px;padding-bottom:0px\" id=\"wpv-column-5d0fe12dc124766b0044678dd0960d4d\" ><div class=\"row \"><div class=\"wpv-grid grid-1-1  first has-background unextended\" style=\"background-color:#e2dfdf;padding-top:0px;padding-bottom:0px\" id=\"wpv-column-8354e6911479fdae757197b20776a23b\" ><style>#wpv-column-8354e6911479fdae757197b20776a23b p,#wpv-column-8354e6911479fdae757197b20776a23b em,#wpv-column-8354e6911479fdae757197b20776a23b .column-title,#wpv-column-8354e6911479fdae757197b20776a23b .sep-text h2.regular-title-wrapper,#wpv-column-8354e6911479fdae757197b20776a23b .text-divider-double,#wpv-column-8354e6911479fdae757197b20776a23b .sep-text .sep-text-line,#wpv-column-8354e6911479fdae757197b20776a23b .sep,#wpv-column-8354e6911479fdae757197b20776a23b .sep-2,#wpv-column-8354e6911479fdae757197b20776a23b .sep-3{color:#665c5c;}#wpv-column-8354e6911479fdae757197b20776a23b:before{background-color:transparent;}<\/style>\t\t<div class=\"sep-text single centered\">\n\t\t\t\t\t\t\t<span class=\"sep-text-before\"><div class=\"sep-text-line\"><\/div><\/span>\n\t\t\t\t\t\t<div class=\"content\">\n\t\t\t\t\n<h2>Detalls<\/h2>\n\t\t\t<\/div>\n\t\t\t<span class=\"sep-text-after\"><div class=\"sep-text-line\"><\/div><\/span>\n\t\t\t\t\t<\/div>\n\t\n<div class=\"row \"><div class=\"wpv-grid grid-1-1  first unextended\" style=\"padding-top:0px;padding-bottom:0px\" id=\"wpv-column-3652ae801ac80e8e76e0f5adcaa2e723\" ><p style=\"text-align: center;\">Si vols rebre informaci\u00f3 sobre nous esdeveniments, subscriu-te al nostre butllet\u00ed informatiu<\/p>\n<p style=\"text-align: center;\"><a href=\"https:\/\/www.entelequiacultura.com\/ca\/butlleti-informatiu-2\/\" target=\"_self\" style='font-size: 20px;' class=\"button vamtam-button accent1  btn_inscripcion button-filled hover-accent1  alignleft\"><span class=\"btext\">Subscriu-te!!<\/span><\/a>\n<p style=\"text-align: center;\">hola@entelequiacultura.com<\/div><\/div><\/div><\/div><\/div><\/div>\n","protected":false},"excerpt":{"rendered":"<p>Descripci\u00f3: Quins s\u00f3n els fantasmes que ens impulsen a escriure? Quins disparadors ens conviden a plasmar en el paper una experi\u00e8ncia o una idea? Escriure des de la incomoditat dona&#8230;<\/p>\n","protected":false},"author":1,"featured_media":43335,"template":"","meta":{"_price":"","_stock":"","_tribe_ticket_header":"","_tribe_default_ticket_provider":"","_tribe_ticket_capacity":"0","_ticket_start_date":"","_ticket_end_date":"","_tribe_ticket_show_description":"","_tribe_ticket_show_not_going":false,"_tribe_ticket_use_global_stock":"","_tribe_ticket_global_stock_level":"","_global_stock_mode":"","_global_stock_cap":"","_tribe_rsvp_for_event":"","_tribe_ticket_going_count":"","_tribe_ticket_not_going_count":"","_tribe_tickets_list":"[]","_tribe_ticket_has_attendee_info_fields":false,"_tribe_events_status":"","_tribe_events_status_reason":"","footnotes":"","_tec_slr_enabled":"","_tec_slr_layout":""},"tags":[],"tribe_events_cat":[558],"class_list":["post-42071","tribe_events","type-tribe_events","status-publish","has-post-thumbnail","hentry","tribe_events_cat-activitats-bcn","cat_activitats-bcn"],"aioseo_notices":[],"ticketed":false,"_links":{"self":[{"href":"https:\/\/www.entelequiacultura.com\/ca\/wp-json\/wp\/v2\/tribe_events\/42071","targetHints":{"allow":["GET"]}}],"collection":[{"href":"https:\/\/www.entelequiacultura.com\/ca\/wp-json\/wp\/v2\/tribe_events"}],"about":[{"href":"https:\/\/www.entelequiacultura.com\/ca\/wp-json\/wp\/v2\/types\/tribe_events"}],"author":[{"embeddable":true,"href":"https:\/\/www.entelequiacultura.com\/ca\/wp-json\/wp\/v2\/users\/1"}],"version-history":[{"count":7,"href":"https:\/\/www.entelequiacultura.com\/ca\/wp-json\/wp\/v2\/tribe_events\/42071\/revisions"}],"predecessor-version":[{"id":43967,"href":"https:\/\/www.entelequiacultura.com\/ca\/wp-json\/wp\/v2\/tribe_events\/42071\/revisions\/43967"}],"wp:featuredmedia":[{"embeddable":true,"href":"https:\/\/www.entelequiacultura.com\/ca\/wp-json\/wp\/v2\/media\/43335"}],"wp:attachment":[{"href":"https:\/\/www.entelequiacultura.com\/ca\/wp-json\/wp\/v2\/media?parent=42071"}],"wp:term":[{"taxonomy":"post_tag","embeddable":true,"href":"https:\/\/www.entelequiacultura.com\/ca\/wp-json\/wp\/v2\/tags?post=42071"},{"taxonomy":"tribe_events_cat","embeddable":true,"href":"https:\/\/www.entelequiacultura.com\/ca\/wp-json\/wp\/v2\/tribe_events_cat?post=42071"}],"curies":[{"name":"wp","href":"https:\/\/api.w.org\/{rel}","templated":true}]}}

LA MÚSICA DE L&#8217;ESCRIPTURA. TALLER DE LECTURA I CREACIÓ LITERÀRIA (Marta Carnicero)

<div class="row "><div class="wpv-grid grid-2-3  wpv-first-level first unextended" style="padding-top:0px;padding-bottom:0px" id="wpv-column-87e9feb988b8a06d99022bec383eed1a" ><div class="row "><div class="wpv-grid grid-1-1  first unextended" style="padding-top:0px;padding-bottom:0px" id="wpv-column-f24231b5083ddfa9a1fbfbe1513f732f" ><h2>Descripció:</h2>
<p>Quins són els fantasmes que ens impulsen a escriure? Quins disparadors ens conviden a plasmar en el paper una experiència o una idea? Escriure des de la incomoditat dona més fruits a nivell literari que fer-ho des d&#8217;un lloc afable? Per què alguns llibres ens resulten dignes d&#8217;elogi?</p>
<p>En aquest taller, mitjançant la lectura atenta i el comentari crític de textos, analitzarem aquests i altres aspectes rellevants del fet literari, com la importància de la musicalitat, el ritme, etc.</p>
<p>Es proporcionaran consells d&#8217;escriptura i recomanacions literàries, així com la proposta d&#8217;algunes pràctiques voluntàries d&#8217;escriptura.</div></div>
<div class="row "><div class="wpv-grid grid-1-1  first unextended" style="padding-top:0px;padding-bottom:0px" id="wpv-column-80b16e3b6f6dd8e83d873e57f64fd4f7" ><div class="row "><div class="wpv-grid grid-1-1  first unextended" style="padding-top:0px;padding-bottom:0px" id="wpv-column-433bddb8d98d453e67cacb31a9aaeb9a" ><h2>La professora:</h2></div></div>
<div class="row "><div class="wpv-grid grid-1-3  first unextended" style="padding-top:0px;padding-bottom:0px" id="wpv-column-b7c832ba4b770e3040c0c5c825b510b8" ><div class="row "><div class="wpv-grid grid-1-1  first unextended" style="padding-top:0px;padding-bottom:0px" id="wpv-column-dcbfe420845164bbb4310311bd0beb8f" ><p><div id="attachment_43333" style="width: 660px" class="wp-caption alignnone"><img loading="lazy" decoding="async" aria-describedby="caption-attachment-43333" class="wp-image-43333 size-full" src="https://www.entelequiacultura.com/wp-content/uploads/2024/12/MARTA-CARNICERO-650.jpg" alt="" width="650" height="650" srcset="https://www.entelequiacultura.com/wp-content/uploads/2024/12/MARTA-CARNICERO-650.jpg 650w, https://www.entelequiacultura.com/wp-content/uploads/2024/12/MARTA-CARNICERO-650-300x300.jpg 300w, https://www.entelequiacultura.com/wp-content/uploads/2024/12/MARTA-CARNICERO-650-150x150.jpg 150w, https://www.entelequiacultura.com/wp-content/uploads/2024/12/MARTA-CARNICERO-650-60x60.jpg 60w, https://www.entelequiacultura.com/wp-content/uploads/2024/12/MARTA-CARNICERO-650-43x43.jpg 43w, https://www.entelequiacultura.com/wp-content/uploads/2024/12/MARTA-CARNICERO-650-106x106.jpg 106w, https://www.entelequiacultura.com/wp-content/uploads/2024/12/MARTA-CARNICERO-650-555x555.jpg 555w, https://www.entelequiacultura.com/wp-content/uploads/2024/12/MARTA-CARNICERO-650-360x360.jpg 360w, https://www.entelequiacultura.com/wp-content/uploads/2024/12/MARTA-CARNICERO-650-262x262.jpg 262w, https://www.entelequiacultura.com/wp-content/uploads/2024/12/MARTA-CARNICERO-650-600x600.jpg 600w, https://www.entelequiacultura.com/wp-content/uploads/2024/12/MARTA-CARNICERO-650-100x100.jpg 100w" sizes="(max-width: 650px) 100vw, 650px" /><p id="caption-attachment-43333" class="wp-caption-text">© Ainhoa Gomà</p></div></div></div></div>
<div class="wpv-grid grid-2-3  unextended" style="padding-top:0px;padding-bottom:0px" id="wpv-column-52c5d0486763b56ceb6772110d80642c" ><div class="row "><div class="wpv-grid grid-1-1  first unextended" style="padding-top:0px;padding-bottom:0px" id="wpv-column-dd934a557a677ad61160c8e2cd2e26bd" ><p>MARTA CARNICERO I HERNANZ (Barcelona, 1974) és escriptora, enginyera industrial i professora de tecnologia. Col·labora regularment amb Biblioteques de Barcelona, Betevé i Babelia, té un màster en Creació Literària per la Universitat Pompeu Fabra i és autora de tres novel·les que han recollit l’elogi de la crítica. El seu últim treball, <em>Matrioixques </em>(2022), ha captivat el cineasta Pedro Almodóvar, que n’ha elogiat la mirada sensible i necessària sobre la violació com arma de guerra.</div></div></div></div></div></div></div>
<div class="wpv-grid grid-1-3  wpv-first-level unextended" style="padding-top:0px;padding-bottom:0px" id="wpv-column-5d0fe12dc124766b0044678dd0960d4d" ><div class="row "><div class="wpv-grid grid-1-1  first has-background unextended" style="background-color:#e2dfdf;padding-top:0px;padding-bottom:0px" id="wpv-column-8354e6911479fdae757197b20776a23b" ><style>#wpv-column-8354e6911479fdae757197b20776a23b p,#wpv-column-8354e6911479fdae757197b20776a23b em,#wpv-column-8354e6911479fdae757197b20776a23b .column-title,#wpv-column-8354e6911479fdae757197b20776a23b .sep-text h2.regular-title-wrapper,#wpv-column-8354e6911479fdae757197b20776a23b .text-divider-double,#wpv-column-8354e6911479fdae757197b20776a23b .sep-text .sep-text-line,#wpv-column-8354e6911479fdae757197b20776a23b .sep,#wpv-column-8354e6911479fdae757197b20776a23b .sep-2,#wpv-column-8354e6911479fdae757197b20776a23b .sep-3{color:#665c5c;}#wpv-column-8354e6911479fdae757197b20776a23b:before{background-color:transparent;}</style>		<div class="sep-text single centered">
							<span class="sep-text-before"><div class="sep-text-line"></div></span>
						<div class="content">
				
<h2>Detalls</h2>
			</div>
			<span class="sep-text-after"><div class="sep-text-line"></div></span>
					</div>
	
<div class="row "><div class="wpv-grid grid-1-1  first unextended" style="padding-top:0px;padding-bottom:0px" id="wpv-column-3652ae801ac80e8e76e0f5adcaa2e723" ><p style="text-align: center;">Si vols rebre informació sobre nous esdeveniments, subscriu-te al nostre butlletí informatiu</p>
<p style="text-align: center;"><a href="https://www.entelequiacultura.com/ca/butlleti-informatiu-2/" target="_self" style='font-size: 20px;' class="button vamtam-button accent1  btn_inscripcion button-filled hover-accent1  alignleft"><span class="btext">Subscriu-te!!</span></a>
<p style="text-align: center;">hola@entelequiacultura.com</div></div></div></div></div></div>

<p>Descripció: Quins són els fantasmes que ens impulsen a escriure? Quins disparadors ens conviden a plasmar en el paper una experiència o una idea? Escriure des de la incomoditat dona&#8230;</p>
