{"id":42018,"date":"2024-12-07T09:48:14","date_gmt":"2024-12-07T08:48:14","guid":{"rendered":"https:\/\/www.entelequiacultura.com\/?post_type=tribe_events&#038;p=42018"},"modified":"2025-01-11T17:45:56","modified_gmt":"2025-01-11T16:45:56","slug":"geometries-temps-geornina-rabasso","status":"publish","type":"tribe_events","link":"https:\/\/www.entelequiacultura.com\/ca\/esdeveniment\/geometries-temps-geornina-rabasso\/","title":{"rendered":"GEOMETRIES DELS TEMPS I L&#8217;ETERNITAT. Agust\u00ed d&#8217;Hipona i Juliana Morell (Georgina Rabass\u00f3)"},"content":{"rendered":"<div class=\"row \"><div class=\"wpv-grid grid-2-3  wpv-first-level first unextended\" style=\"padding-top:0px;padding-bottom:0px\" id=\"wpv-column-c66461f9cebc191a03505f02619de612\" ><div class=\"row \"><div class=\"wpv-grid grid-1-1  first unextended\" style=\"padding-top:0px;padding-bottom:0px\" id=\"wpv-column-e33d5f397c91acc6b8e5fc722827b567\" ><h2><strong>Descripci\u00f3 del seminari:<\/strong><\/h2>\n<p>Per a reflexionar, sovint, ens servim d&#8217;imatges i met\u00e0fores visuals que expandeixen els dominis del coneixement. Durant segles, la geometria ha estat, i ho \u00e9s encara, el comp\u00e0s per a dibuixar els tra\u00e7os inicials d&#8217;un argument filos\u00f2fic.<\/p>\n<p>En aquest seminari analitzarem, mitjan\u00e7ant la met\u00e0fora del cercle i el di\u00e0metre, els conceptes d&#8217;eternitat i temps segons el llibre <em>Confessions<\/em> d&#8217;Agust\u00edn de Hipona (354-430) i en els <em>Exercicis espirituals sobre l&#8217;eternitat<\/em> de Juliana Morell (1594-1653).<\/p>\n<p>Agust\u00edn afirma que D\u00e9u va crear alhora el temps i el m\u00f3n, de manera que tot el que existeix \u00e9s un mer arrap en l&#8217;eternitat. El llenguatge hum\u00e0 est\u00e0 subjecte a la temporalitat, perqu\u00e8 sense temps les lletres, s\u00edl\u00b7labes i paraules no podrien succeir-se. I, a m\u00e9s, aquest fil\u00f2sof va subratllar la paradoxal connexi\u00f3 entre el present (l&#8217;\u00fanic temps que realment \u00e9s i que, alhora, est\u00e0 llan\u00e7at constantment a no ser) i l&#8217;eternitat, entesa com un present continu.<\/p>\n<p>A les portes de la modernitat, la pensadora barcelonina i avinyonesa Juliana Morell va dedicar la seva obra magna a pensar l&#8217;eternitat. Per a Morell, la idea de l&#8217;eternitat ha de guiar les decisions i eleccions de les persones, perqu\u00e8 seria il\u00b7l\u00f2gic arriscar la consecuci\u00f3 d&#8217;un b\u00e9 etern per un mer gaudi d&#8217;un b\u00e9 ef\u00edmer. L&#8217;escriptura de Juliana navega per les mars del racionalisme i del misticisme, donant-nos la m\u00e0 per a aventurar-nos a sentir en l&#8217;\u00e0nima aquest al\u00e8 d&#8217;eternitat.<\/div><\/div>\n<div class=\"row \"><div class=\"wpv-grid grid-1-1  first unextended\" style=\"padding-top:0px;padding-bottom:0px\" id=\"wpv-column-9589df06bdacb1761fa037279710836d\" ><div class=\"row \"><div class=\"wpv-grid grid-1-1  first unextended\" style=\"padding-top:0px;padding-bottom:0px\" id=\"wpv-column-235ab61d31071f0fc84480e1af3aba3d\" ><h2>La professora:<\/h2><\/div><\/div>\n<div class=\"row \"><div class=\"wpv-grid grid-1-3  first unextended\" style=\"padding-top:0px;padding-bottom:0px\" id=\"wpv-column-44cc9d38f28889a6388d357e4df0830e\" ><div class=\"row \"><div class=\"wpv-grid grid-1-1  first unextended\" style=\"padding-top:0px;padding-bottom:0px\" id=\"wpv-column-c69ec34ffc6e35c7518e0ae747588a8c\" ><p><img loading=\"lazy\" decoding=\"async\" class=\"alignnone wp-image-41686 size-full\" src=\"https:\/\/www.entelequiacultura.com\/wp-content\/uploads\/2024\/09\/Georgina_Rabasso-650.jpg\" alt=\"\" width=\"650\" height=\"650\" srcset=\"https:\/\/www.entelequiacultura.com\/wp-content\/uploads\/2024\/09\/Georgina_Rabasso-650.jpg 650w, https:\/\/www.entelequiacultura.com\/wp-content\/uploads\/2024\/09\/Georgina_Rabasso-650-300x300.jpg 300w, https:\/\/www.entelequiacultura.com\/wp-content\/uploads\/2024\/09\/Georgina_Rabasso-650-150x150.jpg 150w, https:\/\/www.entelequiacultura.com\/wp-content\/uploads\/2024\/09\/Georgina_Rabasso-650-60x60.jpg 60w, https:\/\/www.entelequiacultura.com\/wp-content\/uploads\/2024\/09\/Georgina_Rabasso-650-43x43.jpg 43w, https:\/\/www.entelequiacultura.com\/wp-content\/uploads\/2024\/09\/Georgina_Rabasso-650-106x106.jpg 106w, https:\/\/www.entelequiacultura.com\/wp-content\/uploads\/2024\/09\/Georgina_Rabasso-650-555x555.jpg 555w, https:\/\/www.entelequiacultura.com\/wp-content\/uploads\/2024\/09\/Georgina_Rabasso-650-360x360.jpg 360w, https:\/\/www.entelequiacultura.com\/wp-content\/uploads\/2024\/09\/Georgina_Rabasso-650-262x262.jpg 262w, https:\/\/www.entelequiacultura.com\/wp-content\/uploads\/2024\/09\/Georgina_Rabasso-650-600x600.jpg 600w, https:\/\/www.entelequiacultura.com\/wp-content\/uploads\/2024\/09\/Georgina_Rabasso-650-100x100.jpg 100w\" sizes=\"(max-width: 650px) 100vw, 650px\" \/><\/div><\/div><\/div>\n<div class=\"wpv-grid grid-2-3  unextended\" style=\"padding-top:0px;padding-bottom:0px\" id=\"wpv-column-2ad3c4c9d7ad613165bcfbe8d04acd31\" ><div class=\"row \"><div class=\"wpv-grid grid-1-1  first unextended\" style=\"padding-top:0px;padding-bottom:0px\" id=\"wpv-column-108224e4fc40101633ab5d4fa3f56740\" ><div><\/div>\n<div>\n<p>GEORGINA RABASS\u00d3. Doctora en Filosofia per la Universitat de Barcelona. Investigadora del Seminari Filosofia i G\u00e8nere, de ADHUC \u2013 Centre de Recerca Teoria, G\u00e8nere, Sexualitat, del Grup de Recerca Creaci\u00f3 i Pensament de les Dones, i de la C\u00e0tedra UNESCO Dones, Desenvolupament i Cultures, tots ells en la UB. Directora del projecte de recerca <em>El llegat oblidat de Juliana Morell<\/em>, finan\u00e7at per la Fundaci\u00f3 Mir-Puig, i la seva recerca se centra en la recuperaci\u00f3 del pensament de les fil\u00f2sofes des de l&#8217;edat mitjana fins a la primera modernitat. En particular tracta temes de cosmologia, dial\u00e8ctica i er\u00f2tica i el concepte d&#8217;imaginaci\u00f3 cient\u00edfica. Ha realitzat estades de recerca en les universitats d&#8217;Harvard, Berl\u00edn, Friburg, Trier i Porto, entre altres. \u00c9s autora de <em>La traducci\u00f3n como conversaci\u00f3n espiritual: Juliana Morell<\/em>\u00a0(2022),\u00a0<em>La cosmolog\u00eda on\u00edrica, filos\u00f3fica y pol\u00edtica de Christine de Piz\u00e1n<\/em>\u00a0(2022),\u00a0<em>Medieval Women Reasoners: On Dialectics<\/em>\u00a0(2022),<em>\u00a0Filosofe \/ pensatrici. Mettere in discussione il canone<\/em>\u00a0(con Rosa Rius Gatell, 2021),\u00a0<em>Diotima de Mantinea: er\u00f3tica y filosof\u00eda en la tradici\u00f3n del pensamiento femenino<\/em>\u00a0(2020),<em>\u00a0Atenci\u00f3n, contemplaci\u00f3n, vac\u00edo. Iris Murdoch, lectora de Simone Weil<\/em>\u00a0(2016) y\u00a0<em>El cielo y la tierra en el Hortus deliciarum de Herrada de Hohenbourg<\/em> (2013). Ha publicat el llibre <em>El universo viviente de Hildegarda de Bingen. Perspectivas filos\u00f3ficas<\/em> (Premi Rafael Patxot y Jubert, 2018) y ha coeditat<em>\u00a0Spaces of Knowledge: Four Dimensions of Medieval Thought<\/em>\u00a0(2014).<\/div><\/div><\/div><\/div><\/div><\/div><\/div><\/div>\n<div class=\"wpv-grid grid-1-3  wpv-first-level unextended\" style=\"padding-top:0px;padding-bottom:0px\" id=\"wpv-column-ed3204861fbe045dd969657bcded7cc9\" ><div class=\"row \"><div class=\"wpv-grid grid-1-1  first has-background unextended\" style=\"background-color:#e2dfdf;padding-top:0px;padding-bottom:0px\" id=\"wpv-column-56c25c8344046a49c8cd72546f1eea36\" ><style>#wpv-column-56c25c8344046a49c8cd72546f1eea36 p,#wpv-column-56c25c8344046a49c8cd72546f1eea36 em,#wpv-column-56c25c8344046a49c8cd72546f1eea36 .column-title,#wpv-column-56c25c8344046a49c8cd72546f1eea36 .sep-text h2.regular-title-wrapper,#wpv-column-56c25c8344046a49c8cd72546f1eea36 .text-divider-double,#wpv-column-56c25c8344046a49c8cd72546f1eea36 .sep-text .sep-text-line,#wpv-column-56c25c8344046a49c8cd72546f1eea36 .sep,#wpv-column-56c25c8344046a49c8cd72546f1eea36 .sep-2,#wpv-column-56c25c8344046a49c8cd72546f1eea36 .sep-3{color:#665c5c;}#wpv-column-56c25c8344046a49c8cd72546f1eea36:before{background-color:transparent;}<\/style>\t\t<div class=\"sep-text single centered\">\n\t\t\t\t\t\t\t<span class=\"sep-text-before\"><div class=\"sep-text-line\"><\/div><\/span>\n\t\t\t\t\t\t<div class=\"content\">\n\t\t\t\t<h2 class=\"text-divider-double\">\nDetalls<\/h2>\t\t\t<\/div>\n\t\t\t<span class=\"sep-text-after\"><div class=\"sep-text-line\"><\/div><\/span>\n\t\t\t\t\t<\/div>\n\t\n<div class=\"row \"><div class=\"wpv-grid grid-1-1  first unextended\" style=\"padding-top:0px;padding-bottom:0px\" id=\"wpv-column-85ebc341833b8845991d5dc46c630b94\" ><p style=\"font-weight: 400; text-align: center;\">Si vols rebre informaci\u00f3 sobre nous esdeveniments, subscriu-te al nostre butllet\u00ed informatiu<\/p>\n<p style=\"font-weight: 400; text-align: center;\"><a href=\"https:\/\/www.entelequiacultura.com\/ca\/butlleti-informatiu-2\/\" target=\"_self\" style='font-size: 20px;' class=\"button vamtam-button accent1  btn_inscripcion button-filled hover-accent1  alignleft\"><span class=\"btext\">Subscriu-te!!<\/span><\/a>\n<p style=\"font-weight: 400; text-align: center;\">hola@entelequiacultura.com<\/div><\/div>\n<div class=\"row \"><div class=\"wpv-grid grid-1-1  first unextended\" style=\"padding-top:0px;padding-bottom:0px\" id=\"wpv-column-e5731533024c177f5b05bbe7a6f9c2da\" ><\/div><\/div><\/div><\/div><\/div><\/div>\n","protected":false},"excerpt":{"rendered":"<p>Descripci\u00f3 del seminari: Per a reflexionar, sovint, ens servim d&#8217;imatges i met\u00e0fores visuals que expandeixen els dominis del coneixement. Durant segles, la geometria ha estat, i ho \u00e9s encara, el&#8230;<\/p>\n","protected":false},"author":1,"featured_media":42020,"template":"","meta":{"_price":"","_stock":"","_tribe_ticket_header":"","_tribe_default_ticket_provider":"","_tribe_ticket_capacity":"0","_ticket_start_date":"","_ticket_end_date":"","_tribe_ticket_show_description":"","_tribe_ticket_show_not_going":false,"_tribe_ticket_use_global_stock":"","_tribe_ticket_global_stock_level":"","_global_stock_mode":"","_global_stock_cap":"","_tribe_rsvp_for_event":"","_tribe_ticket_going_count":"","_tribe_ticket_not_going_count":"","_tribe_tickets_list":"[]","_tribe_ticket_has_attendee_info_fields":false,"_tribe_events_status":"","_tribe_events_status_reason":"","footnotes":"","_tec_slr_enabled":"","_tec_slr_layout":""},"tags":[],"tribe_events_cat":[558,188],"class_list":["post-42018","tribe_events","type-tribe_events","status-publish","has-post-thumbnail","hentry","tribe_events_cat-activitats-bcn","tribe_events_cat-pensament","cat_activitats-bcn","cat_pensament"],"aioseo_notices":[],"ticketed":false,"_links":{"self":[{"href":"https:\/\/www.entelequiacultura.com\/ca\/wp-json\/wp\/v2\/tribe_events\/42018","targetHints":{"allow":["GET"]}}],"collection":[{"href":"https:\/\/www.entelequiacultura.com\/ca\/wp-json\/wp\/v2\/tribe_events"}],"about":[{"href":"https:\/\/www.entelequiacultura.com\/ca\/wp-json\/wp\/v2\/types\/tribe_events"}],"author":[{"embeddable":true,"href":"https:\/\/www.entelequiacultura.com\/ca\/wp-json\/wp\/v2\/users\/1"}],"version-history":[{"count":0,"href":"https:\/\/www.entelequiacultura.com\/ca\/wp-json\/wp\/v2\/tribe_events\/42018\/revisions"}],"wp:featuredmedia":[{"embeddable":true,"href":"https:\/\/www.entelequiacultura.com\/ca\/wp-json\/wp\/v2\/media\/42020"}],"wp:attachment":[{"href":"https:\/\/www.entelequiacultura.com\/ca\/wp-json\/wp\/v2\/media?parent=42018"}],"wp:term":[{"taxonomy":"post_tag","embeddable":true,"href":"https:\/\/www.entelequiacultura.com\/ca\/wp-json\/wp\/v2\/tags?post=42018"},{"taxonomy":"tribe_events_cat","embeddable":true,"href":"https:\/\/www.entelequiacultura.com\/ca\/wp-json\/wp\/v2\/tribe_events_cat?post=42018"}],"curies":[{"name":"wp","href":"https:\/\/api.w.org\/{rel}","templated":true}]}}

GEOMETRIES DELS TEMPS I L&#8217;ETERNITAT. Agustí d&#8217;Hipona i Juliana Morell (Georgina Rabassó)

<div class="row "><div class="wpv-grid grid-2-3  wpv-first-level first unextended" style="padding-top:0px;padding-bottom:0px" id="wpv-column-c66461f9cebc191a03505f02619de612" ><div class="row "><div class="wpv-grid grid-1-1  first unextended" style="padding-top:0px;padding-bottom:0px" id="wpv-column-e33d5f397c91acc6b8e5fc722827b567" ><h2><strong>Descripció del seminari:</strong></h2>
<p>Per a reflexionar, sovint, ens servim d&#8217;imatges i metàfores visuals que expandeixen els dominis del coneixement. Durant segles, la geometria ha estat, i ho és encara, el compàs per a dibuixar els traços inicials d&#8217;un argument filosòfic.</p>
<p>En aquest seminari analitzarem, mitjançant la metàfora del cercle i el diàmetre, els conceptes d&#8217;eternitat i temps segons el llibre <em>Confessions</em> d&#8217;Agustín de Hipona (354-430) i en els <em>Exercicis espirituals sobre l&#8217;eternitat</em> de Juliana Morell (1594-1653).</p>
<p>Agustín afirma que Déu va crear alhora el temps i el món, de manera que tot el que existeix és un mer arrap en l&#8217;eternitat. El llenguatge humà està subjecte a la temporalitat, perquè sense temps les lletres, síl·labes i paraules no podrien succeir-se. I, a més, aquest filòsof va subratllar la paradoxal connexió entre el present (l&#8217;únic temps que realment és i que, alhora, està llançat constantment a no ser) i l&#8217;eternitat, entesa com un present continu.</p>
<p>A les portes de la modernitat, la pensadora barcelonina i avinyonesa Juliana Morell va dedicar la seva obra magna a pensar l&#8217;eternitat. Per a Morell, la idea de l&#8217;eternitat ha de guiar les decisions i eleccions de les persones, perquè seria il·lògic arriscar la consecució d&#8217;un bé etern per un mer gaudi d&#8217;un bé efímer. L&#8217;escriptura de Juliana navega per les mars del racionalisme i del misticisme, donant-nos la mà per a aventurar-nos a sentir en l&#8217;ànima aquest alè d&#8217;eternitat.</div></div>
<div class="row "><div class="wpv-grid grid-1-1  first unextended" style="padding-top:0px;padding-bottom:0px" id="wpv-column-9589df06bdacb1761fa037279710836d" ><div class="row "><div class="wpv-grid grid-1-1  first unextended" style="padding-top:0px;padding-bottom:0px" id="wpv-column-235ab61d31071f0fc84480e1af3aba3d" ><h2>La professora:</h2></div></div>
<div class="row "><div class="wpv-grid grid-1-3  first unextended" style="padding-top:0px;padding-bottom:0px" id="wpv-column-44cc9d38f28889a6388d357e4df0830e" ><div class="row "><div class="wpv-grid grid-1-1  first unextended" style="padding-top:0px;padding-bottom:0px" id="wpv-column-c69ec34ffc6e35c7518e0ae747588a8c" ><p><img loading="lazy" decoding="async" class="alignnone wp-image-41686 size-full" src="https://www.entelequiacultura.com/wp-content/uploads/2024/09/Georgina_Rabasso-650.jpg" alt="" width="650" height="650" srcset="https://www.entelequiacultura.com/wp-content/uploads/2024/09/Georgina_Rabasso-650.jpg 650w, https://www.entelequiacultura.com/wp-content/uploads/2024/09/Georgina_Rabasso-650-300x300.jpg 300w, https://www.entelequiacultura.com/wp-content/uploads/2024/09/Georgina_Rabasso-650-150x150.jpg 150w, https://www.entelequiacultura.com/wp-content/uploads/2024/09/Georgina_Rabasso-650-60x60.jpg 60w, https://www.entelequiacultura.com/wp-content/uploads/2024/09/Georgina_Rabasso-650-43x43.jpg 43w, https://www.entelequiacultura.com/wp-content/uploads/2024/09/Georgina_Rabasso-650-106x106.jpg 106w, https://www.entelequiacultura.com/wp-content/uploads/2024/09/Georgina_Rabasso-650-555x555.jpg 555w, https://www.entelequiacultura.com/wp-content/uploads/2024/09/Georgina_Rabasso-650-360x360.jpg 360w, https://www.entelequiacultura.com/wp-content/uploads/2024/09/Georgina_Rabasso-650-262x262.jpg 262w, https://www.entelequiacultura.com/wp-content/uploads/2024/09/Georgina_Rabasso-650-600x600.jpg 600w, https://www.entelequiacultura.com/wp-content/uploads/2024/09/Georgina_Rabasso-650-100x100.jpg 100w" sizes="(max-width: 650px) 100vw, 650px" /></div></div></div>
<div class="wpv-grid grid-2-3  unextended" style="padding-top:0px;padding-bottom:0px" id="wpv-column-2ad3c4c9d7ad613165bcfbe8d04acd31" ><div class="row "><div class="wpv-grid grid-1-1  first unextended" style="padding-top:0px;padding-bottom:0px" id="wpv-column-108224e4fc40101633ab5d4fa3f56740" ><div></div>
<div>
<p>GEORGINA RABASSÓ. Doctora en Filosofia per la Universitat de Barcelona. Investigadora del Seminari Filosofia i Gènere, de ADHUC – Centre de Recerca Teoria, Gènere, Sexualitat, del Grup de Recerca Creació i Pensament de les Dones, i de la Càtedra UNESCO Dones, Desenvolupament i Cultures, tots ells en la UB. Directora del projecte de recerca <em>El llegat oblidat de Juliana Morell</em>, finançat per la Fundació Mir-Puig, i la seva recerca se centra en la recuperació del pensament de les filòsofes des de l&#8217;edat mitjana fins a la primera modernitat. En particular tracta temes de cosmologia, dialèctica i eròtica i el concepte d&#8217;imaginació científica. Ha realitzat estades de recerca en les universitats d&#8217;Harvard, Berlín, Friburg, Trier i Porto, entre altres. És autora de <em>La traducción como conversación espiritual: Juliana Morell</em> (2022), <em>La cosmología onírica, filosófica y política de Christine de Pizán</em> (2022), <em>Medieval Women Reasoners: On Dialectics</em> (2022),<em> Filosofe / pensatrici. Mettere in discussione il canone</em> (con Rosa Rius Gatell, 2021), <em>Diotima de Mantinea: erótica y filosofía en la tradición del pensamiento femenino</em> (2020),<em> Atención, contemplación, vacío. Iris Murdoch, lectora de Simone Weil</em> (2016) y <em>El cielo y la tierra en el Hortus deliciarum de Herrada de Hohenbourg</em> (2013). Ha publicat el llibre <em>El universo viviente de Hildegarda de Bingen. Perspectivas filosóficas</em> (Premi Rafael Patxot y Jubert, 2018) y ha coeditat<em> Spaces of Knowledge: Four Dimensions of Medieval Thought</em> (2014).</div></div></div></div></div></div></div></div>
<div class="wpv-grid grid-1-3  wpv-first-level unextended" style="padding-top:0px;padding-bottom:0px" id="wpv-column-ed3204861fbe045dd969657bcded7cc9" ><div class="row "><div class="wpv-grid grid-1-1  first has-background unextended" style="background-color:#e2dfdf;padding-top:0px;padding-bottom:0px" id="wpv-column-56c25c8344046a49c8cd72546f1eea36" ><style>#wpv-column-56c25c8344046a49c8cd72546f1eea36 p,#wpv-column-56c25c8344046a49c8cd72546f1eea36 em,#wpv-column-56c25c8344046a49c8cd72546f1eea36 .column-title,#wpv-column-56c25c8344046a49c8cd72546f1eea36 .sep-text h2.regular-title-wrapper,#wpv-column-56c25c8344046a49c8cd72546f1eea36 .text-divider-double,#wpv-column-56c25c8344046a49c8cd72546f1eea36 .sep-text .sep-text-line,#wpv-column-56c25c8344046a49c8cd72546f1eea36 .sep,#wpv-column-56c25c8344046a49c8cd72546f1eea36 .sep-2,#wpv-column-56c25c8344046a49c8cd72546f1eea36 .sep-3{color:#665c5c;}#wpv-column-56c25c8344046a49c8cd72546f1eea36:before{background-color:transparent;}</style>		<div class="sep-text single centered">
							<span class="sep-text-before"><div class="sep-text-line"></div></span>
						<div class="content">
				<h2 class="text-divider-double">
Detalls</h2>			</div>
			<span class="sep-text-after"><div class="sep-text-line"></div></span>
					</div>
	
<div class="row "><div class="wpv-grid grid-1-1  first unextended" style="padding-top:0px;padding-bottom:0px" id="wpv-column-85ebc341833b8845991d5dc46c630b94" ><p style="font-weight: 400; text-align: center;">Si vols rebre informació sobre nous esdeveniments, subscriu-te al nostre butlletí informatiu</p>
<p style="font-weight: 400; text-align: center;"><a href="https://www.entelequiacultura.com/ca/butlleti-informatiu-2/" target="_self" style='font-size: 20px;' class="button vamtam-button accent1  btn_inscripcion button-filled hover-accent1  alignleft"><span class="btext">Subscriu-te!!</span></a>
<p style="font-weight: 400; text-align: center;">hola@entelequiacultura.com</div></div>
<div class="row "><div class="wpv-grid grid-1-1  first unextended" style="padding-top:0px;padding-bottom:0px" id="wpv-column-e5731533024c177f5b05bbe7a6f9c2da" ></div></div></div></div></div></div>

<p>Descripció del seminari: Per a reflexionar, sovint, ens servim d&#8217;imatges i metàfores visuals que expandeixen els dominis del coneixement. Durant segles, la geometria ha estat, i ho és encara, el&#8230;</p>
