{"id":40685,"date":"2024-02-23T11:46:54","date_gmt":"2024-02-23T10:46:54","guid":{"rendered":"https:\/\/www.entelequiacultura.com\/?post_type=tribe_events&#038;p=40685"},"modified":"2024-05-06T18:28:08","modified_gmt":"2024-05-06T16:28:08","slug":"seminari-mario-satz-2","status":"publish","type":"tribe_events","link":"https:\/\/www.entelequiacultura.com\/ca\/esdeveniment\/seminari-mario-satz-2\/","title":{"rendered":"ELS OR\u00cdGENS EGIPCIS DE LA K\u00c0BALA (Seminari amb Mario Satz)"},"content":{"rendered":"<div class=\"row \"><div class=\"wpv-grid grid-2-3  wpv-first-level first unextended\" style=\"padding-top:0px;padding-bottom:0px\" id=\"wpv-column-03f73537fcc8612e8bc962c1beedebb0\" ><div class=\"row \"><div class=\"wpv-grid grid-1-1  first unextended\" style=\"padding-top:0px;padding-bottom:0px\" id=\"wpv-column-4f81ea68847adad058346e42156ced23\" ><p><strong>Descripci\u00f3:<\/strong><\/p>\n<p>Mare de Gr\u00e8cia i Israel, la terra eg\u00edpcia ha fecundat al llarg dels segles a totes les cultures mediterr\u00e0nies. Inventors del papir i el lli, diversos efectius medicaments, i creadors de la geometria que ens va transmetre Pit\u00e0gores, els egipcis van ser els mestres de Mois\u00e8s, qui, al seu torn, va passar al poble d&#8217;Israel els misteriosos trenta-dos camins de saviesa de la K\u00e1bala. Compr\u00e8s aquest origen, s&#8217;entenen, fins i tot a una dist\u00e0ncia de segles, als m\u00edstics flamencs i sobretot als espanyols, a la llum de la iniciaci\u00f3 que tracta del naixement de l&#8217;\u00e0nima de l&#8217;\u00e9sser hum\u00e0, el seu lloc i la seva elevada destinaci\u00f3.<\/div><\/div>\n<div class=\"row \"><div class=\"wpv-grid grid-1-1  first unextended\" style=\"padding-top:0px;padding-bottom:0px\" id=\"wpv-column-b1ac2aaecc47292b83544a8d35c674fe\" ><div class=\"row \"><div class=\"wpv-grid grid-1-1  first unextended\" style=\"padding-top:0px;padding-bottom:0px\" id=\"wpv-column-d2572ce7ae5b086d317aa72f3dcb6c65\" ><h2>El professor:<\/h2><\/div><\/div>\n<div class=\"row \"><div class=\"wpv-grid grid-1-3  first unextended\" style=\"padding-top:0px;padding-bottom:0px\" id=\"wpv-column-9cfc1492ec59ad460c958eb85ace6ed9\" ><div class=\"row \"><div class=\"wpv-grid grid-1-1  first unextended\" style=\"padding-top:0px;padding-bottom:0px\" id=\"wpv-column-f4f1c4ee3da678c6a112317b8159ed64\" ><p><img loading=\"lazy\" decoding=\"async\" class=\"alignnone wp-image-40479 size-full\" src=\"https:\/\/www.entelequiacultura.com\/wp-content\/uploads\/2024\/01\/Mario-Satz.jpeg\" alt=\"\" width=\"650\" height=\"650\" srcset=\"https:\/\/www.entelequiacultura.com\/wp-content\/uploads\/2024\/01\/Mario-Satz.jpeg 650w, https:\/\/www.entelequiacultura.com\/wp-content\/uploads\/2024\/01\/Mario-Satz-300x300.jpeg 300w, https:\/\/www.entelequiacultura.com\/wp-content\/uploads\/2024\/01\/Mario-Satz-150x150.jpeg 150w, https:\/\/www.entelequiacultura.com\/wp-content\/uploads\/2024\/01\/Mario-Satz-60x60.jpeg 60w, https:\/\/www.entelequiacultura.com\/wp-content\/uploads\/2024\/01\/Mario-Satz-43x43.jpeg 43w, https:\/\/www.entelequiacultura.com\/wp-content\/uploads\/2024\/01\/Mario-Satz-106x106.jpeg 106w, https:\/\/www.entelequiacultura.com\/wp-content\/uploads\/2024\/01\/Mario-Satz-555x555.jpeg 555w, https:\/\/www.entelequiacultura.com\/wp-content\/uploads\/2024\/01\/Mario-Satz-360x360.jpeg 360w, https:\/\/www.entelequiacultura.com\/wp-content\/uploads\/2024\/01\/Mario-Satz-262x262.jpeg 262w, https:\/\/www.entelequiacultura.com\/wp-content\/uploads\/2024\/01\/Mario-Satz-600x600.jpeg 600w, https:\/\/www.entelequiacultura.com\/wp-content\/uploads\/2024\/01\/Mario-Satz-100x100.jpeg 100w\" sizes=\"(max-width: 650px) 100vw, 650px\" \/><\/div><\/div><\/div>\n<div class=\"wpv-grid grid-2-3  unextended\" style=\"padding-top:0px;padding-bottom:0px\" id=\"wpv-column-4b5c4434639fdd0d9acc8e4b8c87adf4\" ><div class=\"row \"><div class=\"wpv-grid grid-1-1  first unextended\" style=\"padding-top:0px;padding-bottom:0px\" id=\"wpv-column-3bde20113d5ee998b3cc28a9b33396ea\" ><p>MARIO SATZ (Coronel Pringles, Buenos Aires) \u00e9s fil\u00f2leg, escriptor i traductor. Despr\u00e9s de cursar estudis a l&#8217;Argentina, va realitzar llargs viatges per Sud-am\u00e8rica, els Estats Units i Europa. Entre 1970 i 1973 va viure a Jerusalem, on va estudiar la K\u00e1bala, la B\u00edblia i antropologia i hist\u00f2ria d&#8217;Orient Mitj\u00e0. En 1977 va rebre una beca del govern itali\u00e0 per a investigar l&#8217;obra de l&#8217;humanista Pico della Mirandola. Col\u00b7labora ass\u00edduament en nombroses revistes espanyoles i americanes. Ha publicat poemaris, novel\u00b7les i nombrosos assajos.\u00a0Entre altres t\u00edtols, ha publicat \u00abEl secreto de la miel\u00bb (Huerga Fierro), \u00abBudai. El buda de la risa\u00bb (RBA), \u00abEl abanico de las especies\u00bb (Pre-textos), \u00ab\u00bfQu\u00e9 es la K\u00e1bala?\u00bb(Kair\u00f3s), \u00abEl cantar de los cantares. El aroma del amor\u00bb (Kair\u00f3s), \u00abBreve tratado del a soledad\u00bb (Kair\u00f3s) \u00abPeque\u00f1os para\u00edsos\u00bb (Acantilado), \u00abEl alfabeto alado\u00bb (Acantilado) i \u00abBibliotecas imaginarias\u00bb (Acantilado).<\/div><\/div><\/div><\/div><\/div><\/div><\/div>\n<div class=\"wpv-grid grid-1-3  wpv-first-level unextended\" style=\"padding-top:0px;padding-bottom:0px\" id=\"wpv-column-e82b5f3069950994cc6bf833dc95c708\" ><div class=\"row \"><div class=\"wpv-grid grid-1-1  first has-background unextended\" style=\"background-color:#e2dfdf;padding-top:0px;padding-bottom:0px\" id=\"wpv-column-b670706f8b5fea6e0cfb25037aa34bfc\" ><style>#wpv-column-b670706f8b5fea6e0cfb25037aa34bfc p,#wpv-column-b670706f8b5fea6e0cfb25037aa34bfc em,#wpv-column-b670706f8b5fea6e0cfb25037aa34bfc .column-title,#wpv-column-b670706f8b5fea6e0cfb25037aa34bfc .sep-text h2.regular-title-wrapper,#wpv-column-b670706f8b5fea6e0cfb25037aa34bfc .text-divider-double,#wpv-column-b670706f8b5fea6e0cfb25037aa34bfc .sep-text .sep-text-line,#wpv-column-b670706f8b5fea6e0cfb25037aa34bfc .sep,#wpv-column-b670706f8b5fea6e0cfb25037aa34bfc .sep-2,#wpv-column-b670706f8b5fea6e0cfb25037aa34bfc .sep-3{color:#665c5c;}#wpv-column-b670706f8b5fea6e0cfb25037aa34bfc:before{background-color:transparent;}<\/style>\t\t<div class=\"sep-text single centered\">\n\t\t\t\t\t\t\t<span class=\"sep-text-before\"><div class=\"sep-text-line\"><\/div><\/span>\n\t\t\t\t\t\t<div class=\"content\">\n\t\t\t\t<h2 class=\"text-divider-double\">\nDetalls<\/h2>\t\t\t<\/div>\n\t\t\t<span class=\"sep-text-after\"><div class=\"sep-text-line\"><\/div><\/span>\n\t\t\t\t\t<\/div>\n\t\n<div class=\"row \"><div class=\"wpv-grid grid-1-1  first unextended\" style=\"padding-top:0px;padding-bottom:0px\" id=\"wpv-column-d045a74987df4d4cffeeaf1c292b2bb9\" ><p style=\"font-weight: 400; text-align: center;\">Si vols rebre informaci\u00f3 sobre nous esdeveniments, subscriu-te al nostre butllet\u00ed informatiu<\/p>\n<p style=\"font-weight: 400; text-align: center;\"><a href=\"https:\/\/www.entelequiacultura.com\/ca\/butlleti-informatiu-2\/\" target=\"_self\" style='font-size: 20px;' class=\"button vamtam-button accent1  btn_inscripcion button-filled hover-accent1  alignleft\"><span class=\"btext\">Subscriu-te!!<\/span><\/a>\n<p style=\"font-weight: 400; text-align: center;\">hola@entelequiacultura.com<\/p>\n<h3 style=\"text-align: center;\"><\/h3><\/div><\/div>\n<div class=\"row \"><div class=\"wpv-grid grid-1-1  first unextended\" style=\"padding-top:0px;padding-bottom:0px\" id=\"wpv-column-d40e8f6c53d3ab74816fcf5b8c794fd2\" ><\/div><\/div><\/div><\/div><\/div><\/div>\n","protected":false},"excerpt":{"rendered":"<p>Descripci\u00f3: Mare de Gr\u00e8cia i Israel, la terra eg\u00edpcia ha fecundat al llarg dels segles a totes les cultures mediterr\u00e0nies. Inventors del papir i el lli, diversos efectius medicaments, i&#8230;<\/p>\n","protected":false},"author":1,"featured_media":40688,"template":"","meta":{"_price":"","_stock":"","_tribe_ticket_header":"","_tribe_default_ticket_provider":"","_tribe_ticket_capacity":"0","_ticket_start_date":"","_ticket_end_date":"","_tribe_ticket_show_description":"","_tribe_ticket_show_not_going":false,"_tribe_ticket_use_global_stock":"","_tribe_ticket_global_stock_level":"","_global_stock_mode":"","_global_stock_cap":"","_tribe_rsvp_for_event":"","_tribe_ticket_going_count":"","_tribe_ticket_not_going_count":"","_tribe_tickets_list":"[]","_tribe_ticket_has_attendee_info_fields":false,"_tribe_events_status":"","_tribe_events_status_reason":"","footnotes":"","_tec_slr_enabled":"","_tec_slr_layout":""},"tags":[],"tribe_events_cat":[558],"class_list":["post-40685","tribe_events","type-tribe_events","status-publish","has-post-thumbnail","hentry","tribe_events_cat-activitats-bcn","cat_activitats-bcn"],"aioseo_notices":[],"ticketed":false,"_links":{"self":[{"href":"https:\/\/www.entelequiacultura.com\/ca\/wp-json\/wp\/v2\/tribe_events\/40685","targetHints":{"allow":["GET"]}}],"collection":[{"href":"https:\/\/www.entelequiacultura.com\/ca\/wp-json\/wp\/v2\/tribe_events"}],"about":[{"href":"https:\/\/www.entelequiacultura.com\/ca\/wp-json\/wp\/v2\/types\/tribe_events"}],"author":[{"embeddable":true,"href":"https:\/\/www.entelequiacultura.com\/ca\/wp-json\/wp\/v2\/users\/1"}],"version-history":[{"count":0,"href":"https:\/\/www.entelequiacultura.com\/ca\/wp-json\/wp\/v2\/tribe_events\/40685\/revisions"}],"wp:featuredmedia":[{"embeddable":true,"href":"https:\/\/www.entelequiacultura.com\/ca\/wp-json\/wp\/v2\/media\/40688"}],"wp:attachment":[{"href":"https:\/\/www.entelequiacultura.com\/ca\/wp-json\/wp\/v2\/media?parent=40685"}],"wp:term":[{"taxonomy":"post_tag","embeddable":true,"href":"https:\/\/www.entelequiacultura.com\/ca\/wp-json\/wp\/v2\/tags?post=40685"},{"taxonomy":"tribe_events_cat","embeddable":true,"href":"https:\/\/www.entelequiacultura.com\/ca\/wp-json\/wp\/v2\/tribe_events_cat?post=40685"}],"curies":[{"name":"wp","href":"https:\/\/api.w.org\/{rel}","templated":true}]}}

ELS ORÍGENS EGIPCIS DE LA KÀBALA (Seminari amb Mario Satz)

<div class="row "><div class="wpv-grid grid-2-3  wpv-first-level first unextended" style="padding-top:0px;padding-bottom:0px" id="wpv-column-03f73537fcc8612e8bc962c1beedebb0" ><div class="row "><div class="wpv-grid grid-1-1  first unextended" style="padding-top:0px;padding-bottom:0px" id="wpv-column-4f81ea68847adad058346e42156ced23" ><p><strong>Descripció:</strong></p>
<p>Mare de Grècia i Israel, la terra egípcia ha fecundat al llarg dels segles a totes les cultures mediterrànies. Inventors del papir i el lli, diversos efectius medicaments, i creadors de la geometria que ens va transmetre Pitàgores, els egipcis van ser els mestres de Moisès, qui, al seu torn, va passar al poble d&#8217;Israel els misteriosos trenta-dos camins de saviesa de la Kábala. Comprès aquest origen, s&#8217;entenen, fins i tot a una distància de segles, als místics flamencs i sobretot als espanyols, a la llum de la iniciació que tracta del naixement de l&#8217;ànima de l&#8217;ésser humà, el seu lloc i la seva elevada destinació.</div></div>
<div class="row "><div class="wpv-grid grid-1-1  first unextended" style="padding-top:0px;padding-bottom:0px" id="wpv-column-b1ac2aaecc47292b83544a8d35c674fe" ><div class="row "><div class="wpv-grid grid-1-1  first unextended" style="padding-top:0px;padding-bottom:0px" id="wpv-column-d2572ce7ae5b086d317aa72f3dcb6c65" ><h2>El professor:</h2></div></div>
<div class="row "><div class="wpv-grid grid-1-3  first unextended" style="padding-top:0px;padding-bottom:0px" id="wpv-column-9cfc1492ec59ad460c958eb85ace6ed9" ><div class="row "><div class="wpv-grid grid-1-1  first unextended" style="padding-top:0px;padding-bottom:0px" id="wpv-column-f4f1c4ee3da678c6a112317b8159ed64" ><p><img loading="lazy" decoding="async" class="alignnone wp-image-40479 size-full" src="https://www.entelequiacultura.com/wp-content/uploads/2024/01/Mario-Satz.jpeg" alt="" width="650" height="650" srcset="https://www.entelequiacultura.com/wp-content/uploads/2024/01/Mario-Satz.jpeg 650w, https://www.entelequiacultura.com/wp-content/uploads/2024/01/Mario-Satz-300x300.jpeg 300w, https://www.entelequiacultura.com/wp-content/uploads/2024/01/Mario-Satz-150x150.jpeg 150w, https://www.entelequiacultura.com/wp-content/uploads/2024/01/Mario-Satz-60x60.jpeg 60w, https://www.entelequiacultura.com/wp-content/uploads/2024/01/Mario-Satz-43x43.jpeg 43w, https://www.entelequiacultura.com/wp-content/uploads/2024/01/Mario-Satz-106x106.jpeg 106w, https://www.entelequiacultura.com/wp-content/uploads/2024/01/Mario-Satz-555x555.jpeg 555w, https://www.entelequiacultura.com/wp-content/uploads/2024/01/Mario-Satz-360x360.jpeg 360w, https://www.entelequiacultura.com/wp-content/uploads/2024/01/Mario-Satz-262x262.jpeg 262w, https://www.entelequiacultura.com/wp-content/uploads/2024/01/Mario-Satz-600x600.jpeg 600w, https://www.entelequiacultura.com/wp-content/uploads/2024/01/Mario-Satz-100x100.jpeg 100w" sizes="(max-width: 650px) 100vw, 650px" /></div></div></div>
<div class="wpv-grid grid-2-3  unextended" style="padding-top:0px;padding-bottom:0px" id="wpv-column-4b5c4434639fdd0d9acc8e4b8c87adf4" ><div class="row "><div class="wpv-grid grid-1-1  first unextended" style="padding-top:0px;padding-bottom:0px" id="wpv-column-3bde20113d5ee998b3cc28a9b33396ea" ><p>MARIO SATZ (Coronel Pringles, Buenos Aires) és filòleg, escriptor i traductor. Després de cursar estudis a l&#8217;Argentina, va realitzar llargs viatges per Sud-amèrica, els Estats Units i Europa. Entre 1970 i 1973 va viure a Jerusalem, on va estudiar la Kábala, la Bíblia i antropologia i història d&#8217;Orient Mitjà. En 1977 va rebre una beca del govern italià per a investigar l&#8217;obra de l&#8217;humanista Pico della Mirandola. Col·labora assíduament en nombroses revistes espanyoles i americanes. Ha publicat poemaris, novel·les i nombrosos assajos. Entre altres títols, ha publicat «El secreto de la miel» (Huerga Fierro), «Budai. El buda de la risa» (RBA), «El abanico de las especies» (Pre-textos), «¿Qué es la Kábala?»(Kairós), «El cantar de los cantares. El aroma del amor» (Kairós), «Breve tratado del a soledad» (Kairós) «Pequeños paraísos» (Acantilado), «El alfabeto alado» (Acantilado) i «Bibliotecas imaginarias» (Acantilado).</div></div></div></div></div></div></div>
<div class="wpv-grid grid-1-3  wpv-first-level unextended" style="padding-top:0px;padding-bottom:0px" id="wpv-column-e82b5f3069950994cc6bf833dc95c708" ><div class="row "><div class="wpv-grid grid-1-1  first has-background unextended" style="background-color:#e2dfdf;padding-top:0px;padding-bottom:0px" id="wpv-column-b670706f8b5fea6e0cfb25037aa34bfc" ><style>#wpv-column-b670706f8b5fea6e0cfb25037aa34bfc p,#wpv-column-b670706f8b5fea6e0cfb25037aa34bfc em,#wpv-column-b670706f8b5fea6e0cfb25037aa34bfc .column-title,#wpv-column-b670706f8b5fea6e0cfb25037aa34bfc .sep-text h2.regular-title-wrapper,#wpv-column-b670706f8b5fea6e0cfb25037aa34bfc .text-divider-double,#wpv-column-b670706f8b5fea6e0cfb25037aa34bfc .sep-text .sep-text-line,#wpv-column-b670706f8b5fea6e0cfb25037aa34bfc .sep,#wpv-column-b670706f8b5fea6e0cfb25037aa34bfc .sep-2,#wpv-column-b670706f8b5fea6e0cfb25037aa34bfc .sep-3{color:#665c5c;}#wpv-column-b670706f8b5fea6e0cfb25037aa34bfc:before{background-color:transparent;}</style>		<div class="sep-text single centered">
							<span class="sep-text-before"><div class="sep-text-line"></div></span>
						<div class="content">
				<h2 class="text-divider-double">
Detalls</h2>			</div>
			<span class="sep-text-after"><div class="sep-text-line"></div></span>
					</div>
	
<div class="row "><div class="wpv-grid grid-1-1  first unextended" style="padding-top:0px;padding-bottom:0px" id="wpv-column-d045a74987df4d4cffeeaf1c292b2bb9" ><p style="font-weight: 400; text-align: center;">Si vols rebre informació sobre nous esdeveniments, subscriu-te al nostre butlletí informatiu</p>
<p style="font-weight: 400; text-align: center;"><a href="https://www.entelequiacultura.com/ca/butlleti-informatiu-2/" target="_self" style='font-size: 20px;' class="button vamtam-button accent1  btn_inscripcion button-filled hover-accent1  alignleft"><span class="btext">Subscriu-te!!</span></a>
<p style="font-weight: 400; text-align: center;">hola@entelequiacultura.com</p>
<h3 style="text-align: center;"></h3></div></div>
<div class="row "><div class="wpv-grid grid-1-1  first unextended" style="padding-top:0px;padding-bottom:0px" id="wpv-column-d40e8f6c53d3ab74816fcf5b8c794fd2" ></div></div></div></div></div></div>

<p>Descripció: Mare de Grècia i Israel, la terra egípcia ha fecundat al llarg dels segles a totes les cultures mediterrànies. Inventors del papir i el lli, diversos efectius medicaments, i&#8230;</p>
