{"id":38442,"date":"2023-03-06T08:59:38","date_gmt":"2023-03-06T07:59:38","guid":{"rendered":"https:\/\/www.entelequiacultura.com\/?post_type=tribe_events&#038;p=38442"},"modified":"2023-06-04T22:28:12","modified_gmt":"2023-06-04T20:28:12","slug":"benno-aladjem","status":"publish","type":"tribe_events","link":"https:\/\/www.entelequiacultura.com\/ca\/esdeveniment\/benno-aladjem\/","title":{"rendered":"ELS SEFARDITES: una visi\u00f3 personal (Benno Aladjem)"},"content":{"rendered":"<div class=\"row \"><div class=\"wpv-grid grid-2-3  wpv-first-level first unextended\" style=\"padding-top:0px;padding-bottom:0px\" id=\"wpv-column-ae843601a7fd2bfd5076e13143f1f0f1\" ><div class=\"row \"><div class=\"wpv-grid grid-1-1  first unextended\" style=\"padding-top:0px;padding-bottom:0px\" id=\"wpv-column-e241ffeaa1bbac0845f278d556ae1586\" ><blockquote>\n<h2>Descripci\u00f3:<\/h2>\n<\/blockquote>\n<p>La cultura sefardita, tal com l&#8217;ha viscuda Benno Aladjem, es presenta en aquest taller amb especial \u00e8mfasi en l&#8217;idioma: el lad\u00ed o judeo-espanyol. Per\u00f2 s&#8217;abordaran altres aspectes com la literatura, la m\u00fasica (especialment el folklore), alguns ritus i costums, la cuina i una introducci\u00f3 de vint segles de relaci\u00f3 entre Espanya i els jueus.<\/p>\n<p>Despr\u00e9s del taller, compartirem un aperitiu per a assaborir algunes del\u00edcies de la gastronomia sefardita.<\/div><\/div>\n<div class=\"row \"><div class=\"wpv-grid grid-1-1  first unextended\" style=\"padding-top:0px;padding-bottom:0px\" id=\"wpv-column-ac4c7b6fc04580f2aca5c497ec1e3fce\" ><div class=\"row \"><div class=\"wpv-grid grid-1-1  first unextended\" style=\"padding-top:0px;padding-bottom:0px\" id=\"wpv-column-bd7e0d43c59e09d6168ddf2bdccf892f\" ><blockquote>\n<h2>El professor:<\/h2>\n<\/blockquote><\/div><\/div>\n<div class=\"row \"><div class=\"wpv-grid grid-1-3  first unextended\" style=\"padding-top:0px;padding-bottom:0px\" id=\"wpv-column-6c633025689506e05bee90684008d389\" ><div class=\"row \"><div class=\"wpv-grid grid-1-1  first unextended\" style=\"padding-top:0px;padding-bottom:0px\" id=\"wpv-column-9f2bbae96c204cdd6e55f0f4d75e41d9\" ><p><div id=\"attachment_38416\" style=\"width: 660px\" class=\"wp-caption alignnone\"><img loading=\"lazy\" decoding=\"async\" aria-describedby=\"caption-attachment-38416\" class=\"wp-image-38416 size-full\" src=\"https:\/\/www.entelequiacultura.com\/wp-content\/uploads\/2023\/02\/Foto-Benno-de-Consuelo-Bautista-650.jpg\" alt=\"\" width=\"650\" height=\"649\" srcset=\"https:\/\/www.entelequiacultura.com\/wp-content\/uploads\/2023\/02\/Foto-Benno-de-Consuelo-Bautista-650.jpg 650w, https:\/\/www.entelequiacultura.com\/wp-content\/uploads\/2023\/02\/Foto-Benno-de-Consuelo-Bautista-650-300x300.jpg 300w, https:\/\/www.entelequiacultura.com\/wp-content\/uploads\/2023\/02\/Foto-Benno-de-Consuelo-Bautista-650-150x150.jpg 150w, https:\/\/www.entelequiacultura.com\/wp-content\/uploads\/2023\/02\/Foto-Benno-de-Consuelo-Bautista-650-60x60.jpg 60w, https:\/\/www.entelequiacultura.com\/wp-content\/uploads\/2023\/02\/Foto-Benno-de-Consuelo-Bautista-650-43x43.jpg 43w, https:\/\/www.entelequiacultura.com\/wp-content\/uploads\/2023\/02\/Foto-Benno-de-Consuelo-Bautista-650-106x106.jpg 106w, https:\/\/www.entelequiacultura.com\/wp-content\/uploads\/2023\/02\/Foto-Benno-de-Consuelo-Bautista-650-555x554.jpg 555w, https:\/\/www.entelequiacultura.com\/wp-content\/uploads\/2023\/02\/Foto-Benno-de-Consuelo-Bautista-650-360x359.jpg 360w, https:\/\/www.entelequiacultura.com\/wp-content\/uploads\/2023\/02\/Foto-Benno-de-Consuelo-Bautista-650-262x262.jpg 262w, https:\/\/www.entelequiacultura.com\/wp-content\/uploads\/2023\/02\/Foto-Benno-de-Consuelo-Bautista-650-600x599.jpg 600w, https:\/\/www.entelequiacultura.com\/wp-content\/uploads\/2023\/02\/Foto-Benno-de-Consuelo-Bautista-650-100x100.jpg 100w\" sizes=\"(max-width: 650px) 100vw, 650px\" \/><p id=\"caption-attachment-38416\" class=\"wp-caption-text\">@ Consuelo Bautista<\/p><\/div><\/div><\/div><\/div>\n<div class=\"wpv-grid grid-2-3  unextended\" style=\"padding-top:0px;padding-bottom:0px\" id=\"wpv-column-1cfa8247c8d22ae2fbe9b92f4522dc5b\" ><div class=\"row \"><div class=\"wpv-grid grid-1-1  first unextended\" style=\"padding-top:0px;padding-bottom:0px\" id=\"wpv-column-a5c2d874d69a3f1cec0411a2ab1c6581\" ><p><span class=\"hiddenGrammarError\"><a href=\"https:\/\/www.entelequiacultura.com\/ca\/benno-aladjem\/\">BENNO ALADJEM BENBASSAT<\/a> neix<\/span> a Sofia (Bulg\u00e0ria) en 1939, en el si d&#8217;una fam\u00edlia sefardita. <span class=\"hiddenGreenError\">Als tres anys<\/span> fuig del nazisme amb els seus pares i dues \u00e0vies en un llarg periple que els porta a Turquia, L\u00edban i finalment a Palestina, on viuen fins al final de la Segona Guerra Mundial. En 1947 es traslladen a Barcelona, on cursa els seus estudis de batxillerat en el Liceu Franc\u00e8s i participa activament en la vida cultural de la Comunitat Israelita de Barcelona (<span class=\"hiddenSpellError\">CIB<\/span>). Despr\u00e9s d&#8217;estudiar enginyeria inform\u00e0tica a Tolosa treballa en <span class=\"hiddenSpellError\">Seresco<\/span> i despr\u00e9s, durant <span class=\"hiddenGreenError\">24<\/span> anys, en IBM (Barcelona).<\/p>\n<p>En 2022 publica <em>La vida pasa volando<\/em>\u00a0(<span class=\"hiddenSpellError\">Jot<\/span> Down <span class=\"hiddenSpellError\">Books<\/span>, amb pr\u00f2leg de Vicen\u00e7\u00a0<span class=\"hiddenSpellError\">Villatoro<\/span>), que s\u00f3n les mem\u00f2ries del seu periple, de l&#8217;assentament de la seva fam\u00edlia a Barcelona i les seves viv\u00e8ncies en la Comunitat.<\/div><\/div><\/div><\/div><\/div><\/div><\/div>\n<div class=\"wpv-grid grid-1-3  wpv-first-level unextended\" style=\"padding-top:0px;padding-bottom:0px\" id=\"wpv-column-893ceae621dca7030e9c37a89075a668\" ><div class=\"row \"><div class=\"wpv-grid grid-1-1  first has-background unextended\" style=\"background-color:#e2dfdf;padding-top:0px;padding-bottom:0px\" id=\"wpv-column-21bf38051b038916c6a520d9ee69a6e8\" ><style>#wpv-column-21bf38051b038916c6a520d9ee69a6e8 p,#wpv-column-21bf38051b038916c6a520d9ee69a6e8 em,#wpv-column-21bf38051b038916c6a520d9ee69a6e8 .column-title,#wpv-column-21bf38051b038916c6a520d9ee69a6e8 .sep-text h2.regular-title-wrapper,#wpv-column-21bf38051b038916c6a520d9ee69a6e8 .text-divider-double,#wpv-column-21bf38051b038916c6a520d9ee69a6e8 .sep-text .sep-text-line,#wpv-column-21bf38051b038916c6a520d9ee69a6e8 .sep,#wpv-column-21bf38051b038916c6a520d9ee69a6e8 .sep-2,#wpv-column-21bf38051b038916c6a520d9ee69a6e8 .sep-3{color:#665c5c;}#wpv-column-21bf38051b038916c6a520d9ee69a6e8:before{background-color:transparent;}<\/style><div class=\"row \"><div class=\"wpv-grid grid-1-1  first unextended\" style=\"padding-top:0px;padding-bottom:0px\" id=\"wpv-column-5a7328925067b6d177fdac5d0ae1db54\" ><p style=\"text-align: center;\">Si vols rebre informaci\u00f3 sobre nous esdeveniments, subscriu-te al nostre butllet\u00ed informatiu<\/p>\n<p style=\"text-align: center;\"><a href=\"https:\/\/www.entelequiacultura.com\/ca\/butlleti-informatiu-2\/\" target=\"_self\" style='font-size: 20px;' class=\"button vamtam-button accent1  btn_inscripcion button-filled hover-accent1  alignleft\"><span class=\"btext\">Subscriu-te!!<\/span><\/a>\n<p style=\"text-align: center;\">hola@entelequiacultura.com<\/p>\n<h2 style=\"text-align: center;\"><\/h2>\n<h2 style=\"text-align: center;\"><\/h2><\/div><\/div>\n<div class=\"row \"><div class=\"wpv-grid grid-1-1  first unextended\" style=\"padding-top:0px;padding-bottom:0px\" id=\"wpv-column-ac8baecfcca231fde1dcd8e534628f6c\" ><\/div><\/div><\/div><\/div><\/div><\/div>\n","protected":false},"excerpt":{"rendered":"<p>Descripci\u00f3: La cultura sefardita, tal com l&#8217;ha viscuda Benno Aladjem, es presenta en aquest taller amb especial \u00e8mfasi en l&#8217;idioma: el lad\u00ed o judeo-espanyol. Per\u00f2 s&#8217;abordaran altres aspectes com la&#8230;<\/p>\n","protected":false},"author":1,"featured_media":38446,"template":"","meta":{"_price":"","_stock":"","_tribe_ticket_header":"","_tribe_default_ticket_provider":"","_tribe_ticket_capacity":"0","_ticket_start_date":"","_ticket_end_date":"","_tribe_ticket_show_description":"","_tribe_ticket_show_not_going":false,"_tribe_ticket_use_global_stock":"","_tribe_ticket_global_stock_level":"","_global_stock_mode":"","_global_stock_cap":"","_tribe_rsvp_for_event":"","_tribe_ticket_going_count":"","_tribe_ticket_not_going_count":"","_tribe_tickets_list":"[]","_tribe_ticket_has_attendee_info_fields":false,"_tribe_events_status":"","_tribe_events_status_reason":"","footnotes":"","_tec_slr_enabled":"","_tec_slr_layout":""},"tags":[],"tribe_events_cat":[558],"class_list":["post-38442","tribe_events","type-tribe_events","status-publish","has-post-thumbnail","hentry","tribe_events_cat-activitats-bcn","cat_activitats-bcn"],"aioseo_notices":[],"ticketed":false,"_links":{"self":[{"href":"https:\/\/www.entelequiacultura.com\/ca\/wp-json\/wp\/v2\/tribe_events\/38442","targetHints":{"allow":["GET"]}}],"collection":[{"href":"https:\/\/www.entelequiacultura.com\/ca\/wp-json\/wp\/v2\/tribe_events"}],"about":[{"href":"https:\/\/www.entelequiacultura.com\/ca\/wp-json\/wp\/v2\/types\/tribe_events"}],"author":[{"embeddable":true,"href":"https:\/\/www.entelequiacultura.com\/ca\/wp-json\/wp\/v2\/users\/1"}],"version-history":[{"count":0,"href":"https:\/\/www.entelequiacultura.com\/ca\/wp-json\/wp\/v2\/tribe_events\/38442\/revisions"}],"wp:featuredmedia":[{"embeddable":true,"href":"https:\/\/www.entelequiacultura.com\/ca\/wp-json\/wp\/v2\/media\/38446"}],"wp:attachment":[{"href":"https:\/\/www.entelequiacultura.com\/ca\/wp-json\/wp\/v2\/media?parent=38442"}],"wp:term":[{"taxonomy":"post_tag","embeddable":true,"href":"https:\/\/www.entelequiacultura.com\/ca\/wp-json\/wp\/v2\/tags?post=38442"},{"taxonomy":"tribe_events_cat","embeddable":true,"href":"https:\/\/www.entelequiacultura.com\/ca\/wp-json\/wp\/v2\/tribe_events_cat?post=38442"}],"curies":[{"name":"wp","href":"https:\/\/api.w.org\/{rel}","templated":true}]}}

ELS SEFARDITES: una visió personal (Benno Aladjem)

<div class="row "><div class="wpv-grid grid-2-3  wpv-first-level first unextended" style="padding-top:0px;padding-bottom:0px" id="wpv-column-ae843601a7fd2bfd5076e13143f1f0f1" ><div class="row "><div class="wpv-grid grid-1-1  first unextended" style="padding-top:0px;padding-bottom:0px" id="wpv-column-e241ffeaa1bbac0845f278d556ae1586" ><blockquote>
<h2>Descripció:</h2>
</blockquote>
<p>La cultura sefardita, tal com l&#8217;ha viscuda Benno Aladjem, es presenta en aquest taller amb especial èmfasi en l&#8217;idioma: el ladí o judeo-espanyol. Però s&#8217;abordaran altres aspectes com la literatura, la música (especialment el folklore), alguns ritus i costums, la cuina i una introducció de vint segles de relació entre Espanya i els jueus.</p>
<p>Després del taller, compartirem un aperitiu per a assaborir algunes delícies de la gastronomia sefardita.</div></div>
<div class="row "><div class="wpv-grid grid-1-1  first unextended" style="padding-top:0px;padding-bottom:0px" id="wpv-column-ac4c7b6fc04580f2aca5c497ec1e3fce" ><div class="row "><div class="wpv-grid grid-1-1  first unextended" style="padding-top:0px;padding-bottom:0px" id="wpv-column-bd7e0d43c59e09d6168ddf2bdccf892f" ><blockquote>
<h2>El professor:</h2>
</blockquote></div></div>
<div class="row "><div class="wpv-grid grid-1-3  first unextended" style="padding-top:0px;padding-bottom:0px" id="wpv-column-6c633025689506e05bee90684008d389" ><div class="row "><div class="wpv-grid grid-1-1  first unextended" style="padding-top:0px;padding-bottom:0px" id="wpv-column-9f2bbae96c204cdd6e55f0f4d75e41d9" ><p><div id="attachment_38416" style="width: 660px" class="wp-caption alignnone"><img loading="lazy" decoding="async" aria-describedby="caption-attachment-38416" class="wp-image-38416 size-full" src="https://www.entelequiacultura.com/wp-content/uploads/2023/02/Foto-Benno-de-Consuelo-Bautista-650.jpg" alt="" width="650" height="649" srcset="https://www.entelequiacultura.com/wp-content/uploads/2023/02/Foto-Benno-de-Consuelo-Bautista-650.jpg 650w, https://www.entelequiacultura.com/wp-content/uploads/2023/02/Foto-Benno-de-Consuelo-Bautista-650-300x300.jpg 300w, https://www.entelequiacultura.com/wp-content/uploads/2023/02/Foto-Benno-de-Consuelo-Bautista-650-150x150.jpg 150w, https://www.entelequiacultura.com/wp-content/uploads/2023/02/Foto-Benno-de-Consuelo-Bautista-650-60x60.jpg 60w, https://www.entelequiacultura.com/wp-content/uploads/2023/02/Foto-Benno-de-Consuelo-Bautista-650-43x43.jpg 43w, https://www.entelequiacultura.com/wp-content/uploads/2023/02/Foto-Benno-de-Consuelo-Bautista-650-106x106.jpg 106w, https://www.entelequiacultura.com/wp-content/uploads/2023/02/Foto-Benno-de-Consuelo-Bautista-650-555x554.jpg 555w, https://www.entelequiacultura.com/wp-content/uploads/2023/02/Foto-Benno-de-Consuelo-Bautista-650-360x359.jpg 360w, https://www.entelequiacultura.com/wp-content/uploads/2023/02/Foto-Benno-de-Consuelo-Bautista-650-262x262.jpg 262w, https://www.entelequiacultura.com/wp-content/uploads/2023/02/Foto-Benno-de-Consuelo-Bautista-650-600x599.jpg 600w, https://www.entelequiacultura.com/wp-content/uploads/2023/02/Foto-Benno-de-Consuelo-Bautista-650-100x100.jpg 100w" sizes="(max-width: 650px) 100vw, 650px" /><p id="caption-attachment-38416" class="wp-caption-text">@ Consuelo Bautista</p></div></div></div></div>
<div class="wpv-grid grid-2-3  unextended" style="padding-top:0px;padding-bottom:0px" id="wpv-column-1cfa8247c8d22ae2fbe9b92f4522dc5b" ><div class="row "><div class="wpv-grid grid-1-1  first unextended" style="padding-top:0px;padding-bottom:0px" id="wpv-column-a5c2d874d69a3f1cec0411a2ab1c6581" ><p><span class="hiddenGrammarError"><a href="https://www.entelequiacultura.com/ca/benno-aladjem/">BENNO ALADJEM BENBASSAT</a> neix</span> a Sofia (Bulgària) en 1939, en el si d&#8217;una família sefardita. <span class="hiddenGreenError">Als tres anys</span> fuig del nazisme amb els seus pares i dues àvies en un llarg periple que els porta a Turquia, Líban i finalment a Palestina, on viuen fins al final de la Segona Guerra Mundial. En 1947 es traslladen a Barcelona, on cursa els seus estudis de batxillerat en el Liceu Francès i participa activament en la vida cultural de la Comunitat Israelita de Barcelona (<span class="hiddenSpellError">CIB</span>). Després d&#8217;estudiar enginyeria informàtica a Tolosa treballa en <span class="hiddenSpellError">Seresco</span> i després, durant <span class="hiddenGreenError">24</span> anys, en IBM (Barcelona).</p>
<p>En 2022 publica <em>La vida pasa volando</em> (<span class="hiddenSpellError">Jot</span> Down <span class="hiddenSpellError">Books</span>, amb pròleg de Vicenç <span class="hiddenSpellError">Villatoro</span>), que són les memòries del seu periple, de l&#8217;assentament de la seva família a Barcelona i les seves vivències en la Comunitat.</div></div></div></div></div></div></div>
<div class="wpv-grid grid-1-3  wpv-first-level unextended" style="padding-top:0px;padding-bottom:0px" id="wpv-column-893ceae621dca7030e9c37a89075a668" ><div class="row "><div class="wpv-grid grid-1-1  first has-background unextended" style="background-color:#e2dfdf;padding-top:0px;padding-bottom:0px" id="wpv-column-21bf38051b038916c6a520d9ee69a6e8" ><style>#wpv-column-21bf38051b038916c6a520d9ee69a6e8 p,#wpv-column-21bf38051b038916c6a520d9ee69a6e8 em,#wpv-column-21bf38051b038916c6a520d9ee69a6e8 .column-title,#wpv-column-21bf38051b038916c6a520d9ee69a6e8 .sep-text h2.regular-title-wrapper,#wpv-column-21bf38051b038916c6a520d9ee69a6e8 .text-divider-double,#wpv-column-21bf38051b038916c6a520d9ee69a6e8 .sep-text .sep-text-line,#wpv-column-21bf38051b038916c6a520d9ee69a6e8 .sep,#wpv-column-21bf38051b038916c6a520d9ee69a6e8 .sep-2,#wpv-column-21bf38051b038916c6a520d9ee69a6e8 .sep-3{color:#665c5c;}#wpv-column-21bf38051b038916c6a520d9ee69a6e8:before{background-color:transparent;}</style><div class="row "><div class="wpv-grid grid-1-1  first unextended" style="padding-top:0px;padding-bottom:0px" id="wpv-column-5a7328925067b6d177fdac5d0ae1db54" ><p style="text-align: center;">Si vols rebre informació sobre nous esdeveniments, subscriu-te al nostre butlletí informatiu</p>
<p style="text-align: center;"><a href="https://www.entelequiacultura.com/ca/butlleti-informatiu-2/" target="_self" style='font-size: 20px;' class="button vamtam-button accent1  btn_inscripcion button-filled hover-accent1  alignleft"><span class="btext">Subscriu-te!!</span></a>
<p style="text-align: center;">hola@entelequiacultura.com</p>
<h2 style="text-align: center;"></h2>
<h2 style="text-align: center;"></h2></div></div>
<div class="row "><div class="wpv-grid grid-1-1  first unextended" style="padding-top:0px;padding-bottom:0px" id="wpv-column-ac8baecfcca231fde1dcd8e534628f6c" ></div></div></div></div></div></div>

<p>Descripció: La cultura sefardita, tal com l&#8217;ha viscuda Benno Aladjem, es presenta en aquest taller amb especial èmfasi en l&#8217;idioma: el ladí o judeo-espanyol. Però s&#8217;abordaran altres aspectes com la&#8230;</p>
