{"id":35481,"date":"2021-06-09T19:43:29","date_gmt":"2021-06-09T17:43:29","guid":{"rendered":"https:\/\/www.entelequiacultura.com\/?post_type=tribe_events&#038;p=35481"},"modified":"2024-01-03T15:28:57","modified_gmt":"2024-01-03T14:28:57","slug":"laboratorifumejant","status":"publish","type":"tribe_events","link":"https:\/\/www.entelequiacultura.com\/ca\/esdeveniment\/laboratorifumejant\/","title":{"rendered":"Laboratori fumejant: creativitat i escriptura (Olga Merino)"},"content":{"rendered":"<div class=\"row \"><div class=\"wpv-grid grid-2-3  wpv-first-level first unextended\" style=\"padding-top:0px;padding-bottom:0px\" id=\"wpv-column-d48a32bafe65bcebb8fe315a10b7344f\" ><div class=\"row \"><div class=\"wpv-grid grid-1-1  first unextended\" style=\"padding-top:0px;padding-bottom:0px\" id=\"wpv-column-b3822675d11a85addcc5137d5d572b09\" ><blockquote>\n<h2>Descripci\u00f3:<\/h2>\n<\/blockquote>\n<p>L&#8217;objectiu d&#8217;aquest curs \u00e9s deslligar els nusos que emmordassen el jo creatiu i plantejar un acostament a les principals eines narratives.<\/p>\n<p><strong>Continguts:<\/strong><\/p>\n<ul>\n<li>D&#8217;on surten les idees?, com atrapar-les?<\/li>\n<li>Joc i atzar: el retrobament amb el nen que vam ser<\/li>\n<li>El jo i les seves m\u00e0scares<\/li>\n<li>Imaginaci\u00f3 i mem\u00f2ria fermentada<\/li>\n<li>La trama versus el personatge<\/li>\n<li>La mirada des de l&#8217;angle mort<\/li>\n<li>La br\u00faixola, el mapa i el piolet<\/li>\n<li>L&#8217;atracci\u00f3 de les ombres<\/li>\n<li>La naturalesa inoxidable del conflicte<\/li>\n<\/ul>\n<p>Es far\u00e0 lliurament d&#8217;un dossier amb textos literaris.<\/p>\n<p><em>Es lliurar\u00e0 certificat acreditatiu de la realitzaci\u00f3 del curs.<\/em><\/p>\n<div><\/div>\n<div><\/div><\/div><\/div>\n<div class=\"row \"><div class=\"wpv-grid grid-1-1  first unextended\" style=\"padding-top:0px;padding-bottom:0px\" id=\"wpv-column-775ead560afc8168996ff5e4f02ecbb6\" ><div class=\"row \"><div class=\"wpv-grid grid-1-1  first unextended\" style=\"padding-top:0px;padding-bottom:0px\" id=\"wpv-column-22ed1bd9f1d3bd1e795fb9d2cb00bf07\" ><blockquote>\n<h2>La professora:<\/h2>\n<\/blockquote><\/div><\/div>\n<div class=\"row \"><div class=\"wpv-grid grid-1-3  first unextended\" style=\"padding-top:0px;padding-bottom:0px\" id=\"wpv-column-133805e0d9dcd44e4524be5dff027593\" ><div class=\"row \"><div class=\"wpv-grid grid-1-1  first unextended\" style=\"padding-top:0px;padding-bottom:0px\" id=\"wpv-column-dcc58c92d876e709109616fb8cd1e2f4\" ><p><div id=\"attachment_35470\" style=\"width: 310px\" class=\"wp-caption alignnone\"><img loading=\"lazy\" decoding=\"async\" aria-describedby=\"caption-attachment-35470\" class=\"wp-image-35470 size-medium\" src=\"https:\/\/www.entelequiacultura.com\/wp-content\/uploads\/2021\/06\/650-OLGA-MERINO-\u00a9-MARTI-FRADERA-1-copia-300x300.jpg\" alt=\"\" width=\"300\" height=\"300\" srcset=\"https:\/\/www.entelequiacultura.com\/wp-content\/uploads\/2021\/06\/650-OLGA-MERINO-\u00a9-MARTI-FRADERA-1-copia-300x300.jpg 300w, https:\/\/www.entelequiacultura.com\/wp-content\/uploads\/2021\/06\/650-OLGA-MERINO-\u00a9-MARTI-FRADERA-1-copia-150x150.jpg 150w, https:\/\/www.entelequiacultura.com\/wp-content\/uploads\/2021\/06\/650-OLGA-MERINO-\u00a9-MARTI-FRADERA-1-copia-60x60.jpg 60w, https:\/\/www.entelequiacultura.com\/wp-content\/uploads\/2021\/06\/650-OLGA-MERINO-\u00a9-MARTI-FRADERA-1-copia-43x43.jpg 43w, https:\/\/www.entelequiacultura.com\/wp-content\/uploads\/2021\/06\/650-OLGA-MERINO-\u00a9-MARTI-FRADERA-1-copia-106x106.jpg 106w, https:\/\/www.entelequiacultura.com\/wp-content\/uploads\/2021\/06\/650-OLGA-MERINO-\u00a9-MARTI-FRADERA-1-copia-555x555.jpg 555w, https:\/\/www.entelequiacultura.com\/wp-content\/uploads\/2021\/06\/650-OLGA-MERINO-\u00a9-MARTI-FRADERA-1-copia-360x360.jpg 360w, https:\/\/www.entelequiacultura.com\/wp-content\/uploads\/2021\/06\/650-OLGA-MERINO-\u00a9-MARTI-FRADERA-1-copia-262x262.jpg 262w, https:\/\/www.entelequiacultura.com\/wp-content\/uploads\/2021\/06\/650-OLGA-MERINO-\u00a9-MARTI-FRADERA-1-copia-600x600.jpg 600w, https:\/\/www.entelequiacultura.com\/wp-content\/uploads\/2021\/06\/650-OLGA-MERINO-\u00a9-MARTI-FRADERA-1-copia-100x100.jpg 100w, https:\/\/www.entelequiacultura.com\/wp-content\/uploads\/2021\/06\/650-OLGA-MERINO-\u00a9-MARTI-FRADERA-1-copia.jpg 650w\" sizes=\"(max-width: 300px) 100vw, 300px\" \/><p id=\"caption-attachment-35470\" class=\"wp-caption-text\">\u00a9 Mart\u00ed Fradera Boera<\/p><\/div><\/div><\/div><\/div>\n<div class=\"wpv-grid grid-2-3  unextended\" style=\"padding-top:0px;padding-bottom:0px\" id=\"wpv-column-d1585f4295d3145ad781219d4f44f3b8\" ><div class=\"row \"><div class=\"wpv-grid grid-1-1  first unextended\" style=\"padding-top:0px;padding-bottom:0px\" id=\"wpv-column-cd87957c3b998357b3d4a127b9b04c41\" ><p>OLGA MERINO\u00a0\u00e9s escriptora i articulista.\u00a0Ha viscut a Londres, on va estudiar un m\u00e0ster en Hist\u00f2ria i Literatura Llatinoamericanes, i a Moscou, on va presenciar la transformaci\u00f3 de la Uni\u00f3 Sovi\u00e8tica en una economia de mercat, exercint com a corresponsal per a El Peri\u00f3dico de Catalunya.<\/p>\n<p>\u00c9s professora a l\u2019Escola d\u2019Escriptura del Ateneu Barcelon\u00e8s des de 2007.<\/p>\n<p>La seva \u00faltima novel\u00b7la es titula <em>La forastera<\/em> (Alfaguara, 2020), finalista del IV Premi Biennal de Novel\u00b7la Mario Vargas Llosa. En 2006, va obtenir el X Premi Mario Vargas Llosa NH de Relats pel conte <em>Las normas son las normas<\/em>.<\/div><\/div><\/div><\/div><\/div><\/div><\/div>\n<div class=\"wpv-grid grid-1-3  wpv-first-level unextended\" style=\"padding-top:0px;padding-bottom:0px\" id=\"wpv-column-31ae62910d796dd5aac29c2d40994e3e\" ><div class=\"row \"><div class=\"wpv-grid grid-1-1  first has-background unextended\" style=\"background-color:#e2dfdf;padding-top:0px;padding-bottom:0px\" id=\"wpv-column-24dda163a2831666891e261e3b4ce250\" ><style>#wpv-column-24dda163a2831666891e261e3b4ce250 p,#wpv-column-24dda163a2831666891e261e3b4ce250 em,#wpv-column-24dda163a2831666891e261e3b4ce250 .column-title,#wpv-column-24dda163a2831666891e261e3b4ce250 .sep-text h2.regular-title-wrapper,#wpv-column-24dda163a2831666891e261e3b4ce250 .text-divider-double,#wpv-column-24dda163a2831666891e261e3b4ce250 .sep-text .sep-text-line,#wpv-column-24dda163a2831666891e261e3b4ce250 .sep,#wpv-column-24dda163a2831666891e261e3b4ce250 .sep-2,#wpv-column-24dda163a2831666891e261e3b4ce250 .sep-3{color:#665c5c;}#wpv-column-24dda163a2831666891e261e3b4ce250:before{background-color:transparent;}<\/style><div class=\"row \"><div class=\"wpv-grid grid-1-1  first unextended\" style=\"padding-top:0px;padding-bottom:0px\" id=\"wpv-column-4013054f061b46e3ffc3ae073f039da2\" ><blockquote>\n<p style=\"text-align: left;\">Detall<\/p>\n<\/blockquote>\n<p style=\"text-align: center;\">Si vols rebre informaci\u00f3 sobre nous esdeveniments, subscriu-te al nostre butllet\u00ed informatiu<\/p>\n<p style=\"text-align: center;\"><a href=\"https:\/\/www.entelequiacultura.com\/ca\/butlleti-informatiu-2\/\" target=\"_self\" style='font-size: 20px;' class=\"button vamtam-button accent1  btn_inscripcion button-filled hover-accent1  alignleft\"><span class=\"btext\">Subscriu-te!!<\/span><\/a>\n<p style=\"text-align: center;\">hola@entelequiacultura.com<\/p>\n<p style=\"text-align: left;\"><\/div><\/div>\n<div class=\"row \"><div class=\"wpv-grid grid-1-1  first unextended\" style=\"padding-top:0px;padding-bottom:0px\" id=\"wpv-column-e44ac26b30cc07566c94c0fe33051417\" ><\/div><\/div><\/div><\/div><\/div><\/div>\n","protected":false},"excerpt":{"rendered":"<p>Descripci\u00f3: L&#8217;objectiu d&#8217;aquest curs \u00e9s deslligar els nusos que emmordassen el jo creatiu i plantejar un acostament a les principals eines narratives. Continguts: D&#8217;on surten les idees?, com atrapar-les? Joc&#8230;<\/p>\n","protected":false},"author":1,"featured_media":35545,"template":"","meta":{"_price":"","_stock":"","_tribe_ticket_header":"","_tribe_default_ticket_provider":"","_tribe_ticket_capacity":"0","_ticket_start_date":"","_ticket_end_date":"","_tribe_ticket_show_description":"","_tribe_ticket_show_not_going":false,"_tribe_ticket_use_global_stock":"","_tribe_ticket_global_stock_level":"","_global_stock_mode":"","_global_stock_cap":"","_tribe_rsvp_for_event":"","_tribe_ticket_going_count":"","_tribe_ticket_not_going_count":"","_tribe_tickets_list":"[]","_tribe_ticket_has_attendee_info_fields":false,"_tribe_events_status":"","_tribe_events_status_reason":"","footnotes":"","_tec_slr_enabled":"","_tec_slr_layout":""},"tags":[],"tribe_events_cat":[558],"class_list":["post-35481","tribe_events","type-tribe_events","status-publish","has-post-thumbnail","hentry","tribe_events_cat-activitats-bcn","cat_activitats-bcn"],"aioseo_notices":[],"ticketed":false,"_links":{"self":[{"href":"https:\/\/www.entelequiacultura.com\/ca\/wp-json\/wp\/v2\/tribe_events\/35481","targetHints":{"allow":["GET"]}}],"collection":[{"href":"https:\/\/www.entelequiacultura.com\/ca\/wp-json\/wp\/v2\/tribe_events"}],"about":[{"href":"https:\/\/www.entelequiacultura.com\/ca\/wp-json\/wp\/v2\/types\/tribe_events"}],"author":[{"embeddable":true,"href":"https:\/\/www.entelequiacultura.com\/ca\/wp-json\/wp\/v2\/users\/1"}],"version-history":[{"count":0,"href":"https:\/\/www.entelequiacultura.com\/ca\/wp-json\/wp\/v2\/tribe_events\/35481\/revisions"}],"wp:featuredmedia":[{"embeddable":true,"href":"https:\/\/www.entelequiacultura.com\/ca\/wp-json\/wp\/v2\/media\/35545"}],"wp:attachment":[{"href":"https:\/\/www.entelequiacultura.com\/ca\/wp-json\/wp\/v2\/media?parent=35481"}],"wp:term":[{"taxonomy":"post_tag","embeddable":true,"href":"https:\/\/www.entelequiacultura.com\/ca\/wp-json\/wp\/v2\/tags?post=35481"},{"taxonomy":"tribe_events_cat","embeddable":true,"href":"https:\/\/www.entelequiacultura.com\/ca\/wp-json\/wp\/v2\/tribe_events_cat?post=35481"}],"curies":[{"name":"wp","href":"https:\/\/api.w.org\/{rel}","templated":true}]}}

<div class="row "><div class="wpv-grid grid-2-3  wpv-first-level first unextended" style="padding-top:0px;padding-bottom:0px" id="wpv-column-d48a32bafe65bcebb8fe315a10b7344f" ><div class="row "><div class="wpv-grid grid-1-1  first unextended" style="padding-top:0px;padding-bottom:0px" id="wpv-column-b3822675d11a85addcc5137d5d572b09" ><blockquote>
<h2>Descripció:</h2>
</blockquote>
<p>L&#8217;objectiu d&#8217;aquest curs és deslligar els nusos que emmordassen el jo creatiu i plantejar un acostament a les principals eines narratives.</p>
<p><strong>Continguts:</strong></p>
<ul>
<li>D&#8217;on surten les idees?, com atrapar-les?</li>
<li>Joc i atzar: el retrobament amb el nen que vam ser</li>
<li>El jo i les seves màscares</li>
<li>Imaginació i memòria fermentada</li>
<li>La trama versus el personatge</li>
<li>La mirada des de l&#8217;angle mort</li>
<li>La brúixola, el mapa i el piolet</li>
<li>L&#8217;atracció de les ombres</li>
<li>La naturalesa inoxidable del conflicte</li>
</ul>
<p>Es farà lliurament d&#8217;un dossier amb textos literaris.</p>
<p><em>Es lliurarà certificat acreditatiu de la realització del curs.</em></p>
<div></div>
<div></div></div></div>
<div class="row "><div class="wpv-grid grid-1-1  first unextended" style="padding-top:0px;padding-bottom:0px" id="wpv-column-775ead560afc8168996ff5e4f02ecbb6" ><div class="row "><div class="wpv-grid grid-1-1  first unextended" style="padding-top:0px;padding-bottom:0px" id="wpv-column-22ed1bd9f1d3bd1e795fb9d2cb00bf07" ><blockquote>
<h2>La professora:</h2>
</blockquote></div></div>
<div class="row "><div class="wpv-grid grid-1-3  first unextended" style="padding-top:0px;padding-bottom:0px" id="wpv-column-133805e0d9dcd44e4524be5dff027593" ><div class="row "><div class="wpv-grid grid-1-1  first unextended" style="padding-top:0px;padding-bottom:0px" id="wpv-column-dcc58c92d876e709109616fb8cd1e2f4" ><p><div id="attachment_35470" style="width: 310px" class="wp-caption alignnone"><img loading="lazy" decoding="async" aria-describedby="caption-attachment-35470" class="wp-image-35470 size-medium" src="https://www.entelequiacultura.com/wp-content/uploads/2021/06/650-OLGA-MERINO-©-MARTI-FRADERA-1-copia-300x300.jpg" alt="" width="300" height="300" srcset="https://www.entelequiacultura.com/wp-content/uploads/2021/06/650-OLGA-MERINO-©-MARTI-FRADERA-1-copia-300x300.jpg 300w, https://www.entelequiacultura.com/wp-content/uploads/2021/06/650-OLGA-MERINO-©-MARTI-FRADERA-1-copia-150x150.jpg 150w, https://www.entelequiacultura.com/wp-content/uploads/2021/06/650-OLGA-MERINO-©-MARTI-FRADERA-1-copia-60x60.jpg 60w, https://www.entelequiacultura.com/wp-content/uploads/2021/06/650-OLGA-MERINO-©-MARTI-FRADERA-1-copia-43x43.jpg 43w, https://www.entelequiacultura.com/wp-content/uploads/2021/06/650-OLGA-MERINO-©-MARTI-FRADERA-1-copia-106x106.jpg 106w, https://www.entelequiacultura.com/wp-content/uploads/2021/06/650-OLGA-MERINO-©-MARTI-FRADERA-1-copia-555x555.jpg 555w, https://www.entelequiacultura.com/wp-content/uploads/2021/06/650-OLGA-MERINO-©-MARTI-FRADERA-1-copia-360x360.jpg 360w, https://www.entelequiacultura.com/wp-content/uploads/2021/06/650-OLGA-MERINO-©-MARTI-FRADERA-1-copia-262x262.jpg 262w, https://www.entelequiacultura.com/wp-content/uploads/2021/06/650-OLGA-MERINO-©-MARTI-FRADERA-1-copia-600x600.jpg 600w, https://www.entelequiacultura.com/wp-content/uploads/2021/06/650-OLGA-MERINO-©-MARTI-FRADERA-1-copia-100x100.jpg 100w, https://www.entelequiacultura.com/wp-content/uploads/2021/06/650-OLGA-MERINO-©-MARTI-FRADERA-1-copia.jpg 650w" sizes="(max-width: 300px) 100vw, 300px" /><p id="caption-attachment-35470" class="wp-caption-text">© Martí Fradera Boera</p></div></div></div></div>
<div class="wpv-grid grid-2-3  unextended" style="padding-top:0px;padding-bottom:0px" id="wpv-column-d1585f4295d3145ad781219d4f44f3b8" ><div class="row "><div class="wpv-grid grid-1-1  first unextended" style="padding-top:0px;padding-bottom:0px" id="wpv-column-cd87957c3b998357b3d4a127b9b04c41" ><p>OLGA MERINO és escriptora i articulista. Ha viscut a Londres, on va estudiar un màster en Història i Literatura Llatinoamericanes, i a Moscou, on va presenciar la transformació de la Unió Soviètica en una economia de mercat, exercint com a corresponsal per a El Periódico de Catalunya.</p>
<p>És professora a l’Escola d’Escriptura del Ateneu Barcelonès des de 2007.</p>
<p>La seva última novel·la es titula <em>La forastera</em> (Alfaguara, 2020), finalista del IV Premi Biennal de Novel·la Mario Vargas Llosa. En 2006, va obtenir el X Premi Mario Vargas Llosa NH de Relats pel conte <em>Las normas son las normas</em>.</div></div></div></div></div></div></div>
<div class="wpv-grid grid-1-3  wpv-first-level unextended" style="padding-top:0px;padding-bottom:0px" id="wpv-column-31ae62910d796dd5aac29c2d40994e3e" ><div class="row "><div class="wpv-grid grid-1-1  first has-background unextended" style="background-color:#e2dfdf;padding-top:0px;padding-bottom:0px" id="wpv-column-24dda163a2831666891e261e3b4ce250" ><style>#wpv-column-24dda163a2831666891e261e3b4ce250 p,#wpv-column-24dda163a2831666891e261e3b4ce250 em,#wpv-column-24dda163a2831666891e261e3b4ce250 .column-title,#wpv-column-24dda163a2831666891e261e3b4ce250 .sep-text h2.regular-title-wrapper,#wpv-column-24dda163a2831666891e261e3b4ce250 .text-divider-double,#wpv-column-24dda163a2831666891e261e3b4ce250 .sep-text .sep-text-line,#wpv-column-24dda163a2831666891e261e3b4ce250 .sep,#wpv-column-24dda163a2831666891e261e3b4ce250 .sep-2,#wpv-column-24dda163a2831666891e261e3b4ce250 .sep-3{color:#665c5c;}#wpv-column-24dda163a2831666891e261e3b4ce250:before{background-color:transparent;}</style><div class="row "><div class="wpv-grid grid-1-1  first unextended" style="padding-top:0px;padding-bottom:0px" id="wpv-column-4013054f061b46e3ffc3ae073f039da2" ><blockquote>
<p style="text-align: left;">Detall</p>
</blockquote>
<p style="text-align: center;">Si vols rebre informació sobre nous esdeveniments, subscriu-te al nostre butlletí informatiu</p>
<p style="text-align: center;"><a href="https://www.entelequiacultura.com/ca/butlleti-informatiu-2/" target="_self" style='font-size: 20px;' class="button vamtam-button accent1  btn_inscripcion button-filled hover-accent1  alignleft"><span class="btext">Subscriu-te!!</span></a>
<p style="text-align: center;">hola@entelequiacultura.com</p>
<p style="text-align: left;"></div></div>
<div class="row "><div class="wpv-grid grid-1-1  first unextended" style="padding-top:0px;padding-bottom:0px" id="wpv-column-e44ac26b30cc07566c94c0fe33051417" ></div></div></div></div></div></div>

<p>Descripció: L&#8217;objectiu d&#8217;aquest curs és deslligar els nusos que emmordassen el jo creatiu i plantejar un acostament a les principals eines narratives. Continguts: D&#8217;on surten les idees?, com atrapar-les? Joc&#8230;</p>
