{"id":31935,"date":"2020-02-02T09:53:20","date_gmt":"2020-02-02T08:53:20","guid":{"rendered":"https:\/\/www.entelequiacultura.com\/?post_type=tribe_events&#038;p=31935"},"modified":"2024-01-03T15:31:27","modified_gmt":"2024-01-03T14:31:27","slug":"joan-carles-melich-2","status":"publish","type":"tribe_events","link":"https:\/\/www.entelequiacultura.com\/ca\/esdeveniment\/joan-carles-melich-2\/","title":{"rendered":"Literatura, finitud i fragilitat. Una aproximaci\u00f3 a la filosofia liter\u00e0ria de Joan-Carles M\u00e8lich"},"content":{"rendered":"<div class=\"row \"><div class=\"wpv-grid grid-1-3  wpv-first-level first unextended\" style=\"padding-top:0px;padding-bottom:0px\" id=\"wpv-column-97855db6c8f3c3debed7e20294e6b0eb\" ><div class=\"row \"><div class=\"wpv-grid grid-1-1  first unextended\" style=\"padding-top:0px;padding-bottom:0px\" id=\"wpv-column-4c59f721c2280b069b1effe683a300dd\" ><h2>El seminari:<\/h2>\n<p>La filosofia occidental ha estat, des del <em>Poema<\/em> de Parm\u00e8nides, una filosofia metaf\u00edsica que ha ent\u00e8s que pensar i ser era el mateix i que tot el racional era real. La metaf\u00edsica ha negat <span class=\"hiddenGrammarError\">l&#8217;alteritat<\/span>\u00a0i <span class=\"hiddenGrammarError\">exterioritat<\/span>, ha redu\u00eft l&#8217;\u00fanica cosa a l&#8217;\u00da, i ha cregut que existien veritats, principis i normes <span class=\"hiddenSpellError\">trascendents<\/span> a l&#8217;espai, al temps, a les hist\u00f2ries i als relats.<\/p>\n<p>Enfront d&#8217;aquesta mena de filosofia es proposa en aquest seminari pensar el m\u00f3n i la vida des d&#8217;una perspectiva liter\u00e0ria o po\u00e8tica. Es tracta d&#8217;un pensament de les transformacions, de la conting\u00e8ncia i de la incertesa; en una paraula, d&#8217;un &#8220;pensament lector&#8221;.<\/p>\n<p>La lectura no \u00e9s solament alguna cosa que un realitza de tant en tant, sin\u00f3 una manera de ser en el m\u00f3n, una forma de vida. A partir d&#8217;exemples literaris i filos\u00f2fics <span class=\"hiddenGrammarError\">(<\/span>S\u00f2focles, Plat\u00f3, la B\u00edblia, Montaigne, Cervantes, Shakespeare, Flaubert, Nietzsche, Dostoievski, Tolstoi, Freud, Kafka, Proust, Joyce, <span class=\"hiddenSpellError\">Virgina<\/span> Woolf, <span class=\"hiddenSpellError\">Mar\u00eda<\/span> <span class=\"hiddenSpellError\">Zambrano<\/span>, <span class=\"hiddenSpellError\">Milan<\/span> <span class=\"hiddenSpellError\">Kundera<\/span>, <span class=\"hiddenSpellError\">Philip<\/span> <span class=\"hiddenSpellError\">Roth<\/span>, <span class=\"hiddenSpellError\">Anne<\/span> <span class=\"hiddenSpellError\">Carson<\/span>&#8230; aix\u00ed com de les &#8220;pintures negres&#8221; de Goya i del cinema d&#8217;Ingmar <span class=\"hiddenSpellError\">Bergman<\/span> (Sonata de tardor), Woody Allen (<span class=\"hiddenSpellError\">September<\/span>), Michael <span class=\"hiddenSpellError\">Haneke<\/span> (<span class=\"hiddenSpellError\">Funny<\/span> Games), entre altres, es pensar\u00e0 i conversar\u00e0 en aquest seminari sobre la condici\u00f3 humana finita i fr\u00e0gil.<\/p>\n<p>La tesi d&#8217;aquest seminari \u00e9s que &#8220;\u00e9sser hum\u00e0&#8221; significa inventar-se una forma de vida, i haver d&#8217;establir relacions amb els &#8220;altres&#8221; (humans i no humans, tamb\u00e9 amb els objectes i les coses), unes relacions en les quals el jo queda posat en q\u00fcesti\u00f3. El jo obert i exposat a <span class=\"hiddenGrammarError\">la alteritat<\/span>, el &#8220;jo lector&#8221;, \u00e9s un subjecte ressonant i dissonant, un nom propi que mai sap com viure.<\/div><\/div>\n<div class=\"row \"><div class=\"wpv-grid grid-1-1  first unextended\" style=\"padding-top:0px;padding-bottom:0px\" id=\"wpv-column-104c6ce070b4545defb93592fe994513\" ><\/div><\/div><\/div>\n<div class=\"wpv-grid grid-1-3  wpv-first-level unextended\" style=\"padding-top:0px;padding-bottom:0px\" id=\"wpv-column-49fe9b95c11fef6a8e76949f02b78a68\" ><div class=\"row \"><div class=\"wpv-grid grid-1-1  first unextended\" style=\"padding-top:0px;padding-bottom:0px\" id=\"wpv-column-46fe7ee48cb13dfca70113271c28ae02\" ><h2>El lloc:<\/h2>\n<p>Ens allotjarem, amb l&#8217;autor, a l&#8217;Hotel Diana,\u00a0situat en primera l\u00ednia de mar en la poblaci\u00f3 de Tossa de Mar (Costa Brava, Girona). Un petit i preci\u00f3s hotel d&#8217;estil modernista que continua conservant l&#8217;estil arquitect\u00f2nic i gran part de la decoraci\u00f3 interior de l&#8217;antiga casa.<\/p>\n<p><img loading=\"lazy\" decoding=\"async\" class=\"alignnone wp-image-31763 size-large\" src=\"https:\/\/www.entelequiacultura.com\/wp-content\/uploads\/2019\/11\/IMG_20191125_122534_629-1024x1024.jpg\" alt=\"\" width=\"1024\" height=\"1024\" srcset=\"https:\/\/www.entelequiacultura.com\/wp-content\/uploads\/2019\/11\/IMG_20191125_122534_629-1024x1024.jpg 1024w, https:\/\/www.entelequiacultura.com\/wp-content\/uploads\/2019\/11\/IMG_20191125_122534_629-150x150.jpg 150w, https:\/\/www.entelequiacultura.com\/wp-content\/uploads\/2019\/11\/IMG_20191125_122534_629-300x300.jpg 300w, https:\/\/www.entelequiacultura.com\/wp-content\/uploads\/2019\/11\/IMG_20191125_122534_629-768x768.jpg 768w, https:\/\/www.entelequiacultura.com\/wp-content\/uploads\/2019\/11\/IMG_20191125_122534_629-60x60.jpg 60w, https:\/\/www.entelequiacultura.com\/wp-content\/uploads\/2019\/11\/IMG_20191125_122534_629-43x43.jpg 43w, https:\/\/www.entelequiacultura.com\/wp-content\/uploads\/2019\/11\/IMG_20191125_122534_629-106x106.jpg 106w, https:\/\/www.entelequiacultura.com\/wp-content\/uploads\/2019\/11\/IMG_20191125_122534_629-555x555.jpg 555w, https:\/\/www.entelequiacultura.com\/wp-content\/uploads\/2019\/11\/IMG_20191125_122534_629-360x360.jpg 360w, https:\/\/www.entelequiacultura.com\/wp-content\/uploads\/2019\/11\/IMG_20191125_122534_629-262x262.jpg 262w, https:\/\/www.entelequiacultura.com\/wp-content\/uploads\/2019\/11\/IMG_20191125_122534_629-600x600.jpg 600w, https:\/\/www.entelequiacultura.com\/wp-content\/uploads\/2019\/11\/IMG_20191125_122534_629-100x100.jpg 100w, https:\/\/www.entelequiacultura.com\/wp-content\/uploads\/2019\/11\/IMG_20191125_122534_629.jpg 1080w\" sizes=\"(max-width: 1024px) 100vw, 1024px\" \/><\/p>\n<p><img loading=\"lazy\" decoding=\"async\" class=\"alignnone wp-image-34200 size-large\" src=\"https:\/\/www.entelequiacultura.com\/wp-content\/uploads\/2020\/10\/20201016_121227-1024x768.jpg\" alt=\"\" width=\"1024\" height=\"768\" srcset=\"https:\/\/www.entelequiacultura.com\/wp-content\/uploads\/2020\/10\/20201016_121227-1024x768.jpg 1024w, https:\/\/www.entelequiacultura.com\/wp-content\/uploads\/2020\/10\/20201016_121227-300x225.jpg 300w, https:\/\/www.entelequiacultura.com\/wp-content\/uploads\/2020\/10\/20201016_121227-768x576.jpg 768w, https:\/\/www.entelequiacultura.com\/wp-content\/uploads\/2020\/10\/20201016_121227-1536x1152.jpg 1536w, https:\/\/www.entelequiacultura.com\/wp-content\/uploads\/2020\/10\/20201016_121227-2048x1536.jpg 2048w, https:\/\/www.entelequiacultura.com\/wp-content\/uploads\/2020\/10\/20201016_121227-1140x855.jpg 1140w, https:\/\/www.entelequiacultura.com\/wp-content\/uploads\/2020\/10\/20201016_121227-555x416.jpg 555w, https:\/\/www.entelequiacultura.com\/wp-content\/uploads\/2020\/10\/20201016_121227-360x270.jpg 360w, https:\/\/www.entelequiacultura.com\/wp-content\/uploads\/2020\/10\/20201016_121227-262x197.jpg 262w, https:\/\/www.entelequiacultura.com\/wp-content\/uploads\/2020\/10\/20201016_121227-600x450.jpg 600w\" sizes=\"(max-width: 1024px) 100vw, 1024px\" \/><\/div><\/div><\/div>\n<div class=\"wpv-grid grid-1-3  wpv-first-level unextended\" style=\"padding-top:0px;padding-bottom:0px\" id=\"wpv-column-26906b15260add661afe27a19114ed91\" ><div class=\"row \"><div class=\"wpv-grid grid-1-1  first unextended\" style=\"padding-top:0px;padding-bottom:0px\" id=\"wpv-column-70c8d2374d97bc217c153387b36f793d\" ><h2>Joan-Carles M\u00e8lich:<\/h2>\n<p>Doctor en filosofia i lletres per la Universitat Aut\u00f2noma de Barcelona, on tamb\u00e9 exerceix de professor titular de filosofia de l\u2019educaci\u00f3 en la Facultat de Ci\u00e8ncies de l\u2019Educaci\u00f3.\u00a0Entre els seus llibres&#8230;<a href=\"https:\/\/www.entelequiacultura.com\/ca\/joan-carles-melich\/\"> segueix llegint<\/a><\/div><\/div>\n<div class=\"row \"><div class=\"wpv-grid grid-1-1 contenedor_detalles first unextended\" style=\"padding-top:0px;padding-bottom:0px\" id=\"wpv-column-bc4f04aa3ae7618c5942c4987e747219\" ><div class=\"row \"><div class=\"wpv-grid grid-1-1  first unextended\" style=\"padding-top:0px;padding-bottom:0px\" id=\"wpv-column-fc50795306fa79ec35445aa9b3af1bd2\" ><h2 style=\"text-align: center;\">Detalls<\/h2><\/div><\/div>\n<div class=\"row \"><div class=\"wpv-grid grid-1-1  first unextended\" style=\"padding-top:0px;padding-bottom:0px\" id=\"wpv-column-350db4ba4d3a5658be8bf3246139f3d0\" ><p style=\"text-align: center;\">Si vols rebre informaci\u00f3 sobre nous esdeveniments<\/p>\n<p style=\"text-align: center;\"><a href=\"https:\/\/www.entelequiacultura.com\/ca\/butlleti-informatiu-2\/\" target=\"_self\" style='font-size: 20px;' class=\"button vamtam-button accent1  btn_inscripcion button-filled hover-accent1  alignleft\"><span class=\"btext\">Subscriu-te!!<\/span><\/a>\n<p style=\"text-align: center;\">hola@entelequiacultura.com<\/div><\/div><\/div><\/div><\/div><\/div>\n","protected":false},"excerpt":{"rendered":"<p>El seminari: La filosofia occidental ha estat, des del Poema de Parm\u00e8nides, una filosofia metaf\u00edsica que ha ent\u00e8s que pensar i ser era el mateix i que tot el racional&#8230;<\/p>\n","protected":false},"author":1,"featured_media":32051,"template":"","meta":{"_price":"","_stock":"","_tribe_ticket_header":"","_tribe_default_ticket_provider":"","_tribe_ticket_capacity":"0","_ticket_start_date":"","_ticket_end_date":"","_tribe_ticket_show_description":"","_tribe_ticket_show_not_going":false,"_tribe_ticket_use_global_stock":"","_tribe_ticket_global_stock_level":"","_global_stock_mode":"","_global_stock_cap":"","_tribe_rsvp_for_event":"","_tribe_ticket_going_count":"","_tribe_ticket_not_going_count":"","_tribe_tickets_list":"[]","_tribe_ticket_has_attendee_info_fields":false,"_tribe_events_status":"","_tribe_events_status_reason":"","footnotes":"","_tec_slr_enabled":"","_tec_slr_layout":""},"tags":[],"tribe_events_cat":[690],"class_list":["post-31935","tribe_events","type-tribe_events","status-publish","has-post-thumbnail","hentry","tribe_events_cat-retirs-culturals-ca","cat_retirs-culturals-ca"],"aioseo_notices":[],"ticketed":false,"_links":{"self":[{"href":"https:\/\/www.entelequiacultura.com\/ca\/wp-json\/wp\/v2\/tribe_events\/31935","targetHints":{"allow":["GET"]}}],"collection":[{"href":"https:\/\/www.entelequiacultura.com\/ca\/wp-json\/wp\/v2\/tribe_events"}],"about":[{"href":"https:\/\/www.entelequiacultura.com\/ca\/wp-json\/wp\/v2\/types\/tribe_events"}],"author":[{"embeddable":true,"href":"https:\/\/www.entelequiacultura.com\/ca\/wp-json\/wp\/v2\/users\/1"}],"version-history":[{"count":0,"href":"https:\/\/www.entelequiacultura.com\/ca\/wp-json\/wp\/v2\/tribe_events\/31935\/revisions"}],"wp:featuredmedia":[{"embeddable":true,"href":"https:\/\/www.entelequiacultura.com\/ca\/wp-json\/wp\/v2\/media\/32051"}],"wp:attachment":[{"href":"https:\/\/www.entelequiacultura.com\/ca\/wp-json\/wp\/v2\/media?parent=31935"}],"wp:term":[{"taxonomy":"post_tag","embeddable":true,"href":"https:\/\/www.entelequiacultura.com\/ca\/wp-json\/wp\/v2\/tags?post=31935"},{"taxonomy":"tribe_events_cat","embeddable":true,"href":"https:\/\/www.entelequiacultura.com\/ca\/wp-json\/wp\/v2\/tribe_events_cat?post=31935"}],"curies":[{"name":"wp","href":"https:\/\/api.w.org\/{rel}","templated":true}]}}

Literatura, finitud i fragilitat. Una aproximació a la filosofia literària de Joan-Carles Mèlich

<div class="row "><div class="wpv-grid grid-1-3  wpv-first-level first unextended" style="padding-top:0px;padding-bottom:0px" id="wpv-column-97855db6c8f3c3debed7e20294e6b0eb" ><div class="row "><div class="wpv-grid grid-1-1  first unextended" style="padding-top:0px;padding-bottom:0px" id="wpv-column-4c59f721c2280b069b1effe683a300dd" ><h2>El seminari:</h2>
<p>La filosofia occidental ha estat, des del <em>Poema</em> de Parmènides, una filosofia metafísica que ha entès que pensar i ser era el mateix i que tot el racional era real. La metafísica ha negat <span class="hiddenGrammarError">l&#8217;alteritat</span> i <span class="hiddenGrammarError">exterioritat</span>, ha reduït l&#8217;única cosa a l&#8217;Ú, i ha cregut que existien veritats, principis i normes <span class="hiddenSpellError">trascendents</span> a l&#8217;espai, al temps, a les històries i als relats.</p>
<p>Enfront d&#8217;aquesta mena de filosofia es proposa en aquest seminari pensar el món i la vida des d&#8217;una perspectiva literària o poètica. Es tracta d&#8217;un pensament de les transformacions, de la contingència i de la incertesa; en una paraula, d&#8217;un &#8220;pensament lector&#8221;.</p>
<p>La lectura no és solament alguna cosa que un realitza de tant en tant, sinó una manera de ser en el món, una forma de vida. A partir d&#8217;exemples literaris i filosòfics <span class="hiddenGrammarError">(</span>Sòfocles, Plató, la Bíblia, Montaigne, Cervantes, Shakespeare, Flaubert, Nietzsche, Dostoievski, Tolstoi, Freud, Kafka, Proust, Joyce, <span class="hiddenSpellError">Virgina</span> Woolf, <span class="hiddenSpellError">María</span> <span class="hiddenSpellError">Zambrano</span>, <span class="hiddenSpellError">Milan</span> <span class="hiddenSpellError">Kundera</span>, <span class="hiddenSpellError">Philip</span> <span class="hiddenSpellError">Roth</span>, <span class="hiddenSpellError">Anne</span> <span class="hiddenSpellError">Carson</span>&#8230; així com de les &#8220;pintures negres&#8221; de Goya i del cinema d&#8217;Ingmar <span class="hiddenSpellError">Bergman</span> (Sonata de tardor), Woody Allen (<span class="hiddenSpellError">September</span>), Michael <span class="hiddenSpellError">Haneke</span> (<span class="hiddenSpellError">Funny</span> Games), entre altres, es pensarà i conversarà en aquest seminari sobre la condició humana finita i fràgil.</p>
<p>La tesi d&#8217;aquest seminari és que &#8220;ésser humà&#8221; significa inventar-se una forma de vida, i haver d&#8217;establir relacions amb els &#8220;altres&#8221; (humans i no humans, també amb els objectes i les coses), unes relacions en les quals el jo queda posat en qüestió. El jo obert i exposat a <span class="hiddenGrammarError">la alteritat</span>, el &#8220;jo lector&#8221;, és un subjecte ressonant i dissonant, un nom propi que mai sap com viure.</div></div>
<div class="row "><div class="wpv-grid grid-1-1  first unextended" style="padding-top:0px;padding-bottom:0px" id="wpv-column-104c6ce070b4545defb93592fe994513" ></div></div></div>
<div class="wpv-grid grid-1-3  wpv-first-level unextended" style="padding-top:0px;padding-bottom:0px" id="wpv-column-49fe9b95c11fef6a8e76949f02b78a68" ><div class="row "><div class="wpv-grid grid-1-1  first unextended" style="padding-top:0px;padding-bottom:0px" id="wpv-column-46fe7ee48cb13dfca70113271c28ae02" ><h2>El lloc:</h2>
<p>Ens allotjarem, amb l&#8217;autor, a l&#8217;Hotel Diana, situat en primera línia de mar en la població de Tossa de Mar (Costa Brava, Girona). Un petit i preciós hotel d&#8217;estil modernista que continua conservant l&#8217;estil arquitectònic i gran part de la decoració interior de l&#8217;antiga casa.</p>
<p><img loading="lazy" decoding="async" class="alignnone wp-image-31763 size-large" src="https://www.entelequiacultura.com/wp-content/uploads/2019/11/IMG_20191125_122534_629-1024x1024.jpg" alt="" width="1024" height="1024" srcset="https://www.entelequiacultura.com/wp-content/uploads/2019/11/IMG_20191125_122534_629-1024x1024.jpg 1024w, https://www.entelequiacultura.com/wp-content/uploads/2019/11/IMG_20191125_122534_629-150x150.jpg 150w, https://www.entelequiacultura.com/wp-content/uploads/2019/11/IMG_20191125_122534_629-300x300.jpg 300w, https://www.entelequiacultura.com/wp-content/uploads/2019/11/IMG_20191125_122534_629-768x768.jpg 768w, https://www.entelequiacultura.com/wp-content/uploads/2019/11/IMG_20191125_122534_629-60x60.jpg 60w, https://www.entelequiacultura.com/wp-content/uploads/2019/11/IMG_20191125_122534_629-43x43.jpg 43w, https://www.entelequiacultura.com/wp-content/uploads/2019/11/IMG_20191125_122534_629-106x106.jpg 106w, https://www.entelequiacultura.com/wp-content/uploads/2019/11/IMG_20191125_122534_629-555x555.jpg 555w, https://www.entelequiacultura.com/wp-content/uploads/2019/11/IMG_20191125_122534_629-360x360.jpg 360w, https://www.entelequiacultura.com/wp-content/uploads/2019/11/IMG_20191125_122534_629-262x262.jpg 262w, https://www.entelequiacultura.com/wp-content/uploads/2019/11/IMG_20191125_122534_629-600x600.jpg 600w, https://www.entelequiacultura.com/wp-content/uploads/2019/11/IMG_20191125_122534_629-100x100.jpg 100w, https://www.entelequiacultura.com/wp-content/uploads/2019/11/IMG_20191125_122534_629.jpg 1080w" sizes="(max-width: 1024px) 100vw, 1024px" /></p>
<p><img loading="lazy" decoding="async" class="alignnone wp-image-34200 size-large" src="https://www.entelequiacultura.com/wp-content/uploads/2020/10/20201016_121227-1024x768.jpg" alt="" width="1024" height="768" srcset="https://www.entelequiacultura.com/wp-content/uploads/2020/10/20201016_121227-1024x768.jpg 1024w, https://www.entelequiacultura.com/wp-content/uploads/2020/10/20201016_121227-300x225.jpg 300w, https://www.entelequiacultura.com/wp-content/uploads/2020/10/20201016_121227-768x576.jpg 768w, https://www.entelequiacultura.com/wp-content/uploads/2020/10/20201016_121227-1536x1152.jpg 1536w, https://www.entelequiacultura.com/wp-content/uploads/2020/10/20201016_121227-2048x1536.jpg 2048w, https://www.entelequiacultura.com/wp-content/uploads/2020/10/20201016_121227-1140x855.jpg 1140w, https://www.entelequiacultura.com/wp-content/uploads/2020/10/20201016_121227-555x416.jpg 555w, https://www.entelequiacultura.com/wp-content/uploads/2020/10/20201016_121227-360x270.jpg 360w, https://www.entelequiacultura.com/wp-content/uploads/2020/10/20201016_121227-262x197.jpg 262w, https://www.entelequiacultura.com/wp-content/uploads/2020/10/20201016_121227-600x450.jpg 600w" sizes="(max-width: 1024px) 100vw, 1024px" /></div></div></div>
<div class="wpv-grid grid-1-3  wpv-first-level unextended" style="padding-top:0px;padding-bottom:0px" id="wpv-column-26906b15260add661afe27a19114ed91" ><div class="row "><div class="wpv-grid grid-1-1  first unextended" style="padding-top:0px;padding-bottom:0px" id="wpv-column-70c8d2374d97bc217c153387b36f793d" ><h2>Joan-Carles Mèlich:</h2>
<p>Doctor en filosofia i lletres per la Universitat Autònoma de Barcelona, on també exerceix de professor titular de filosofia de l’educació en la Facultat de Ciències de l’Educació. Entre els seus llibres&#8230;<a href="https://www.entelequiacultura.com/ca/joan-carles-melich/"> segueix llegint</a></div></div>
<div class="row "><div class="wpv-grid grid-1-1 contenedor_detalles first unextended" style="padding-top:0px;padding-bottom:0px" id="wpv-column-bc4f04aa3ae7618c5942c4987e747219" ><div class="row "><div class="wpv-grid grid-1-1  first unextended" style="padding-top:0px;padding-bottom:0px" id="wpv-column-fc50795306fa79ec35445aa9b3af1bd2" ><h2 style="text-align: center;">Detalls</h2></div></div>
<div class="row "><div class="wpv-grid grid-1-1  first unextended" style="padding-top:0px;padding-bottom:0px" id="wpv-column-350db4ba4d3a5658be8bf3246139f3d0" ><p style="text-align: center;">Si vols rebre informació sobre nous esdeveniments</p>
<p style="text-align: center;"><a href="https://www.entelequiacultura.com/ca/butlleti-informatiu-2/" target="_self" style='font-size: 20px;' class="button vamtam-button accent1  btn_inscripcion button-filled hover-accent1  alignleft"><span class="btext">Subscriu-te!!</span></a>
<p style="text-align: center;">hola@entelequiacultura.com</div></div></div></div></div></div>

<p>El seminari: La filosofia occidental ha estat, des del Poema de Parmènides, una filosofia metafísica que ha entès que pensar i ser era el mateix i que tot el racional&#8230;</p>
