{"id":30327,"date":"2019-03-11T09:18:30","date_gmt":"2019-03-11T08:18:30","guid":{"rendered":"https:\/\/www.entelequiacultura.com\/?post_type=tribe_events&#038;p=30327"},"modified":"2024-01-03T15:34:12","modified_gmt":"2024-01-03T14:34:12","slug":"sara-mesa-2","status":"publish","type":"tribe_events","link":"https:\/\/www.entelequiacultura.com\/ca\/esdeveniment\/sara-mesa-2\/","title":{"rendered":"Surti del corrent (Retir amb Sara Mesa)"},"content":{"rendered":"<div class=\"row \"><div class=\"wpv-grid grid-1-3  wpv-first-level first unextended\" style=\"padding-top:0px;padding-bottom:0px\" id=\"wpv-column-e95cf56a3a7dc703bad1e5adcdf2a397\" ><div class=\"row \"><div class=\"wpv-grid grid-1-1  first unextended\" style=\"padding-top:0px;padding-bottom:0px\" id=\"wpv-column-46acde5e0ee595bfb8d3cd3a7c3f6be3\" ><p>Escriure \u00e9s dir les coses d&#8217;una manera inesperada. Escapar del que es preveu. Evitar el llit ja solcat. Donar marrades, de la mateixa manera en qu\u00e8 <span class=\"hiddenSpellError\">Holden<\/span> <span class=\"hiddenSpellError\">Caulfield<\/span> defensava la digressi\u00f3 en <em>El guardi\u00e0 entre el s\u00e8gol<\/em>. Escriure \u00e9s sortir-se del corrent, aprendre a mirar des d&#8217;un altre costat, des d&#8217;angles nous i irreverents. Des del lloc dels bojos o dels nens, dels marginats o els insatisfets, del lloc dels estranys, els del zero a l&#8217;esquerra. En <em>El cr\u00edtic<\/em>, el dramaturg <span class=\"hiddenSpellError\">Juan<\/span> <span class=\"hiddenSpellError\">Mayorga<\/span> parla precisament de la necessitat de tirar-se a un costat o fer un salt:<\/p>\n<p><em>Nom\u00e9s veu clar qui es det\u00e9 quan tot es mou. Nom\u00e9s sent qui calla on tot \u00e9s soroll. No intenti anar al pas dels quals no saben on van. Per a veure, cal quedar-se fora, endarrerir-se o avan\u00e7ar-se, tirar-se a un costat o fer un salt. On un no ha d&#8217;estar, si realment vol veure, \u00e9s aqu\u00ed i ara, enmig del corrent. El que est\u00e0 aqu\u00ed i ara, aquest sempre arriba tard. Surti del corrent, atreveixi&#8217;s a afrontar la solitud i el rid\u00edcul i prepari els seus ulls per a resistir.<\/em><\/p>\n<p>L&#8217;objectiu d&#8217;aquest taller \u00e9s transmetre la idea de l&#8217;escriptura liter\u00e0ria com a desviaci\u00f3, com una forma d&#8217;anormalitat, tractant de desmuntar l&#8217;associaci\u00f3 convencional entre escriure &#8220;b\u00e9&#8221; i el virtuosisme formal. El repte literari radica en el descobriment de la mirada pr\u00f2pia, que t\u00e9 m\u00e9s que veure amb la selecci\u00f3 de material, les estructures i els focus narratius i la gosadia del dir que a desplegar el diccionari de sin\u00f2nims i d&#8217;arcaismes i ajustar-se a la correcci\u00f3 gramatical.<\/p>\n<p><strong>Bibliografia recomanada<\/strong><\/p>\n<ul>\n<li><span class=\"hiddenSpellError\">J<\/span><span class=\"hiddenGrammarError\">.Sr<\/span>. <span class=\"hiddenSpellError\">Salinger<\/span>, <em>El guardi\u00e0 entre el s\u00e8gol<\/em><\/li>\n<li><span class=\"hiddenSpellError\">Flannery<\/span> O&#8217;Connor, <em>Misteri i maneres<\/em><\/li>\n<li><span class=\"hiddenSpellError\">Mario<\/span> <span class=\"hiddenSpellError\">Levrero<\/span>, <em>El discurs buit<\/em><\/li>\n<li>Esgota <span class=\"hiddenSpellError\">Kristof<\/span>, <em>El gran quadern<\/em><\/li>\n<li><span class=\"hiddenSpellError\">Mariano<\/span> <span class=\"hiddenSpellError\">Peyrou<\/span>, <em>Els noms de les coses<\/em><\/li>\n<\/ul>\n<p><em>S&#8217;esmentaran aquests llibres per\u00f2 no \u00e9s necessari haver-los llegit.<\/em><\/div><\/div><\/div>\n<div class=\"wpv-grid grid-1-3  wpv-first-level unextended\" style=\"padding-top:0px;padding-bottom:0px\" id=\"wpv-column-d7d2db16e670aeb9c842a2afb4577fed\" ><div class=\"row \"><div class=\"wpv-grid grid-1-1  first unextended\" style=\"padding-top:0px;padding-bottom:0px\" id=\"wpv-column-1c33e5e671498f0dceacb150a8f47720\" ><p>Ens allotjarem, amb l&#8217;autora, a <a href=\"https:\/\/www.hotelesdante.com\/home\/hotel-diana\/\">l\u00b4Hotel Diana<\/a>,\u00a0situat en primera l\u00ednia de mar en la poblaci\u00f3 de Tossa de Mar (Costa Brava, Girona). Un petit i preci\u00f3s hotel d&#8217;estil modernista que continua conservant l&#8217;estil arquitect\u00f2nic i gran part de la decoraci\u00f3 interior de l&#8217;antiga casa.<\/p>\n<p><img loading=\"lazy\" decoding=\"async\" class=\"alignnone wp-image-30334 size-large\" src=\"https:\/\/www.entelequiacultura.com\/wp-content\/uploads\/2019\/03\/20190206_112050-1024x768.jpg\" alt=\"\" width=\"1024\" height=\"768\" srcset=\"https:\/\/www.entelequiacultura.com\/wp-content\/uploads\/2019\/03\/20190206_112050-1024x768.jpg 1024w, https:\/\/www.entelequiacultura.com\/wp-content\/uploads\/2019\/03\/20190206_112050-300x225.jpg 300w, https:\/\/www.entelequiacultura.com\/wp-content\/uploads\/2019\/03\/20190206_112050-768x576.jpg 768w, https:\/\/www.entelequiacultura.com\/wp-content\/uploads\/2019\/03\/20190206_112050-1140x855.jpg 1140w, https:\/\/www.entelequiacultura.com\/wp-content\/uploads\/2019\/03\/20190206_112050-555x416.jpg 555w, https:\/\/www.entelequiacultura.com\/wp-content\/uploads\/2019\/03\/20190206_112050-360x270.jpg 360w, https:\/\/www.entelequiacultura.com\/wp-content\/uploads\/2019\/03\/20190206_112050-262x197.jpg 262w, https:\/\/www.entelequiacultura.com\/wp-content\/uploads\/2019\/03\/20190206_112050-1320x990.jpg 1320w, https:\/\/www.entelequiacultura.com\/wp-content\/uploads\/2019\/03\/20190206_112050-600x450.jpg 600w\" sizes=\"(max-width: 1024px) 100vw, 1024px\" \/><\/p>\n<p><img loading=\"lazy\" decoding=\"async\" class=\"alignnone wp-image-30336 size-large\" src=\"https:\/\/www.entelequiacultura.com\/wp-content\/uploads\/2019\/03\/17-min-1024x683.jpg\" alt=\"\" width=\"1024\" height=\"683\" srcset=\"https:\/\/www.entelequiacultura.com\/wp-content\/uploads\/2019\/03\/17-min-1024x683.jpg 1024w, https:\/\/www.entelequiacultura.com\/wp-content\/uploads\/2019\/03\/17-min-300x200.jpg 300w, https:\/\/www.entelequiacultura.com\/wp-content\/uploads\/2019\/03\/17-min-768x512.jpg 768w, https:\/\/www.entelequiacultura.com\/wp-content\/uploads\/2019\/03\/17-min-1140x760.jpg 1140w, https:\/\/www.entelequiacultura.com\/wp-content\/uploads\/2019\/03\/17-min-555x370.jpg 555w, https:\/\/www.entelequiacultura.com\/wp-content\/uploads\/2019\/03\/17-min-360x240.jpg 360w, https:\/\/www.entelequiacultura.com\/wp-content\/uploads\/2019\/03\/17-min-262x175.jpg 262w, https:\/\/www.entelequiacultura.com\/wp-content\/uploads\/2019\/03\/17-min-1320x880.jpg 1320w, https:\/\/www.entelequiacultura.com\/wp-content\/uploads\/2019\/03\/17-min-600x400.jpg 600w\" sizes=\"(max-width: 1024px) 100vw, 1024px\" \/><\/p>\n<p><img loading=\"lazy\" decoding=\"async\" class=\"alignnone wp-image-30342 size-large\" src=\"https:\/\/www.entelequiacultura.com\/wp-content\/uploads\/2019\/03\/SALON_CHIMENEA282-1024x683.jpg\" alt=\"\" width=\"1024\" height=\"683\" srcset=\"https:\/\/www.entelequiacultura.com\/wp-content\/uploads\/2019\/03\/SALON_CHIMENEA282-1024x683.jpg 1024w, https:\/\/www.entelequiacultura.com\/wp-content\/uploads\/2019\/03\/SALON_CHIMENEA282-300x200.jpg 300w, https:\/\/www.entelequiacultura.com\/wp-content\/uploads\/2019\/03\/SALON_CHIMENEA282-768x512.jpg 768w, https:\/\/www.entelequiacultura.com\/wp-content\/uploads\/2019\/03\/SALON_CHIMENEA282-1140x760.jpg 1140w, https:\/\/www.entelequiacultura.com\/wp-content\/uploads\/2019\/03\/SALON_CHIMENEA282-555x370.jpg 555w, https:\/\/www.entelequiacultura.com\/wp-content\/uploads\/2019\/03\/SALON_CHIMENEA282-360x240.jpg 360w, https:\/\/www.entelequiacultura.com\/wp-content\/uploads\/2019\/03\/SALON_CHIMENEA282-262x175.jpg 262w, https:\/\/www.entelequiacultura.com\/wp-content\/uploads\/2019\/03\/SALON_CHIMENEA282-600x400.jpg 600w, https:\/\/www.entelequiacultura.com\/wp-content\/uploads\/2019\/03\/SALON_CHIMENEA282.jpg 1200w\" sizes=\"(max-width: 1024px) 100vw, 1024px\" \/><\/div><\/div><\/div>\n<div class=\"wpv-grid grid-1-3  wpv-first-level unextended\" style=\"padding-top:0px;padding-bottom:0px\" id=\"wpv-column-6702a60b4302d26c2298c49c8f707f9a\" ><div class=\"row \"><div class=\"wpv-grid grid-1-1  first unextended\" style=\"padding-top:0px;padding-bottom:0px\" id=\"wpv-column-d9be05d2a11c6c2b3af9a1c0efb25a70\" ><p><strong>SARA MESA<\/strong> (Madrid, 1976), \u00e9s\u00a0escriptora i periodista, resideix a Sevilla des de petita.\u00a0\u00c9s autora dels llibres de contes <i>La sobriedad del gal\u00e1pago<\/i> (2008),<i> No es f\u00e1cil ser verde<\/i> (2009)&#8230; <a href=\"https:\/\/www.entelequiacultura.com\/ca\/sara-mesa\/\">+info<\/a><\/div><\/div>\n<div class=\"row \"><div class=\"wpv-grid grid-1-1 contenedor_detalles first unextended\" style=\"padding-top:0px;padding-bottom:0px\" id=\"wpv-column-754370bf7f7bc0723edf68fd41c99688\" ><div class=\"row \"><div class=\"wpv-grid grid-1-1  first unextended\" style=\"padding-top:0px;padding-bottom:0px\" id=\"wpv-column-ac9abd006541a205c3312da62e24c107\" ><h2 style=\"text-align: center;\">Detalls<\/h2><\/div><\/div>\n<div class=\"row \"><div class=\"wpv-grid grid-1-1  first unextended\" style=\"padding-top:0px;padding-bottom:0px\" id=\"wpv-column-dfe569ed4c72622923a1bc1782383e03\" ><p><strong>Data: <\/strong>De l&#8217;1 al 3 de novembre 2019<\/p>\n<p><strong>Lloc: <\/strong>Tossa de Mar (Girona)<\/p>\n<p><strong>El rec\u00e9s inclou:<\/strong><\/p>\n<ul>\n<li>El taller<\/li>\n<li>Allotjament en hotel**** (2 nits)<\/li>\n<li>Pensi\u00f3 completa (6 \u00e0pats)<\/li>\n<li>Pica pica en cada sessi\u00f3 del taller<\/li>\n<li>Diploma acreditatiu<\/li>\n<li>Asseguran\u00e7a<\/li>\n<\/ul><\/div><\/div><\/div><\/div><\/div><\/div>\n","protected":false},"excerpt":{"rendered":"<p>Escriure \u00e9s dir les coses d&#8217;una manera inesperada. Escapar del que es preveu. Evitar el llit ja solcat. Donar marrades, de la mateixa manera en qu\u00e8 Holden Caulfield defensava la&#8230;<\/p>\n","protected":false},"author":1,"featured_media":30329,"template":"","meta":{"_price":"","_stock":"","_tribe_ticket_header":"","_tribe_default_ticket_provider":"","_tribe_ticket_capacity":"0","_ticket_start_date":"","_ticket_end_date":"","_tribe_ticket_show_description":"","_tribe_ticket_show_not_going":false,"_tribe_ticket_use_global_stock":"","_tribe_ticket_global_stock_level":"","_global_stock_mode":"","_global_stock_cap":"","_tribe_rsvp_for_event":"","_tribe_ticket_going_count":"","_tribe_ticket_not_going_count":"","_tribe_tickets_list":"[]","_tribe_ticket_has_attendee_info_fields":false,"_tribe_events_status":"","_tribe_events_status_reason":"","footnotes":"","_tec_slr_enabled":"","_tec_slr_layout":""},"tags":[],"tribe_events_cat":[690],"class_list":["post-30327","tribe_events","type-tribe_events","status-publish","has-post-thumbnail","hentry","tribe_events_cat-retirs-culturals-ca","cat_retirs-culturals-ca"],"aioseo_notices":[],"ticketed":false,"_links":{"self":[{"href":"https:\/\/www.entelequiacultura.com\/ca\/wp-json\/wp\/v2\/tribe_events\/30327","targetHints":{"allow":["GET"]}}],"collection":[{"href":"https:\/\/www.entelequiacultura.com\/ca\/wp-json\/wp\/v2\/tribe_events"}],"about":[{"href":"https:\/\/www.entelequiacultura.com\/ca\/wp-json\/wp\/v2\/types\/tribe_events"}],"author":[{"embeddable":true,"href":"https:\/\/www.entelequiacultura.com\/ca\/wp-json\/wp\/v2\/users\/1"}],"version-history":[{"count":0,"href":"https:\/\/www.entelequiacultura.com\/ca\/wp-json\/wp\/v2\/tribe_events\/30327\/revisions"}],"wp:featuredmedia":[{"embeddable":true,"href":"https:\/\/www.entelequiacultura.com\/ca\/wp-json\/wp\/v2\/media\/30329"}],"wp:attachment":[{"href":"https:\/\/www.entelequiacultura.com\/ca\/wp-json\/wp\/v2\/media?parent=30327"}],"wp:term":[{"taxonomy":"post_tag","embeddable":true,"href":"https:\/\/www.entelequiacultura.com\/ca\/wp-json\/wp\/v2\/tags?post=30327"},{"taxonomy":"tribe_events_cat","embeddable":true,"href":"https:\/\/www.entelequiacultura.com\/ca\/wp-json\/wp\/v2\/tribe_events_cat?post=30327"}],"curies":[{"name":"wp","href":"https:\/\/api.w.org\/{rel}","templated":true}]}}

<div class="row "><div class="wpv-grid grid-1-3  wpv-first-level first unextended" style="padding-top:0px;padding-bottom:0px" id="wpv-column-e95cf56a3a7dc703bad1e5adcdf2a397" ><div class="row "><div class="wpv-grid grid-1-1  first unextended" style="padding-top:0px;padding-bottom:0px" id="wpv-column-46acde5e0ee595bfb8d3cd3a7c3f6be3" ><p>Escriure és dir les coses d&#8217;una manera inesperada. Escapar del que es preveu. Evitar el llit ja solcat. Donar marrades, de la mateixa manera en què <span class="hiddenSpellError">Holden</span> <span class="hiddenSpellError">Caulfield</span> defensava la digressió en <em>El guardià entre el sègol</em>. Escriure és sortir-se del corrent, aprendre a mirar des d&#8217;un altre costat, des d&#8217;angles nous i irreverents. Des del lloc dels bojos o dels nens, dels marginats o els insatisfets, del lloc dels estranys, els del zero a l&#8217;esquerra. En <em>El crític</em>, el dramaturg <span class="hiddenSpellError">Juan</span> <span class="hiddenSpellError">Mayorga</span> parla precisament de la necessitat de tirar-se a un costat o fer un salt:</p>
<p><em>Només veu clar qui es deté quan tot es mou. Només sent qui calla on tot és soroll. No intenti anar al pas dels quals no saben on van. Per a veure, cal quedar-se fora, endarrerir-se o avançar-se, tirar-se a un costat o fer un salt. On un no ha d&#8217;estar, si realment vol veure, és aquí i ara, enmig del corrent. El que està aquí i ara, aquest sempre arriba tard. Surti del corrent, atreveixi&#8217;s a afrontar la solitud i el ridícul i prepari els seus ulls per a resistir.</em></p>
<p>L&#8217;objectiu d&#8217;aquest taller és transmetre la idea de l&#8217;escriptura literària com a desviació, com una forma d&#8217;anormalitat, tractant de desmuntar l&#8217;associació convencional entre escriure &#8220;bé&#8221; i el virtuosisme formal. El repte literari radica en el descobriment de la mirada pròpia, que té més que veure amb la selecció de material, les estructures i els focus narratius i la gosadia del dir que a desplegar el diccionari de sinònims i d&#8217;arcaismes i ajustar-se a la correcció gramatical.</p>
<p><strong>Bibliografia recomanada</strong></p>
<ul>
<li><span class="hiddenSpellError">J</span><span class="hiddenGrammarError">.Sr</span>. <span class="hiddenSpellError">Salinger</span>, <em>El guardià entre el sègol</em></li>
<li><span class="hiddenSpellError">Flannery</span> O&#8217;Connor, <em>Misteri i maneres</em></li>
<li><span class="hiddenSpellError">Mario</span> <span class="hiddenSpellError">Levrero</span>, <em>El discurs buit</em></li>
<li>Esgota <span class="hiddenSpellError">Kristof</span>, <em>El gran quadern</em></li>
<li><span class="hiddenSpellError">Mariano</span> <span class="hiddenSpellError">Peyrou</span>, <em>Els noms de les coses</em></li>
</ul>
<p><em>S&#8217;esmentaran aquests llibres però no és necessari haver-los llegit.</em></div></div></div>
<div class="wpv-grid grid-1-3  wpv-first-level unextended" style="padding-top:0px;padding-bottom:0px" id="wpv-column-d7d2db16e670aeb9c842a2afb4577fed" ><div class="row "><div class="wpv-grid grid-1-1  first unextended" style="padding-top:0px;padding-bottom:0px" id="wpv-column-1c33e5e671498f0dceacb150a8f47720" ><p>Ens allotjarem, amb l&#8217;autora, a <a href="https://www.hotelesdante.com/home/hotel-diana/">l´Hotel Diana</a>, situat en primera línia de mar en la població de Tossa de Mar (Costa Brava, Girona). Un petit i preciós hotel d&#8217;estil modernista que continua conservant l&#8217;estil arquitectònic i gran part de la decoració interior de l&#8217;antiga casa.</p>
<p><img loading="lazy" decoding="async" class="alignnone wp-image-30334 size-large" src="https://www.entelequiacultura.com/wp-content/uploads/2019/03/20190206_112050-1024x768.jpg" alt="" width="1024" height="768" srcset="https://www.entelequiacultura.com/wp-content/uploads/2019/03/20190206_112050-1024x768.jpg 1024w, https://www.entelequiacultura.com/wp-content/uploads/2019/03/20190206_112050-300x225.jpg 300w, https://www.entelequiacultura.com/wp-content/uploads/2019/03/20190206_112050-768x576.jpg 768w, https://www.entelequiacultura.com/wp-content/uploads/2019/03/20190206_112050-1140x855.jpg 1140w, https://www.entelequiacultura.com/wp-content/uploads/2019/03/20190206_112050-555x416.jpg 555w, https://www.entelequiacultura.com/wp-content/uploads/2019/03/20190206_112050-360x270.jpg 360w, https://www.entelequiacultura.com/wp-content/uploads/2019/03/20190206_112050-262x197.jpg 262w, https://www.entelequiacultura.com/wp-content/uploads/2019/03/20190206_112050-1320x990.jpg 1320w, https://www.entelequiacultura.com/wp-content/uploads/2019/03/20190206_112050-600x450.jpg 600w" sizes="(max-width: 1024px) 100vw, 1024px" /></p>
<p><img loading="lazy" decoding="async" class="alignnone wp-image-30336 size-large" src="https://www.entelequiacultura.com/wp-content/uploads/2019/03/17-min-1024x683.jpg" alt="" width="1024" height="683" srcset="https://www.entelequiacultura.com/wp-content/uploads/2019/03/17-min-1024x683.jpg 1024w, https://www.entelequiacultura.com/wp-content/uploads/2019/03/17-min-300x200.jpg 300w, https://www.entelequiacultura.com/wp-content/uploads/2019/03/17-min-768x512.jpg 768w, https://www.entelequiacultura.com/wp-content/uploads/2019/03/17-min-1140x760.jpg 1140w, https://www.entelequiacultura.com/wp-content/uploads/2019/03/17-min-555x370.jpg 555w, https://www.entelequiacultura.com/wp-content/uploads/2019/03/17-min-360x240.jpg 360w, https://www.entelequiacultura.com/wp-content/uploads/2019/03/17-min-262x175.jpg 262w, https://www.entelequiacultura.com/wp-content/uploads/2019/03/17-min-1320x880.jpg 1320w, https://www.entelequiacultura.com/wp-content/uploads/2019/03/17-min-600x400.jpg 600w" sizes="(max-width: 1024px) 100vw, 1024px" /></p>
<p><img loading="lazy" decoding="async" class="alignnone wp-image-30342 size-large" src="https://www.entelequiacultura.com/wp-content/uploads/2019/03/SALON_CHIMENEA282-1024x683.jpg" alt="" width="1024" height="683" srcset="https://www.entelequiacultura.com/wp-content/uploads/2019/03/SALON_CHIMENEA282-1024x683.jpg 1024w, https://www.entelequiacultura.com/wp-content/uploads/2019/03/SALON_CHIMENEA282-300x200.jpg 300w, https://www.entelequiacultura.com/wp-content/uploads/2019/03/SALON_CHIMENEA282-768x512.jpg 768w, https://www.entelequiacultura.com/wp-content/uploads/2019/03/SALON_CHIMENEA282-1140x760.jpg 1140w, https://www.entelequiacultura.com/wp-content/uploads/2019/03/SALON_CHIMENEA282-555x370.jpg 555w, https://www.entelequiacultura.com/wp-content/uploads/2019/03/SALON_CHIMENEA282-360x240.jpg 360w, https://www.entelequiacultura.com/wp-content/uploads/2019/03/SALON_CHIMENEA282-262x175.jpg 262w, https://www.entelequiacultura.com/wp-content/uploads/2019/03/SALON_CHIMENEA282-600x400.jpg 600w, https://www.entelequiacultura.com/wp-content/uploads/2019/03/SALON_CHIMENEA282.jpg 1200w" sizes="(max-width: 1024px) 100vw, 1024px" /></div></div></div>
<div class="wpv-grid grid-1-3  wpv-first-level unextended" style="padding-top:0px;padding-bottom:0px" id="wpv-column-6702a60b4302d26c2298c49c8f707f9a" ><div class="row "><div class="wpv-grid grid-1-1  first unextended" style="padding-top:0px;padding-bottom:0px" id="wpv-column-d9be05d2a11c6c2b3af9a1c0efb25a70" ><p><strong>SARA MESA</strong> (Madrid, 1976), és escriptora i periodista, resideix a Sevilla des de petita. És autora dels llibres de contes <i>La sobriedad del galápago</i> (2008),<i> No es fácil ser verde</i> (2009)&#8230; <a href="https://www.entelequiacultura.com/ca/sara-mesa/">+info</a></div></div>
<div class="row "><div class="wpv-grid grid-1-1 contenedor_detalles first unextended" style="padding-top:0px;padding-bottom:0px" id="wpv-column-754370bf7f7bc0723edf68fd41c99688" ><div class="row "><div class="wpv-grid grid-1-1  first unextended" style="padding-top:0px;padding-bottom:0px" id="wpv-column-ac9abd006541a205c3312da62e24c107" ><h2 style="text-align: center;">Detalls</h2></div></div>
<div class="row "><div class="wpv-grid grid-1-1  first unextended" style="padding-top:0px;padding-bottom:0px" id="wpv-column-dfe569ed4c72622923a1bc1782383e03" ><p><strong>Data: </strong>De l&#8217;1 al 3 de novembre 2019</p>
<p><strong>Lloc: </strong>Tossa de Mar (Girona)</p>
<p><strong>El recés inclou:</strong></p>
<ul>
<li>El taller</li>
<li>Allotjament en hotel**** (2 nits)</li>
<li>Pensió completa (6 àpats)</li>
<li>Pica pica en cada sessió del taller</li>
<li>Diploma acreditatiu</li>
<li>Assegurança</li>
</ul></div></div></div></div></div></div>

<p>Escriure és dir les coses d&#8217;una manera inesperada. Escapar del que es preveu. Evitar el llit ja solcat. Donar marrades, de la mateixa manera en què Holden Caulfield defensava la&#8230;</p>
