{"id":27553,"date":"2018-02-03T09:56:56","date_gmt":"2018-02-03T08:56:56","guid":{"rendered":"https:\/\/www.entelequiacultura.com\/?post_type=tribe_events&#038;p=27553"},"modified":"2024-01-30T16:28:44","modified_gmt":"2024-01-30T15:28:44","slug":"chantal-maillard-2-2","status":"publish","type":"tribe_events","link":"https:\/\/www.entelequiacultura.com\/ca\/esdeveniment\/chantal-maillard-2-2\/","title":{"rendered":"Rec\u00e9s amb la Chantal Maillard: &#8220;Entre Hilos y Husos&#8221; Estrat\u00e8gies d&#8217;observaci\u00f3 i deconstrucci\u00f3 del proc\u00e9s mental"},"content":{"rendered":"<div class=\"row \"><div class=\"wpv-grid grid-1-3  wpv-first-level first unextended\" style=\"padding-top:0px;padding-bottom:0px\" id=\"wpv-column-a3e2936bea8191517d2147da4904d638\" ><div class=\"row \"><div class=\"wpv-grid grid-1-1  first unextended\" style=\"padding-top:0px;padding-bottom:0px\" id=\"wpv-column-2c8b41c0c856f71b1ed5e6b2fb91d757\" ><h2>El taller<\/h2>\n<p>Som amos del que pensem? I del que sentim? Hi ha alg\u00fa darrere de la tramoia? I si pogu\u00e9ssim assistir a la representaci\u00f3?<\/p>\n<p>La intenci\u00f3 d&#8217;aquest taller \u00e9s la de iniciar-nos en la creaci\u00f3 d&#8217;una consci\u00e8ncia observadora capa\u00e7 de donar compte del proc\u00e9s mental, de seguir el fil que entrella\u00e7a les imatges, d&#8217;assistir a la formaci\u00f3 dels estats an\u00edmics i controlar les nostres anades i vingudes entre els fusos que els formen.<\/p>\n<p>A aquests efectes, s&#8217;alternar\u00e0 la teoria amb exercicis pr\u00e0ctics, l\u00fadics i de creaci\u00f3 personal.<\/p>\n<p><a href=\"\/?page_id=27413\">Llegir m\u00e9s<\/a><\/p>\n<p style=\"text-align: center;\">* * *<\/p>\n<h4><strong>Bibliografia recomenada<\/strong><\/h4>\n<ul>\n<li><em>Husos<\/em>, Pre-textos, 2006<\/li>\n<li><em>Hilos<\/em>, Tusquets, 2007<\/li>\n<li><em>La raz\u00f3n est\u00e9tica<\/em>, Galaxia Gutenberg, 2017<\/li>\n<li><em>La baba del caracol<\/em>, Vaso Roto, 2014<\/li>\n<\/ul><\/div><\/div>\n<div class=\"row \"><div class=\"wpv-grid grid-1-1  first unextended\" style=\"padding-top:0px;padding-bottom:0px\" id=\"wpv-column-d1ea50e301a621d8057c4cd3db56ac93\" ><\/div><\/div><\/div>\n<div class=\"wpv-grid grid-1-3  wpv-first-level unextended\" style=\"padding-top:0px;padding-bottom:0px\" id=\"wpv-column-5abaf381298420094a99157ea7c858b9\" ><div class=\"row \"><div class=\"wpv-grid grid-1-1  first unextended\" style=\"padding-top:0px;padding-bottom:0px\" id=\"wpv-column-06bf8bd78d3c21e3a4a6f8f91bdf2952\" ><h2>El lloc<\/h2>\n<p>Ens allotjarem, amb Chantal Maillard, a <a href=\"https:\/\/www.entelequiacultura.com\/ca\/?page_id=25881#tab-1-2-mas-berenguer\">Mas Berenguer<\/a>, una antiga masia del segle XVII que ha estat reformada al llarg dels anys respectant els valors arquitect\u00f2nics tradicionals. L&#8217;edifici disposa d&#8217;\u00e0mplies sales i salons, tots ells amb llar de foc, distribu\u00efts en les seves tres plantes. Tamb\u00e9 compta amb un recinte envidriat amb vistes als m\u00e9s de 7.000m2 de jard\u00ed que l&#8217;envolten, porxo, piscina, pista de p\u00e0del, sala de jocs i racons enjardinats per passejar.<\/p>\n<p>Situada als afores de C\u00e0noves i Samal\u00fas, a pocs minuts del poble modernista de La Garriga, a la falda del Parc Natural del Montseny.<\/p>\n<p><img loading=\"lazy\" decoding=\"async\" class=\"alignnone wp-image-27482 size-full\" src=\"https:\/\/www.entelequiacultura.com\/wp-content\/uploads\/2018\/02\/foto-67.jpg\" alt=\"\" width=\"1580\" height=\"1053\" srcset=\"https:\/\/www.entelequiacultura.com\/wp-content\/uploads\/2018\/02\/foto-67.jpg 1580w, https:\/\/www.entelequiacultura.com\/wp-content\/uploads\/2018\/02\/foto-67-600x400.jpg 600w, https:\/\/www.entelequiacultura.com\/wp-content\/uploads\/2018\/02\/foto-67-300x200.jpg 300w, https:\/\/www.entelequiacultura.com\/wp-content\/uploads\/2018\/02\/foto-67-768x512.jpg 768w, https:\/\/www.entelequiacultura.com\/wp-content\/uploads\/2018\/02\/foto-67-1024x682.jpg 1024w, https:\/\/www.entelequiacultura.com\/wp-content\/uploads\/2018\/02\/foto-67-1140x760.jpg 1140w, https:\/\/www.entelequiacultura.com\/wp-content\/uploads\/2018\/02\/foto-67-555x370.jpg 555w, https:\/\/www.entelequiacultura.com\/wp-content\/uploads\/2018\/02\/foto-67-360x240.jpg 360w, https:\/\/www.entelequiacultura.com\/wp-content\/uploads\/2018\/02\/foto-67-262x175.jpg 262w, https:\/\/www.entelequiacultura.com\/wp-content\/uploads\/2018\/02\/foto-67-1320x880.jpg 1320w\" sizes=\"(max-width: 1580px) 100vw, 1580px\" \/><\/p>\n<p><img loading=\"lazy\" decoding=\"async\" class=\"alignnone wp-image-27484 size-full\" src=\"https:\/\/www.entelequiacultura.com\/wp-content\/uploads\/2018\/02\/foto-100.jpg\" alt=\"\" width=\"1580\" height=\"1053\" srcset=\"https:\/\/www.entelequiacultura.com\/wp-content\/uploads\/2018\/02\/foto-100.jpg 1580w, https:\/\/www.entelequiacultura.com\/wp-content\/uploads\/2018\/02\/foto-100-600x400.jpg 600w, https:\/\/www.entelequiacultura.com\/wp-content\/uploads\/2018\/02\/foto-100-300x200.jpg 300w, https:\/\/www.entelequiacultura.com\/wp-content\/uploads\/2018\/02\/foto-100-768x512.jpg 768w, https:\/\/www.entelequiacultura.com\/wp-content\/uploads\/2018\/02\/foto-100-1024x682.jpg 1024w, https:\/\/www.entelequiacultura.com\/wp-content\/uploads\/2018\/02\/foto-100-1140x760.jpg 1140w, https:\/\/www.entelequiacultura.com\/wp-content\/uploads\/2018\/02\/foto-100-555x370.jpg 555w, https:\/\/www.entelequiacultura.com\/wp-content\/uploads\/2018\/02\/foto-100-360x240.jpg 360w, https:\/\/www.entelequiacultura.com\/wp-content\/uploads\/2018\/02\/foto-100-262x175.jpg 262w, https:\/\/www.entelequiacultura.com\/wp-content\/uploads\/2018\/02\/foto-100-1320x880.jpg 1320w\" sizes=\"(max-width: 1580px) 100vw, 1580px\" \/><\/div><\/div><\/div>\n<div class=\"wpv-grid grid-1-3  wpv-first-level unextended\" style=\"padding-top:0px;padding-bottom:0px\" id=\"wpv-column-0e8b6f766fcc3b09dd8a02dfa8371cd7\" ><div class=\"row \"><div class=\"wpv-grid grid-1-1  first unextended\" style=\"padding-top:0px;padding-bottom:0px\" id=\"wpv-column-05f77be2e74f3ac96376a687c64bfba3\" ><h2>L&#8217;autora<\/h2>\n<p><img loading=\"lazy\" decoding=\"async\" class=\"alignnone size-full wp-image-27057\" src=\"https:\/\/www.entelequiacultura.com\/wp-content\/uploads\/2018\/01\/Chantal-poeta.jpg\" alt=\"\" width=\"215\" height=\"215\" \/><\/p>\n<p>CHANTAL MAILLARD (Brussel\u00b7les, 1951). Doctora en Filosofia i Professora Titular de la Universitat de M\u00e0laga. Premi Nacional de Poesia pel llibre \u201cMatar a Plat\u00f3n\u201d (2004) i Premi de la Cr\u00edtica per \u201cHilos\u201d \u00a0(2007). El 1987 va viatjar a l\u2019\u00cdndia i es va especialitzar en Filosofia i Religions de l\u2019\u00cdndia a la Banaras Hindu University de Benar\u00e9s. Va dirigir l\u2019\u00c0rea d\u2019Est\u00e8tica i Teoria de les Arts de la Universitat de M\u00e0laga, en la qual va impartir doc\u00e8ncia fins a l\u2019any 2000, impulsant els estudis de Filosofia i Est\u00e8tica comparada&#8230;\u00a0<a href=\"https:\/\/www.entelequiacultura.com\/ca\/chantal-maillard\/\">+info<\/a><\/div><\/div><\/div><\/div>\n<div class=\"row \"><div class=\"wpv-grid grid-1-1  wpv-first-level first unextended\" style=\"padding-top:0px;padding-bottom:0px\" id=\"wpv-column-02713cb6e16d9e970a09fad619c8591d\" ><\/div><\/div>\n","protected":false},"excerpt":{"rendered":"<p>El taller Som amos del que pensem? I del que sentim? Hi ha alg\u00fa darrere de la tramoia? I si pogu\u00e9ssim assistir a la representaci\u00f3? La intenci\u00f3 d&#8217;aquest taller \u00e9s&#8230;<\/p>\n","protected":false},"author":1,"featured_media":40550,"template":"","meta":{"_price":"","_stock":"","_tribe_ticket_header":"","_tribe_default_ticket_provider":"","_tribe_ticket_capacity":"0","_ticket_start_date":"","_ticket_end_date":"","_tribe_ticket_show_description":"","_tribe_ticket_show_not_going":false,"_tribe_ticket_use_global_stock":"","_tribe_ticket_global_stock_level":"","_global_stock_mode":"","_global_stock_cap":"","_tribe_rsvp_for_event":"","_tribe_ticket_going_count":"","_tribe_ticket_not_going_count":"","_tribe_tickets_list":"[]","_tribe_ticket_has_attendee_info_fields":false,"_tribe_events_status":"","_tribe_events_status_reason":"","footnotes":"","_tec_slr_enabled":"","_tec_slr_layout":""},"tags":[],"tribe_events_cat":[188,690],"class_list":["post-27553","tribe_events","type-tribe_events","status-publish","has-post-thumbnail","hentry","tribe_events_cat-pensament","tribe_events_cat-retirs-culturals-ca","cat_pensament","cat_retirs-culturals-ca"],"aioseo_notices":[],"ticketed":false,"_links":{"self":[{"href":"https:\/\/www.entelequiacultura.com\/ca\/wp-json\/wp\/v2\/tribe_events\/27553","targetHints":{"allow":["GET"]}}],"collection":[{"href":"https:\/\/www.entelequiacultura.com\/ca\/wp-json\/wp\/v2\/tribe_events"}],"about":[{"href":"https:\/\/www.entelequiacultura.com\/ca\/wp-json\/wp\/v2\/types\/tribe_events"}],"author":[{"embeddable":true,"href":"https:\/\/www.entelequiacultura.com\/ca\/wp-json\/wp\/v2\/users\/1"}],"version-history":[{"count":0,"href":"https:\/\/www.entelequiacultura.com\/ca\/wp-json\/wp\/v2\/tribe_events\/27553\/revisions"}],"wp:featuredmedia":[{"embeddable":true,"href":"https:\/\/www.entelequiacultura.com\/ca\/wp-json\/wp\/v2\/media\/40550"}],"wp:attachment":[{"href":"https:\/\/www.entelequiacultura.com\/ca\/wp-json\/wp\/v2\/media?parent=27553"}],"wp:term":[{"taxonomy":"post_tag","embeddable":true,"href":"https:\/\/www.entelequiacultura.com\/ca\/wp-json\/wp\/v2\/tags?post=27553"},{"taxonomy":"tribe_events_cat","embeddable":true,"href":"https:\/\/www.entelequiacultura.com\/ca\/wp-json\/wp\/v2\/tribe_events_cat?post=27553"}],"curies":[{"name":"wp","href":"https:\/\/api.w.org\/{rel}","templated":true}]}}

Recés amb la Chantal Maillard: &#8220;Entre Hilos y Husos&#8221; Estratègies d&#8217;observació i deconstrucció del procés mental

<div class="row "><div class="wpv-grid grid-1-3  wpv-first-level first unextended" style="padding-top:0px;padding-bottom:0px" id="wpv-column-a3e2936bea8191517d2147da4904d638" ><div class="row "><div class="wpv-grid grid-1-1  first unextended" style="padding-top:0px;padding-bottom:0px" id="wpv-column-2c8b41c0c856f71b1ed5e6b2fb91d757" ><h2>El taller</h2>
<p>Som amos del que pensem? I del que sentim? Hi ha algú darrere de la tramoia? I si poguéssim assistir a la representació?</p>
<p>La intenció d&#8217;aquest taller és la de iniciar-nos en la creació d&#8217;una consciència observadora capaç de donar compte del procés mental, de seguir el fil que entrellaça les imatges, d&#8217;assistir a la formació dels estats anímics i controlar les nostres anades i vingudes entre els fusos que els formen.</p>
<p>A aquests efectes, s&#8217;alternarà la teoria amb exercicis pràctics, lúdics i de creació personal.</p>
<p><a href="/?page_id=27413">Llegir més</a></p>
<p style="text-align: center;">* * *</p>
<h4><strong>Bibliografia recomenada</strong></h4>
<ul>
<li><em>Husos</em>, Pre-textos, 2006</li>
<li><em>Hilos</em>, Tusquets, 2007</li>
<li><em>La razón estética</em>, Galaxia Gutenberg, 2017</li>
<li><em>La baba del caracol</em>, Vaso Roto, 2014</li>
</ul></div></div>
<div class="row "><div class="wpv-grid grid-1-1  first unextended" style="padding-top:0px;padding-bottom:0px" id="wpv-column-d1ea50e301a621d8057c4cd3db56ac93" ></div></div></div>
<div class="wpv-grid grid-1-3  wpv-first-level unextended" style="padding-top:0px;padding-bottom:0px" id="wpv-column-5abaf381298420094a99157ea7c858b9" ><div class="row "><div class="wpv-grid grid-1-1  first unextended" style="padding-top:0px;padding-bottom:0px" id="wpv-column-06bf8bd78d3c21e3a4a6f8f91bdf2952" ><h2>El lloc</h2>
<p>Ens allotjarem, amb Chantal Maillard, a <a href="https://www.entelequiacultura.com/ca/?page_id=25881#tab-1-2-mas-berenguer">Mas Berenguer</a>, una antiga masia del segle XVII que ha estat reformada al llarg dels anys respectant els valors arquitectònics tradicionals. L&#8217;edifici disposa d&#8217;àmplies sales i salons, tots ells amb llar de foc, distribuïts en les seves tres plantes. També compta amb un recinte envidriat amb vistes als més de 7.000m2 de jardí que l&#8217;envolten, porxo, piscina, pista de pàdel, sala de jocs i racons enjardinats per passejar.</p>
<p>Situada als afores de Cànoves i Samalús, a pocs minuts del poble modernista de La Garriga, a la falda del Parc Natural del Montseny.</p>
<p><img loading="lazy" decoding="async" class="alignnone wp-image-27482 size-full" src="https://www.entelequiacultura.com/wp-content/uploads/2018/02/foto-67.jpg" alt="" width="1580" height="1053" srcset="https://www.entelequiacultura.com/wp-content/uploads/2018/02/foto-67.jpg 1580w, https://www.entelequiacultura.com/wp-content/uploads/2018/02/foto-67-600x400.jpg 600w, https://www.entelequiacultura.com/wp-content/uploads/2018/02/foto-67-300x200.jpg 300w, https://www.entelequiacultura.com/wp-content/uploads/2018/02/foto-67-768x512.jpg 768w, https://www.entelequiacultura.com/wp-content/uploads/2018/02/foto-67-1024x682.jpg 1024w, https://www.entelequiacultura.com/wp-content/uploads/2018/02/foto-67-1140x760.jpg 1140w, https://www.entelequiacultura.com/wp-content/uploads/2018/02/foto-67-555x370.jpg 555w, https://www.entelequiacultura.com/wp-content/uploads/2018/02/foto-67-360x240.jpg 360w, https://www.entelequiacultura.com/wp-content/uploads/2018/02/foto-67-262x175.jpg 262w, https://www.entelequiacultura.com/wp-content/uploads/2018/02/foto-67-1320x880.jpg 1320w" sizes="(max-width: 1580px) 100vw, 1580px" /></p>
<p><img loading="lazy" decoding="async" class="alignnone wp-image-27484 size-full" src="https://www.entelequiacultura.com/wp-content/uploads/2018/02/foto-100.jpg" alt="" width="1580" height="1053" srcset="https://www.entelequiacultura.com/wp-content/uploads/2018/02/foto-100.jpg 1580w, https://www.entelequiacultura.com/wp-content/uploads/2018/02/foto-100-600x400.jpg 600w, https://www.entelequiacultura.com/wp-content/uploads/2018/02/foto-100-300x200.jpg 300w, https://www.entelequiacultura.com/wp-content/uploads/2018/02/foto-100-768x512.jpg 768w, https://www.entelequiacultura.com/wp-content/uploads/2018/02/foto-100-1024x682.jpg 1024w, https://www.entelequiacultura.com/wp-content/uploads/2018/02/foto-100-1140x760.jpg 1140w, https://www.entelequiacultura.com/wp-content/uploads/2018/02/foto-100-555x370.jpg 555w, https://www.entelequiacultura.com/wp-content/uploads/2018/02/foto-100-360x240.jpg 360w, https://www.entelequiacultura.com/wp-content/uploads/2018/02/foto-100-262x175.jpg 262w, https://www.entelequiacultura.com/wp-content/uploads/2018/02/foto-100-1320x880.jpg 1320w" sizes="(max-width: 1580px) 100vw, 1580px" /></div></div></div>
<div class="wpv-grid grid-1-3  wpv-first-level unextended" style="padding-top:0px;padding-bottom:0px" id="wpv-column-0e8b6f766fcc3b09dd8a02dfa8371cd7" ><div class="row "><div class="wpv-grid grid-1-1  first unextended" style="padding-top:0px;padding-bottom:0px" id="wpv-column-05f77be2e74f3ac96376a687c64bfba3" ><h2>L&#8217;autora</h2>
<p><img loading="lazy" decoding="async" class="alignnone size-full wp-image-27057" src="https://www.entelequiacultura.com/wp-content/uploads/2018/01/Chantal-poeta.jpg" alt="" width="215" height="215" /></p>
<p>CHANTAL MAILLARD (Brussel·les, 1951). Doctora en Filosofia i Professora Titular de la Universitat de Màlaga. Premi Nacional de Poesia pel llibre “Matar a Platón” (2004) i Premi de la Crítica per “Hilos”  (2007). El 1987 va viatjar a l’Índia i es va especialitzar en Filosofia i Religions de l’Índia a la Banaras Hindu University de Benarés. Va dirigir l’Àrea d’Estètica i Teoria de les Arts de la Universitat de Màlaga, en la qual va impartir docència fins a l’any 2000, impulsant els estudis de Filosofia i Estètica comparada&#8230; <a href="https://www.entelequiacultura.com/ca/chantal-maillard/">+info</a></div></div></div></div>
<div class="row "><div class="wpv-grid grid-1-1  wpv-first-level first unextended" style="padding-top:0px;padding-bottom:0px" id="wpv-column-02713cb6e16d9e970a09fad619c8591d" ></div></div>

<p>El taller Som amos del que pensem? I del que sentim? Hi ha algú darrere de la tramoia? I si poguéssim assistir a la representació? La intenció d&#8217;aquest taller és&#8230;</p>
