{"id":44769,"date":"2026-04-14T09:46:44","date_gmt":"2026-04-14T07:46:44","guid":{"rendered":"https:\/\/www.entelequiacultura.com\/?page_id=44769"},"modified":"2026-04-14T09:47:50","modified_gmt":"2026-04-14T07:47:50","slug":"mario-obrero","status":"publish","type":"page","link":"https:\/\/www.entelequiacultura.com\/ca\/mario-obrero\/","title":{"rendered":"Mario Obrero"},"content":{"rendered":"<div class=\"row \"><div class=\"wpv-grid grid-1-1  wpv-first-level first unextended\" style=\"padding-top:0px;padding-bottom:0px\" id=\"wpv-column-a8302c176ea541bad736d12322aebda8\" ><div class=\"row \"><div class=\"wpv-grid grid-1-2  first unextended\" style=\"padding-top:0px;padding-bottom:0px\" id=\"wpv-column-67139c09a20b926142279e1fa5a59f69\" ><div class=\"row \"><div class=\"wpv-grid grid-1-1  first unextended\" style=\"padding-top:0px;padding-bottom:0px\" id=\"wpv-column-484e6379b1aa034c6ccbc0bb46b5d9b8\" ><p><div id=\"attachment_44751\" style=\"width: 660px\" class=\"wp-caption alignnone\"><img loading=\"lazy\" decoding=\"async\" aria-describedby=\"caption-attachment-44751\" class=\"wp-image-44751 size-full\" src=\"https:\/\/www.entelequiacultura.com\/wp-content\/uploads\/2026\/04\/foto-Mario-Obrero-650.jpg\" alt=\"\" width=\"650\" height=\"650\" srcset=\"https:\/\/www.entelequiacultura.com\/wp-content\/uploads\/2026\/04\/foto-Mario-Obrero-650.jpg 650w, https:\/\/www.entelequiacultura.com\/wp-content\/uploads\/2026\/04\/foto-Mario-Obrero-650-300x300.jpg 300w, https:\/\/www.entelequiacultura.com\/wp-content\/uploads\/2026\/04\/foto-Mario-Obrero-650-150x150.jpg 150w, https:\/\/www.entelequiacultura.com\/wp-content\/uploads\/2026\/04\/foto-Mario-Obrero-650-60x60.jpg 60w, https:\/\/www.entelequiacultura.com\/wp-content\/uploads\/2026\/04\/foto-Mario-Obrero-650-43x43.jpg 43w, https:\/\/www.entelequiacultura.com\/wp-content\/uploads\/2026\/04\/foto-Mario-Obrero-650-106x106.jpg 106w, https:\/\/www.entelequiacultura.com\/wp-content\/uploads\/2026\/04\/foto-Mario-Obrero-650-555x555.jpg 555w, https:\/\/www.entelequiacultura.com\/wp-content\/uploads\/2026\/04\/foto-Mario-Obrero-650-360x360.jpg 360w, https:\/\/www.entelequiacultura.com\/wp-content\/uploads\/2026\/04\/foto-Mario-Obrero-650-262x262.jpg 262w, https:\/\/www.entelequiacultura.com\/wp-content\/uploads\/2026\/04\/foto-Mario-Obrero-650-600x600.jpg 600w, https:\/\/www.entelequiacultura.com\/wp-content\/uploads\/2026\/04\/foto-Mario-Obrero-650-100x100.jpg 100w\" sizes=\"(max-width: 650px) 100vw, 650px\" \/><p id=\"caption-attachment-44751\" class=\"wp-caption-text\">@ Juan Manuel Serrano Arce<\/p><\/div><\/div><\/div><\/div>\n<div class=\"wpv-grid grid-1-2  unextended\" style=\"padding-top:0px;padding-bottom:0px\" id=\"wpv-column-fc10a4f84d75ba97fef5fbe6b118df58\" ><div class=\"row \"><div class=\"wpv-grid grid-1-1  first unextended\" style=\"padding-top:0px;padding-bottom:0px\" id=\"wpv-column-6529e3915eef8ebe81311481fa10b7a8\" ><p>MARIO OBRERO (Madrid, 2003) ha publicat\u00a0<em>Carpinteri\u0301a de armo\u0301nicos\u00a0<\/em>(XIV Premio de Poes\u00eda Joven Fe\u0301lix Grande; Universitat Popular Jose\u0301 Hierro, 2018),\u00a0<em>Ese ruido ya pa\u0301jaro\u00a0<\/em>(Ediciones Entrici\u0301clopes, 2019),\u00a0<em>Peachtree\u00a0<\/em>City (XXXIII Premio Loewe a la Creaci\u00f3n Joven; Visor, 2021), \u00a0<em>Cerezas sobre la muerte\u00a0<\/em>(La Bella Varsovia, 2022) i\u00a0<em>Con e de curcusp\u00edn\u00a0<\/em>(Anagrama, 2025). Ha col\u00b7laborat amb RTVE en espais de divulgaci\u00f3 de la poesia, actualment participa en el programa Vost\u00e8 Primer de RAC1. Va rebre el Premi Nacional de Juventud 2023 en la categoria de cultura. Va estudiar Bachillerat de Humanitats en el IES p\u00fablic La Senda de Getafe.<\/div><\/div><\/div><\/div><\/div><\/div>\n\t\t<div class=\"sep-text single centered\">\n\t\t\t\t\t\t\t<span class=\"sep-text-before\"><div class=\"sep-text-line\"><\/div><\/span>\n\t\t\t\t\t\t<div class=\"content\">\n\t\t\t\t<h2 class=\"text-divider-double\">\nEsdeveniments amb l&#8217;autor<\/h2>\t\t\t<\/div>\n\t\t\t<span class=\"sep-text-after\"><div class=\"sep-text-line\"><\/div><\/span>\n\t\t\t\t\t<\/div>\n\t\n<div class=\"row \"><div class=\"wpv-grid grid-1-1  wpv-first-level first extended no-extended-padding\" style=\"padding-top:0px;padding-bottom:0px\" id=\"wpv-column-5e08729b2ee9da4070892bb896902095\" ><div class=\"extended-column-inner\"><div class=\"row \"><div class=\"wpv-grid grid-1-3  first has-background unextended animation-fade-in animated-active\" style=\"\n\t\t\t\tbackground: url('https:\/\/www.entelequiacultura.com\/wp-content\/uploads\/2026\/04\/erizo-.jpg') no-repeat center top;\n\t\t\t\tbackground-size: cover;\n\t\t\t\tbackground-attachment: ;\n\t\t\tbackground-color:#1512f9;padding-top:0px;padding-bottom:20px\" id=\"wpv-column-b97175d77f8bee570f70677e1a8f3450\" ><style>#wpv-column-b97175d77f8bee570f70677e1a8f3450 p,#wpv-column-b97175d77f8bee570f70677e1a8f3450 em,#wpv-column-b97175d77f8bee570f70677e1a8f3450 .column-title,#wpv-column-b97175d77f8bee570f70677e1a8f3450 .sep-text h2.regular-title-wrapper,#wpv-column-b97175d77f8bee570f70677e1a8f3450 .text-divider-double,#wpv-column-b97175d77f8bee570f70677e1a8f3450 .sep-text .sep-text-line,#wpv-column-b97175d77f8bee570f70677e1a8f3450 .sep,#wpv-column-b97175d77f8bee570f70677e1a8f3450 .sep-2,#wpv-column-b97175d77f8bee570f70677e1a8f3450 .sep-3{color:#fff;}#wpv-column-b97175d77f8bee570f70677e1a8f3450:before{background-color:transparent;}<\/style><div class=\"row \"><div class=\"wpv-grid grid-1-1  first unextended animation-zoom-in animated-active\" style=\"padding-top:0px;padding-bottom:0px\" id=\"wpv-column-eca21ef1d88953905b2cfc76a416a464\" ><div class=\"push\" style='height:40px'><\/div>\n<h1 style=\"text-align: center; color: #ffffff;\"><span style=\"color: #ffffff;\">La poesia \u00e9s un eri\u00e7\u00f3<\/span><\/h1>\n<p style=\"text-align: center; color: #ffffff;\"><div class=\"push\" style='height:40px'><\/div>\n<p style=\"text-align: center; color: #ffffff;\"><p class=\"textcenter\"><a href=\"https:\/\/www.entelequiacultura.com\/ca\/evento\/taller-mario-obrero-2026\/\" target=\"_self\" style='font-size: 18px;' class=\"button vamtam-button accent8  button-border hover-accent1 \"><span class=\"btext\">VEURE<\/span><\/a><\/p><\/div><\/div>\n<div class=\"row \"><div class=\"wpv-grid grid-1-1  first unextended\" style=\"padding-top:0px;padding-bottom:0px\" id=\"wpv-column-1f98fc8b4a2cd60adf1ca8a586c68fb6\" ><p style=\"text-align: left;\">Taller de poesia<br \/>\n23 maig 2026<\/div><\/div><\/div><\/div><\/div><\/div><\/div>\n<div class=\"push\" style='height:10px'><\/div>\n","protected":false},"excerpt":{"rendered":"<p>MARIO OBRERO (Madrid, 2003) ha publicat\u00a0Carpinteri\u0301a de armo\u0301nicos\u00a0(XIV Premio de Poes\u00eda Joven Fe\u0301lix Grande; Universitat Popular Jose\u0301 Hierro, 2018),\u00a0Ese ruido ya pa\u0301jaro\u00a0(Ediciones Entrici\u0301clopes, 2019),\u00a0Peachtree\u00a0City (XXXIII Premio Loewe a la Creaci\u00f3n&#8230;<\/p>\n","protected":false},"author":1,"featured_media":44751,"parent":0,"menu_order":0,"comment_status":"closed","ping_status":"closed","template":"","meta":{"_price":"","_stock":"","_tribe_ticket_header":"","_tribe_default_ticket_provider":"","_tribe_ticket_capacity":"0","_ticket_start_date":"","_ticket_end_date":"","_tribe_ticket_show_description":"","_tribe_ticket_show_not_going":false,"_tribe_ticket_use_global_stock":"","_tribe_ticket_global_stock_level":"","_global_stock_mode":"","_global_stock_cap":"","_tribe_rsvp_for_event":"","_tribe_ticket_going_count":"","_tribe_ticket_not_going_count":"","_tribe_tickets_list":"[]","_tribe_ticket_has_attendee_info_fields":false,"footnotes":"","_tec_slr_enabled":"","_tec_slr_layout":""},"class_list":["post-44769","page","type-page","status-publish","has-post-thumbnail","hentry"],"aioseo_notices":[],"ticketed":false,"_links":{"self":[{"href":"https:\/\/www.entelequiacultura.com\/ca\/wp-json\/wp\/v2\/pages\/44769","targetHints":{"allow":["GET"]}}],"collection":[{"href":"https:\/\/www.entelequiacultura.com\/ca\/wp-json\/wp\/v2\/pages"}],"about":[{"href":"https:\/\/www.entelequiacultura.com\/ca\/wp-json\/wp\/v2\/types\/page"}],"author":[{"embeddable":true,"href":"https:\/\/www.entelequiacultura.com\/ca\/wp-json\/wp\/v2\/users\/1"}],"replies":[{"embeddable":true,"href":"https:\/\/www.entelequiacultura.com\/ca\/wp-json\/wp\/v2\/comments?post=44769"}],"version-history":[{"count":1,"href":"https:\/\/www.entelequiacultura.com\/ca\/wp-json\/wp\/v2\/pages\/44769\/revisions"}],"predecessor-version":[{"id":44773,"href":"https:\/\/www.entelequiacultura.com\/ca\/wp-json\/wp\/v2\/pages\/44769\/revisions\/44773"}],"wp:featuredmedia":[{"embeddable":true,"href":"https:\/\/www.entelequiacultura.com\/ca\/wp-json\/wp\/v2\/media\/44751"}],"wp:attachment":[{"href":"https:\/\/www.entelequiacultura.com\/ca\/wp-json\/wp\/v2\/media?parent=44769"}],"curies":[{"name":"wp","href":"https:\/\/api.w.org\/{rel}","templated":true}]}}

<div class="row "><div class="wpv-grid grid-1-1  wpv-first-level first unextended" style="padding-top:0px;padding-bottom:0px" id="wpv-column-a8302c176ea541bad736d12322aebda8" ><div class="row "><div class="wpv-grid grid-1-2  first unextended" style="padding-top:0px;padding-bottom:0px" id="wpv-column-67139c09a20b926142279e1fa5a59f69" ><div class="row "><div class="wpv-grid grid-1-1  first unextended" style="padding-top:0px;padding-bottom:0px" id="wpv-column-484e6379b1aa034c6ccbc0bb46b5d9b8" ><p><div id="attachment_44751" style="width: 660px" class="wp-caption alignnone"><img loading="lazy" decoding="async" aria-describedby="caption-attachment-44751" class="wp-image-44751 size-full" src="https://www.entelequiacultura.com/wp-content/uploads/2026/04/foto-Mario-Obrero-650.jpg" alt="" width="650" height="650" srcset="https://www.entelequiacultura.com/wp-content/uploads/2026/04/foto-Mario-Obrero-650.jpg 650w, https://www.entelequiacultura.com/wp-content/uploads/2026/04/foto-Mario-Obrero-650-300x300.jpg 300w, https://www.entelequiacultura.com/wp-content/uploads/2026/04/foto-Mario-Obrero-650-150x150.jpg 150w, https://www.entelequiacultura.com/wp-content/uploads/2026/04/foto-Mario-Obrero-650-60x60.jpg 60w, https://www.entelequiacultura.com/wp-content/uploads/2026/04/foto-Mario-Obrero-650-43x43.jpg 43w, https://www.entelequiacultura.com/wp-content/uploads/2026/04/foto-Mario-Obrero-650-106x106.jpg 106w, https://www.entelequiacultura.com/wp-content/uploads/2026/04/foto-Mario-Obrero-650-555x555.jpg 555w, https://www.entelequiacultura.com/wp-content/uploads/2026/04/foto-Mario-Obrero-650-360x360.jpg 360w, https://www.entelequiacultura.com/wp-content/uploads/2026/04/foto-Mario-Obrero-650-262x262.jpg 262w, https://www.entelequiacultura.com/wp-content/uploads/2026/04/foto-Mario-Obrero-650-600x600.jpg 600w, https://www.entelequiacultura.com/wp-content/uploads/2026/04/foto-Mario-Obrero-650-100x100.jpg 100w" sizes="(max-width: 650px) 100vw, 650px" /><p id="caption-attachment-44751" class="wp-caption-text">@ Juan Manuel Serrano Arce</p></div></div></div></div>
<div class="wpv-grid grid-1-2  unextended" style="padding-top:0px;padding-bottom:0px" id="wpv-column-fc10a4f84d75ba97fef5fbe6b118df58" ><div class="row "><div class="wpv-grid grid-1-1  first unextended" style="padding-top:0px;padding-bottom:0px" id="wpv-column-6529e3915eef8ebe81311481fa10b7a8" ><p>MARIO OBRERO (Madrid, 2003) ha publicat <em>Carpintería de armónicos </em>(XIV Premio de Poesía Joven Félix Grande; Universitat Popular José Hierro, 2018), <em>Ese ruido ya pájaro </em>(Ediciones Entricíclopes, 2019), <em>Peachtree </em>City (XXXIII Premio Loewe a la Creación Joven; Visor, 2021),  <em>Cerezas sobre la muerte </em>(La Bella Varsovia, 2022) i <em>Con e de curcuspín </em>(Anagrama, 2025). Ha col·laborat amb RTVE en espais de divulgació de la poesia, actualment participa en el programa Vostè Primer de RAC1. Va rebre el Premi Nacional de Juventud 2023 en la categoria de cultura. Va estudiar Bachillerat de Humanitats en el IES públic La Senda de Getafe.</div></div></div></div></div></div>
		<div class="sep-text single centered">
							<span class="sep-text-before"><div class="sep-text-line"></div></span>
						<div class="content">
				<h2 class="text-divider-double">
Esdeveniments amb l&#8217;autor</h2>			</div>
			<span class="sep-text-after"><div class="sep-text-line"></div></span>
					</div>
	
<div class="row "><div class="wpv-grid grid-1-1  wpv-first-level first extended no-extended-padding" style="padding-top:0px;padding-bottom:0px" id="wpv-column-5e08729b2ee9da4070892bb896902095" ><div class="extended-column-inner"><div class="row "><div class="wpv-grid grid-1-3  first has-background unextended animation-fade-in animated-active" style="
				background: url('https://www.entelequiacultura.com/wp-content/uploads/2026/04/erizo-.jpg') no-repeat center top;
				background-size: cover;
				background-attachment: ;
			background-color:#1512f9;padding-top:0px;padding-bottom:20px" id="wpv-column-b97175d77f8bee570f70677e1a8f3450" ><style>#wpv-column-b97175d77f8bee570f70677e1a8f3450 p,#wpv-column-b97175d77f8bee570f70677e1a8f3450 em,#wpv-column-b97175d77f8bee570f70677e1a8f3450 .column-title,#wpv-column-b97175d77f8bee570f70677e1a8f3450 .sep-text h2.regular-title-wrapper,#wpv-column-b97175d77f8bee570f70677e1a8f3450 .text-divider-double,#wpv-column-b97175d77f8bee570f70677e1a8f3450 .sep-text .sep-text-line,#wpv-column-b97175d77f8bee570f70677e1a8f3450 .sep,#wpv-column-b97175d77f8bee570f70677e1a8f3450 .sep-2,#wpv-column-b97175d77f8bee570f70677e1a8f3450 .sep-3{color:#fff;}#wpv-column-b97175d77f8bee570f70677e1a8f3450:before{background-color:transparent;}</style><div class="row "><div class="wpv-grid grid-1-1  first unextended animation-zoom-in animated-active" style="padding-top:0px;padding-bottom:0px" id="wpv-column-eca21ef1d88953905b2cfc76a416a464" ><div class="push" style='height:40px'></div>
<h1 style="text-align: center; color: #ffffff;"><span style="color: #ffffff;">La poesia és un eriçó</span></h1>
<p style="text-align: center; color: #ffffff;"><div class="push" style='height:40px'></div>
<p style="text-align: center; color: #ffffff;"><p class="textcenter"><a href="https://www.entelequiacultura.com/ca/evento/taller-mario-obrero-2026/" target="_self" style='font-size: 18px;' class="button vamtam-button accent8  button-border hover-accent1 "><span class="btext">VEURE</span></a></p></div></div>
<div class="row "><div class="wpv-grid grid-1-1  first unextended" style="padding-top:0px;padding-bottom:0px" id="wpv-column-1f98fc8b4a2cd60adf1ca8a586c68fb6" ><p style="text-align: left;">Taller de poesia<br />
23 maig 2026</div></div></div></div></div></div></div>
<div class="push" style='height:10px'></div>

<p>MARIO OBRERO (Madrid, 2003) ha publicat Carpintería de armónicos (XIV Premio de Poesía Joven Félix Grande; Universitat Popular José Hierro, 2018), Ese ruido ya pájaro (Ediciones Entricíclopes, 2019), Peachtree City (XXXIII Premio Loewe a la Creación&#8230;</p>
