{"id":43824,"date":"2025-11-18T10:29:59","date_gmt":"2025-11-18T09:29:59","guid":{"rendered":"https:\/\/www.entelequiacultura.com\/?page_id=43824"},"modified":"2025-11-18T10:41:08","modified_gmt":"2025-11-18T09:41:08","slug":"maria-teresa-rodriguez-de-castro","status":"publish","type":"page","link":"https:\/\/www.entelequiacultura.com\/ca\/maria-teresa-rodriguez-de-castro\/","title":{"rendered":"Mar\u00eda Teresa Rodr\u00edguez de Castro"},"content":{"rendered":"<div class=\"row \"><div class=\"wpv-grid grid-1-1  wpv-first-level first unextended\" style=\"padding-top:0px;padding-bottom:0px\" id=\"wpv-column-ae58e4dfe89508ceff0024c7022da228\" ><div class=\"row \"><div class=\"wpv-grid grid-1-2  first unextended\" style=\"padding-top:0px;padding-bottom:0px\" id=\"wpv-column-64fde34377a8da7d330b6556a4306333\" ><div class=\"row \"><div class=\"wpv-grid grid-1-1  first unextended\" style=\"padding-top:0px;padding-bottom:0px\" id=\"wpv-column-4b047457ebf03ce524a255bf820b7f8f\" ><p><img loading=\"lazy\" decoding=\"async\" class=\"alignnone wp-image-43650 size-full\" src=\"https:\/\/www.entelequiacultura.com\/wp-content\/uploads\/2025\/11\/MTRC-650.jpg\" alt=\"\" width=\"650\" height=\"649\" srcset=\"https:\/\/www.entelequiacultura.com\/wp-content\/uploads\/2025\/11\/MTRC-650.jpg 650w, https:\/\/www.entelequiacultura.com\/wp-content\/uploads\/2025\/11\/MTRC-650-300x300.jpg 300w, https:\/\/www.entelequiacultura.com\/wp-content\/uploads\/2025\/11\/MTRC-650-150x150.jpg 150w, https:\/\/www.entelequiacultura.com\/wp-content\/uploads\/2025\/11\/MTRC-650-60x60.jpg 60w, https:\/\/www.entelequiacultura.com\/wp-content\/uploads\/2025\/11\/MTRC-650-43x43.jpg 43w, https:\/\/www.entelequiacultura.com\/wp-content\/uploads\/2025\/11\/MTRC-650-106x106.jpg 106w, https:\/\/www.entelequiacultura.com\/wp-content\/uploads\/2025\/11\/MTRC-650-555x554.jpg 555w, https:\/\/www.entelequiacultura.com\/wp-content\/uploads\/2025\/11\/MTRC-650-360x359.jpg 360w, https:\/\/www.entelequiacultura.com\/wp-content\/uploads\/2025\/11\/MTRC-650-262x262.jpg 262w, https:\/\/www.entelequiacultura.com\/wp-content\/uploads\/2025\/11\/MTRC-650-600x599.jpg 600w, https:\/\/www.entelequiacultura.com\/wp-content\/uploads\/2025\/11\/MTRC-650-100x100.jpg 100w\" sizes=\"(max-width: 650px) 100vw, 650px\" \/><\/div><\/div><\/div>\n<div class=\"wpv-grid grid-1-2  unextended\" style=\"padding-top:0px;padding-bottom:0px\" id=\"wpv-column-ea8dedeb51826efdc4ff17686ba19e56\" ><div class=\"row \"><div class=\"wpv-grid grid-1-1  first unextended\" style=\"padding-top:0px;padding-bottom:0px\" id=\"wpv-column-c344bb8fbcb9d8a45c4aaea9152ec821\" ><p>MAR\u00cdA TERESA RODR\u00cdGUEZ DE CASTRO \u00e9s coautora al costat de Jos\u00e9 Antonio Marina del llibre \u201cLa conspiraci\u00f3n de las lectoras\u201d, sobre el Lyceum Club de Madrid (Anagrama, 2009). Va participar com a investigadora en el llibre \u201cLa revoluci\u00f3n de las mujeres. Cr\u00f3nica gr\u00e1fica de una revoluci\u00f3n silenciosa\u201d (J de J Editors, 2006). Llicenciada en Dret, dirigeix l\u2019\u00e0rea human\u00edstica de Optometr-*IA al cubo. Del Dret va fer el salt al m\u00f3n educatiu pel seu inter\u00e8s en la intel\u00b7lig\u00e8ncia col\u00b7lectiva, les seves creacions i possibilitats. Va escriure sobre l\u2019origen dels moviments socials en la revista \u201cQuaderns de Pedagogia\u201d. \u00c9s tamb\u00e9 autora dels llibres: \u201cAmores el\u00edpticos\u201d (Cataracta, 2023) i \u201cEl fuego y la p\u00farpura\u201d (La Huerta Grande, 2024). Va escriure al costat de Jos\u00e9 Antonio Marina \u201cEl bucle prodigioso\u201d, que exposa el seu sistema filos\u00f2fic en diferents tesis (Anagrama 2012).<\/div><\/div><\/div><\/div><\/div><\/div>\n\t\t<div class=\"sep-text single centered\">\n\t\t\t\t\t\t\t<span class=\"sep-text-before\"><div class=\"sep-text-line\"><\/div><\/span>\n\t\t\t\t\t\t<div class=\"content\">\n\t\t\t\t<h2 class=\"text-divider-double\">\nEsdeveniments amb l&#8217;autora<br \/>\n<\/h2>\t\t\t<\/div>\n\t\t\t<span class=\"sep-text-after\"><div class=\"sep-text-line\"><\/div><\/span>\n\t\t\t\t\t<\/div>\n\t\n<div class=\"row \"><div class=\"wpv-grid grid-1-1  wpv-first-level first extended no-extended-padding\" style=\"padding-top:0px;padding-bottom:0px\" id=\"wpv-column-0e98fc54c0a07dc6a1f6571eefbdd94d\" ><div class=\"extended-column-inner\"><div class=\"row \"><div class=\"wpv-grid grid-1-3  first has-background unextended animation-fade-in animated-active\" style=\"\n\t\t\t\tbackground: url('https:\/\/www.entelequiacultura.com\/wp-content\/uploads\/2025\/11\/Portada-lyceum-club-femenino.jpg') no-repeat center top;\n\t\t\t\tbackground-size: cover;\n\t\t\t\tbackground-attachment: ;\n\t\t\tbackground-color:#1512f9;padding-top:0px;padding-bottom:20px\" id=\"wpv-column-eaf030fb3e500b0d10c284f1b6ecde9f\" ><style>#wpv-column-eaf030fb3e500b0d10c284f1b6ecde9f p,#wpv-column-eaf030fb3e500b0d10c284f1b6ecde9f em,#wpv-column-eaf030fb3e500b0d10c284f1b6ecde9f .column-title,#wpv-column-eaf030fb3e500b0d10c284f1b6ecde9f .sep-text h2.regular-title-wrapper,#wpv-column-eaf030fb3e500b0d10c284f1b6ecde9f .text-divider-double,#wpv-column-eaf030fb3e500b0d10c284f1b6ecde9f .sep-text .sep-text-line,#wpv-column-eaf030fb3e500b0d10c284f1b6ecde9f .sep,#wpv-column-eaf030fb3e500b0d10c284f1b6ecde9f .sep-2,#wpv-column-eaf030fb3e500b0d10c284f1b6ecde9f .sep-3{color:#fff;}#wpv-column-eaf030fb3e500b0d10c284f1b6ecde9f:before{background-color:transparent;}<\/style><div class=\"row \"><div class=\"wpv-grid grid-1-1  first unextended animation-zoom-in animated-active\" style=\"padding-top:0px;padding-bottom:0px\" id=\"wpv-column-629398cb69d0a944119c47391ca04baa\" ><div class=\"push\" style='height:40px'><\/div>\n<h1 style=\"text-align: center; color: #ffffff;\"><span style=\"color: #ffffff;\">El Lyceum Club Femen\u00ed<\/span><\/h1>\n<p style=\"text-align: center; color: #ffffff;\"><div class=\"push\" style='height:40px'><\/div>\n<p style=\"text-align: center; color: #ffffff;\"><p class=\"textcenter\"><a href=\"https:\/\/www.entelequiacultura.com\/ca\/esdeveniment\/retir-madrid-2026\/\" target=\"_self\" style='font-size: 18px;' class=\"button vamtam-button accent8  button-border hover-accent1 \"><span class=\"btext\">VEURE<\/span><\/a><\/p><\/div><\/div>\n<div class=\"row \"><div class=\"wpv-grid grid-1-1  first unextended\" style=\"padding-top:0px;padding-bottom:0px\" id=\"wpv-column-d239f695ac382c39535c459e30006b58\" ><p style=\"text-align: left;\">Trobada cultural a Madrid<br \/>\n13 a 15 de mar\u00e7 2026<\/div><\/div><\/div><\/div><\/div><\/div><\/div>\n<div class=\"push\" style='height:10px'><\/div>\n","protected":false},"excerpt":{"rendered":"<p>MAR\u00cdA TERESA RODR\u00cdGUEZ DE CASTRO \u00e9s coautora al costat de Jos\u00e9 Antonio Marina del llibre \u201cLa conspiraci\u00f3n de las lectoras\u201d, sobre el Lyceum Club de Madrid (Anagrama, 2009). Va participar&#8230;<\/p>\n","protected":false},"author":1,"featured_media":43650,"parent":0,"menu_order":0,"comment_status":"closed","ping_status":"closed","template":"","meta":{"_price":"","_stock":"","_tribe_ticket_header":"","_tribe_default_ticket_provider":"","_tribe_ticket_capacity":"0","_ticket_start_date":"","_ticket_end_date":"","_tribe_ticket_show_description":"","_tribe_ticket_show_not_going":false,"_tribe_ticket_use_global_stock":"","_tribe_ticket_global_stock_level":"","_global_stock_mode":"","_global_stock_cap":"","_tribe_rsvp_for_event":"","_tribe_ticket_going_count":"","_tribe_ticket_not_going_count":"","_tribe_tickets_list":"[]","_tribe_ticket_has_attendee_info_fields":false,"footnotes":"","_tec_slr_enabled":"","_tec_slr_layout":""},"class_list":["post-43824","page","type-page","status-publish","has-post-thumbnail","hentry"],"aioseo_notices":[],"ticketed":false,"_links":{"self":[{"href":"https:\/\/www.entelequiacultura.com\/ca\/wp-json\/wp\/v2\/pages\/43824","targetHints":{"allow":["GET"]}}],"collection":[{"href":"https:\/\/www.entelequiacultura.com\/ca\/wp-json\/wp\/v2\/pages"}],"about":[{"href":"https:\/\/www.entelequiacultura.com\/ca\/wp-json\/wp\/v2\/types\/page"}],"author":[{"embeddable":true,"href":"https:\/\/www.entelequiacultura.com\/ca\/wp-json\/wp\/v2\/users\/1"}],"replies":[{"embeddable":true,"href":"https:\/\/www.entelequiacultura.com\/ca\/wp-json\/wp\/v2\/comments?post=43824"}],"version-history":[{"count":2,"href":"https:\/\/www.entelequiacultura.com\/ca\/wp-json\/wp\/v2\/pages\/43824\/revisions"}],"predecessor-version":[{"id":43831,"href":"https:\/\/www.entelequiacultura.com\/ca\/wp-json\/wp\/v2\/pages\/43824\/revisions\/43831"}],"wp:featuredmedia":[{"embeddable":true,"href":"https:\/\/www.entelequiacultura.com\/ca\/wp-json\/wp\/v2\/media\/43650"}],"wp:attachment":[{"href":"https:\/\/www.entelequiacultura.com\/ca\/wp-json\/wp\/v2\/media?parent=43824"}],"curies":[{"name":"wp","href":"https:\/\/api.w.org\/{rel}","templated":true}]}}

María Teresa Rodríguez de Castro

<div class="row "><div class="wpv-grid grid-1-1  wpv-first-level first unextended" style="padding-top:0px;padding-bottom:0px" id="wpv-column-ae58e4dfe89508ceff0024c7022da228" ><div class="row "><div class="wpv-grid grid-1-2  first unextended" style="padding-top:0px;padding-bottom:0px" id="wpv-column-64fde34377a8da7d330b6556a4306333" ><div class="row "><div class="wpv-grid grid-1-1  first unextended" style="padding-top:0px;padding-bottom:0px" id="wpv-column-4b047457ebf03ce524a255bf820b7f8f" ><p><img loading="lazy" decoding="async" class="alignnone wp-image-43650 size-full" src="https://www.entelequiacultura.com/wp-content/uploads/2025/11/MTRC-650.jpg" alt="" width="650" height="649" srcset="https://www.entelequiacultura.com/wp-content/uploads/2025/11/MTRC-650.jpg 650w, https://www.entelequiacultura.com/wp-content/uploads/2025/11/MTRC-650-300x300.jpg 300w, https://www.entelequiacultura.com/wp-content/uploads/2025/11/MTRC-650-150x150.jpg 150w, https://www.entelequiacultura.com/wp-content/uploads/2025/11/MTRC-650-60x60.jpg 60w, https://www.entelequiacultura.com/wp-content/uploads/2025/11/MTRC-650-43x43.jpg 43w, https://www.entelequiacultura.com/wp-content/uploads/2025/11/MTRC-650-106x106.jpg 106w, https://www.entelequiacultura.com/wp-content/uploads/2025/11/MTRC-650-555x554.jpg 555w, https://www.entelequiacultura.com/wp-content/uploads/2025/11/MTRC-650-360x359.jpg 360w, https://www.entelequiacultura.com/wp-content/uploads/2025/11/MTRC-650-262x262.jpg 262w, https://www.entelequiacultura.com/wp-content/uploads/2025/11/MTRC-650-600x599.jpg 600w, https://www.entelequiacultura.com/wp-content/uploads/2025/11/MTRC-650-100x100.jpg 100w" sizes="(max-width: 650px) 100vw, 650px" /></div></div></div>
<div class="wpv-grid grid-1-2  unextended" style="padding-top:0px;padding-bottom:0px" id="wpv-column-ea8dedeb51826efdc4ff17686ba19e56" ><div class="row "><div class="wpv-grid grid-1-1  first unextended" style="padding-top:0px;padding-bottom:0px" id="wpv-column-c344bb8fbcb9d8a45c4aaea9152ec821" ><p>MARÍA TERESA RODRÍGUEZ DE CASTRO és coautora al costat de José Antonio Marina del llibre “La conspiración de las lectoras”, sobre el Lyceum Club de Madrid (Anagrama, 2009). Va participar com a investigadora en el llibre “La revolución de las mujeres. Crónica gráfica de una revolución silenciosa” (J de J Editors, 2006). Llicenciada en Dret, dirigeix l’àrea humanística de Optometr-*IA al cubo. Del Dret va fer el salt al món educatiu pel seu interès en la intel·ligència col·lectiva, les seves creacions i possibilitats. Va escriure sobre l’origen dels moviments socials en la revista “Quaderns de Pedagogia”. És també autora dels llibres: “Amores elípticos” (Cataracta, 2023) i “El fuego y la púrpura” (La Huerta Grande, 2024). Va escriure al costat de José Antonio Marina “El bucle prodigioso”, que exposa el seu sistema filosòfic en diferents tesis (Anagrama 2012).</div></div></div></div></div></div>
		<div class="sep-text single centered">
							<span class="sep-text-before"><div class="sep-text-line"></div></span>
						<div class="content">
				<h2 class="text-divider-double">
Esdeveniments amb l&#8217;autora<br />
</h2>			</div>
			<span class="sep-text-after"><div class="sep-text-line"></div></span>
					</div>
	
<div class="row "><div class="wpv-grid grid-1-1  wpv-first-level first extended no-extended-padding" style="padding-top:0px;padding-bottom:0px" id="wpv-column-0e98fc54c0a07dc6a1f6571eefbdd94d" ><div class="extended-column-inner"><div class="row "><div class="wpv-grid grid-1-3  first has-background unextended animation-fade-in animated-active" style="
				background: url('https://www.entelequiacultura.com/wp-content/uploads/2025/11/Portada-lyceum-club-femenino.jpg') no-repeat center top;
				background-size: cover;
				background-attachment: ;
			background-color:#1512f9;padding-top:0px;padding-bottom:20px" id="wpv-column-eaf030fb3e500b0d10c284f1b6ecde9f" ><style>#wpv-column-eaf030fb3e500b0d10c284f1b6ecde9f p,#wpv-column-eaf030fb3e500b0d10c284f1b6ecde9f em,#wpv-column-eaf030fb3e500b0d10c284f1b6ecde9f .column-title,#wpv-column-eaf030fb3e500b0d10c284f1b6ecde9f .sep-text h2.regular-title-wrapper,#wpv-column-eaf030fb3e500b0d10c284f1b6ecde9f .text-divider-double,#wpv-column-eaf030fb3e500b0d10c284f1b6ecde9f .sep-text .sep-text-line,#wpv-column-eaf030fb3e500b0d10c284f1b6ecde9f .sep,#wpv-column-eaf030fb3e500b0d10c284f1b6ecde9f .sep-2,#wpv-column-eaf030fb3e500b0d10c284f1b6ecde9f .sep-3{color:#fff;}#wpv-column-eaf030fb3e500b0d10c284f1b6ecde9f:before{background-color:transparent;}</style><div class="row "><div class="wpv-grid grid-1-1  first unextended animation-zoom-in animated-active" style="padding-top:0px;padding-bottom:0px" id="wpv-column-629398cb69d0a944119c47391ca04baa" ><div class="push" style='height:40px'></div>
<h1 style="text-align: center; color: #ffffff;"><span style="color: #ffffff;">El Lyceum Club Femení</span></h1>
<p style="text-align: center; color: #ffffff;"><div class="push" style='height:40px'></div>
<p style="text-align: center; color: #ffffff;"><p class="textcenter"><a href="https://www.entelequiacultura.com/ca/esdeveniment/retir-madrid-2026/" target="_self" style='font-size: 18px;' class="button vamtam-button accent8  button-border hover-accent1 "><span class="btext">VEURE</span></a></p></div></div>
<div class="row "><div class="wpv-grid grid-1-1  first unextended" style="padding-top:0px;padding-bottom:0px" id="wpv-column-d239f695ac382c39535c459e30006b58" ><p style="text-align: left;">Trobada cultural a Madrid<br />
13 a 15 de març 2026</div></div></div></div></div></div></div>
<div class="push" style='height:10px'></div>

<p>MARÍA TERESA RODRÍGUEZ DE CASTRO és coautora al costat de José Antonio Marina del llibre “La conspiración de las lectoras”, sobre el Lyceum Club de Madrid (Anagrama, 2009). Va participar&#8230;</p>
