{"id":42676,"date":"2025-03-26T10:08:51","date_gmt":"2025-03-26T09:08:51","guid":{"rendered":"https:\/\/www.entelequiacultura.com\/?page_id=42676"},"modified":"2025-03-26T10:08:51","modified_gmt":"2025-03-26T09:08:51","slug":"gabi-martinez","status":"publish","type":"page","link":"https:\/\/www.entelequiacultura.com\/ca\/gabi-martinez\/","title":{"rendered":"Gabi Mart\u00ednez"},"content":{"rendered":"<div class=\"row \"><div class=\"wpv-grid grid-1-1  wpv-first-level first unextended\" style=\"padding-top:0px;padding-bottom:0px\" id=\"wpv-column-fe230804a58e7612b6d33eb2a68d77c4\" ><div class=\"row \"><div class=\"wpv-grid grid-1-2  first unextended\" style=\"padding-top:0px;padding-bottom:0px\" id=\"wpv-column-6a2701b40680373cf6ae84fe13f994cb\" ><div class=\"row \"><div class=\"wpv-grid grid-1-1  first unextended\" style=\"padding-top:0px;padding-bottom:0px\" id=\"wpv-column-a6d0c335dd3a20a7f778c4b575f0a895\" ><p><img loading=\"lazy\" decoding=\"async\" class=\"alignnone wp-image-42680 size-full\" src=\"https:\/\/www.entelequiacultura.com\/wp-content\/uploads\/2025\/03\/Gabi-Martinez-650-1.jpeg\" alt=\"\" width=\"650\" height=\"650\" srcset=\"https:\/\/www.entelequiacultura.com\/wp-content\/uploads\/2025\/03\/Gabi-Martinez-650-1.jpeg 650w, https:\/\/www.entelequiacultura.com\/wp-content\/uploads\/2025\/03\/Gabi-Martinez-650-1-300x300.jpeg 300w, https:\/\/www.entelequiacultura.com\/wp-content\/uploads\/2025\/03\/Gabi-Martinez-650-1-150x150.jpeg 150w, https:\/\/www.entelequiacultura.com\/wp-content\/uploads\/2025\/03\/Gabi-Martinez-650-1-60x60.jpeg 60w, https:\/\/www.entelequiacultura.com\/wp-content\/uploads\/2025\/03\/Gabi-Martinez-650-1-43x43.jpeg 43w, https:\/\/www.entelequiacultura.com\/wp-content\/uploads\/2025\/03\/Gabi-Martinez-650-1-106x106.jpeg 106w, https:\/\/www.entelequiacultura.com\/wp-content\/uploads\/2025\/03\/Gabi-Martinez-650-1-555x555.jpeg 555w, https:\/\/www.entelequiacultura.com\/wp-content\/uploads\/2025\/03\/Gabi-Martinez-650-1-360x360.jpeg 360w, https:\/\/www.entelequiacultura.com\/wp-content\/uploads\/2025\/03\/Gabi-Martinez-650-1-262x262.jpeg 262w, https:\/\/www.entelequiacultura.com\/wp-content\/uploads\/2025\/03\/Gabi-Martinez-650-1-600x600.jpeg 600w, https:\/\/www.entelequiacultura.com\/wp-content\/uploads\/2025\/03\/Gabi-Martinez-650-1-100x100.jpeg 100w\" sizes=\"(max-width: 650px) 100vw, 650px\" \/><\/div><\/div><\/div>\n<div class=\"wpv-grid grid-1-2  unextended\" style=\"padding-top:0px;padding-bottom:0px\" id=\"wpv-column-06e67ab1109c06cd0a68cb3a675c8889\" ><div class=\"row \"><div class=\"wpv-grid grid-1-1  first unextended\" style=\"padding-top:0px;padding-bottom:0px\" id=\"wpv-column-7745c474942c4124087836966041a74b\" ><p>GABI MART\u00cdNEZ (Barcelona, 1971) \u00e9s escriptor. La seva obra, tradu\u00efda en deu pa\u00efsos i adaptada a diversos formats narratius, ha rebut nombrosos premis i reconeixements, destacant els llibres de no ficci\u00f3 \u00abS\u00f3lo para gigantes\u00bb, \u00abUn cambio de verdad\u00bb, \u00abEn la Barrera\u00bb, \u00abNaturalmente urbano\u00bb, \u00abLagarta\u00bb i les novel\u00b7les \u00abSudd\u00bb, \u00abVoy\u00bb i \u00abLas defensas\u00bb. \u00abDelta\u00bb va ser triat millor llibre de 2023 per la revista liter\u00e0ria WMagazine.<\/p>\n<p>Protagonista del cap\u00edtol <em>Colombian massif<\/em> de la s\u00e8rie documental Finding Encanto, premiada amb un Delf\u00edn en el Festival de Cannes.<\/p>\n<p>\u00c9s director del Festival LiterNatura (que ha rebut un premi UNESCO, el premi Serondaya i el que concedeix Reserves de la Biosfera al millor projecte en Conservaci\u00f3 del Patrimoni Natural i Cultural), membre fundador de les Associacions Caravana Negra i Lagarta Fern\u00e1ndez; de la Fundaci\u00f3 Ecologia Urbana i Territorial; i codirector del projecte <em>Animales invisibles<\/em>.<\/div><\/div><\/div><\/div><\/div><\/div>\n\t\t<div class=\"sep-text single centered\">\n\t\t\t\t\t\t\t<span class=\"sep-text-before\"><div class=\"sep-text-line\"><\/div><\/span>\n\t\t\t\t\t\t<div class=\"content\">\n\t\t\t\t<h2 class=\"text-divider-double\">\nEsdeveniments amb l&#8217;autor<\/h2>\t\t\t<\/div>\n\t\t\t<span class=\"sep-text-after\"><div class=\"sep-text-line\"><\/div><\/span>\n\t\t\t\t\t<\/div>\n\t\n<div class=\"row \"><div class=\"wpv-grid grid-1-1  wpv-first-level first extended no-extended-padding\" style=\"padding-top:0px;padding-bottom:0px\" id=\"wpv-column-c42421072ae60f59cf4f097a3366647d\" ><div class=\"extended-column-inner\"><div class=\"row \"><div class=\"wpv-grid grid-1-3  first has-background unextended animation-fade-in animated-active\" style=\"\n\t\t\t\tbackground: url('https:\/\/www.entelequiacultura.com\/wp-content\/uploads\/2025\/03\/batzan.jpg') no-repeat center top;\n\t\t\t\tbackground-size: cover;\n\t\t\t\tbackground-attachment: ;\n\t\t\tbackground-color:#1512f9;padding-top:0px;padding-bottom:20px\" id=\"wpv-column-176f5b396cf7de480e69d5ea41d9996f\" ><style>#wpv-column-176f5b396cf7de480e69d5ea41d9996f p,#wpv-column-176f5b396cf7de480e69d5ea41d9996f em,#wpv-column-176f5b396cf7de480e69d5ea41d9996f .column-title,#wpv-column-176f5b396cf7de480e69d5ea41d9996f .sep-text h2.regular-title-wrapper,#wpv-column-176f5b396cf7de480e69d5ea41d9996f .text-divider-double,#wpv-column-176f5b396cf7de480e69d5ea41d9996f .sep-text .sep-text-line,#wpv-column-176f5b396cf7de480e69d5ea41d9996f .sep,#wpv-column-176f5b396cf7de480e69d5ea41d9996f .sep-2,#wpv-column-176f5b396cf7de480e69d5ea41d9996f .sep-3{color:#fff;}#wpv-column-176f5b396cf7de480e69d5ea41d9996f:before{background-color:transparent;}<\/style><div class=\"row \"><div class=\"wpv-grid grid-1-1  first unextended animation-zoom-in animated-active\" style=\"padding-top:0px;padding-bottom:0px\" id=\"wpv-column-7bf23efb52635cddebcea893eef95d20\" ><div class=\"push\" style='height:40px'><\/div>\n<h1 style=\"text-align: center; color: #ffffff;\"><span style=\"color: #ffffff;\">LiterNatura per a un canvi de relat<\/span><\/h1>\n<p style=\"text-align: center; color: #ffffff;\"><div class=\"push\" style='height:40px'><\/div>\n<p style=\"text-align: center; color: #ffffff;\"><p class=\"textcenter\"><a href=\"https:\/\/www.entelequiacultura.com\/ca\/esdeveniment\/liternatura-retir-gabi-martinez-batzan-2025\/\" target=\"_self\" style='font-size: 18px;' class=\"button vamtam-button accent8  button-border hover-accent1 \"><span class=\"btext\">VEURE<\/span><\/a><\/p><\/div><\/div>\n<div class=\"row \"><div class=\"wpv-grid grid-1-1  first unextended\" style=\"padding-top:0px;padding-bottom:0px\" id=\"wpv-column-3ffabd3bd9497075e96fd72cfd9956c8\" ><p style=\"text-align: left;\">Retir Cultural<br \/>\nBatz\u00e1n, Navarra<br \/>\n27 a 31 de juliol 2025<\/div><\/div><\/div><\/div><\/div><\/div><\/div>\n<div class=\"push\" style='height:10px'><\/div>\n","protected":false},"excerpt":{"rendered":"<p>GABI MART\u00cdNEZ (Barcelona, 1971) \u00e9s escriptor. La seva obra, tradu\u00efda en deu pa\u00efsos i adaptada a diversos formats narratius, ha rebut nombrosos premis i reconeixements, destacant els llibres de no&#8230;<\/p>\n","protected":false},"author":1,"featured_media":42680,"parent":0,"menu_order":0,"comment_status":"closed","ping_status":"closed","template":"","meta":{"_price":"","_stock":"","_tribe_ticket_header":"","_tribe_default_ticket_provider":"","_tribe_ticket_capacity":"0","_ticket_start_date":"","_ticket_end_date":"","_tribe_ticket_show_description":"","_tribe_ticket_show_not_going":false,"_tribe_ticket_use_global_stock":"","_tribe_ticket_global_stock_level":"","_global_stock_mode":"","_global_stock_cap":"","_tribe_rsvp_for_event":"","_tribe_ticket_going_count":"","_tribe_ticket_not_going_count":"","_tribe_tickets_list":"[]","_tribe_ticket_has_attendee_info_fields":false,"footnotes":"","_tec_slr_enabled":"","_tec_slr_layout":""},"class_list":["post-42676","page","type-page","status-publish","has-post-thumbnail","hentry"],"aioseo_notices":[],"ticketed":false,"_links":{"self":[{"href":"https:\/\/www.entelequiacultura.com\/ca\/wp-json\/wp\/v2\/pages\/42676","targetHints":{"allow":["GET"]}}],"collection":[{"href":"https:\/\/www.entelequiacultura.com\/ca\/wp-json\/wp\/v2\/pages"}],"about":[{"href":"https:\/\/www.entelequiacultura.com\/ca\/wp-json\/wp\/v2\/types\/page"}],"author":[{"embeddable":true,"href":"https:\/\/www.entelequiacultura.com\/ca\/wp-json\/wp\/v2\/users\/1"}],"replies":[{"embeddable":true,"href":"https:\/\/www.entelequiacultura.com\/ca\/wp-json\/wp\/v2\/comments?post=42676"}],"version-history":[{"count":2,"href":"https:\/\/www.entelequiacultura.com\/ca\/wp-json\/wp\/v2\/pages\/42676\/revisions"}],"predecessor-version":[{"id":42688,"href":"https:\/\/www.entelequiacultura.com\/ca\/wp-json\/wp\/v2\/pages\/42676\/revisions\/42688"}],"wp:featuredmedia":[{"embeddable":true,"href":"https:\/\/www.entelequiacultura.com\/ca\/wp-json\/wp\/v2\/media\/42680"}],"wp:attachment":[{"href":"https:\/\/www.entelequiacultura.com\/ca\/wp-json\/wp\/v2\/media?parent=42676"}],"curies":[{"name":"wp","href":"https:\/\/api.w.org\/{rel}","templated":true}]}}

Gabi Martínez

<div class="row "><div class="wpv-grid grid-1-1  wpv-first-level first unextended" style="padding-top:0px;padding-bottom:0px" id="wpv-column-fe230804a58e7612b6d33eb2a68d77c4" ><div class="row "><div class="wpv-grid grid-1-2  first unextended" style="padding-top:0px;padding-bottom:0px" id="wpv-column-6a2701b40680373cf6ae84fe13f994cb" ><div class="row "><div class="wpv-grid grid-1-1  first unextended" style="padding-top:0px;padding-bottom:0px" id="wpv-column-a6d0c335dd3a20a7f778c4b575f0a895" ><p><img loading="lazy" decoding="async" class="alignnone wp-image-42680 size-full" src="https://www.entelequiacultura.com/wp-content/uploads/2025/03/Gabi-Martinez-650-1.jpeg" alt="" width="650" height="650" srcset="https://www.entelequiacultura.com/wp-content/uploads/2025/03/Gabi-Martinez-650-1.jpeg 650w, https://www.entelequiacultura.com/wp-content/uploads/2025/03/Gabi-Martinez-650-1-300x300.jpeg 300w, https://www.entelequiacultura.com/wp-content/uploads/2025/03/Gabi-Martinez-650-1-150x150.jpeg 150w, https://www.entelequiacultura.com/wp-content/uploads/2025/03/Gabi-Martinez-650-1-60x60.jpeg 60w, https://www.entelequiacultura.com/wp-content/uploads/2025/03/Gabi-Martinez-650-1-43x43.jpeg 43w, https://www.entelequiacultura.com/wp-content/uploads/2025/03/Gabi-Martinez-650-1-106x106.jpeg 106w, https://www.entelequiacultura.com/wp-content/uploads/2025/03/Gabi-Martinez-650-1-555x555.jpeg 555w, https://www.entelequiacultura.com/wp-content/uploads/2025/03/Gabi-Martinez-650-1-360x360.jpeg 360w, https://www.entelequiacultura.com/wp-content/uploads/2025/03/Gabi-Martinez-650-1-262x262.jpeg 262w, https://www.entelequiacultura.com/wp-content/uploads/2025/03/Gabi-Martinez-650-1-600x600.jpeg 600w, https://www.entelequiacultura.com/wp-content/uploads/2025/03/Gabi-Martinez-650-1-100x100.jpeg 100w" sizes="(max-width: 650px) 100vw, 650px" /></div></div></div>
<div class="wpv-grid grid-1-2  unextended" style="padding-top:0px;padding-bottom:0px" id="wpv-column-06e67ab1109c06cd0a68cb3a675c8889" ><div class="row "><div class="wpv-grid grid-1-1  first unextended" style="padding-top:0px;padding-bottom:0px" id="wpv-column-7745c474942c4124087836966041a74b" ><p>GABI MARTÍNEZ (Barcelona, 1971) és escriptor. La seva obra, traduïda en deu països i adaptada a diversos formats narratius, ha rebut nombrosos premis i reconeixements, destacant els llibres de no ficció «Sólo para gigantes», «Un cambio de verdad», «En la Barrera», «Naturalmente urbano», «Lagarta» i les novel·les «Sudd», «Voy» i «Las defensas». «Delta» va ser triat millor llibre de 2023 per la revista literària WMagazine.</p>
<p>Protagonista del capítol <em>Colombian massif</em> de la sèrie documental Finding Encanto, premiada amb un Delfín en el Festival de Cannes.</p>
<p>És director del Festival LiterNatura (que ha rebut un premi UNESCO, el premi Serondaya i el que concedeix Reserves de la Biosfera al millor projecte en Conservació del Patrimoni Natural i Cultural), membre fundador de les Associacions Caravana Negra i Lagarta Fernández; de la Fundació Ecologia Urbana i Territorial; i codirector del projecte <em>Animales invisibles</em>.</div></div></div></div></div></div>
		<div class="sep-text single centered">
							<span class="sep-text-before"><div class="sep-text-line"></div></span>
						<div class="content">
				<h2 class="text-divider-double">
Esdeveniments amb l&#8217;autor</h2>			</div>
			<span class="sep-text-after"><div class="sep-text-line"></div></span>
					</div>
	
<div class="row "><div class="wpv-grid grid-1-1  wpv-first-level first extended no-extended-padding" style="padding-top:0px;padding-bottom:0px" id="wpv-column-c42421072ae60f59cf4f097a3366647d" ><div class="extended-column-inner"><div class="row "><div class="wpv-grid grid-1-3  first has-background unextended animation-fade-in animated-active" style="
				background: url('https://www.entelequiacultura.com/wp-content/uploads/2025/03/batzan.jpg') no-repeat center top;
				background-size: cover;
				background-attachment: ;
			background-color:#1512f9;padding-top:0px;padding-bottom:20px" id="wpv-column-176f5b396cf7de480e69d5ea41d9996f" ><style>#wpv-column-176f5b396cf7de480e69d5ea41d9996f p,#wpv-column-176f5b396cf7de480e69d5ea41d9996f em,#wpv-column-176f5b396cf7de480e69d5ea41d9996f .column-title,#wpv-column-176f5b396cf7de480e69d5ea41d9996f .sep-text h2.regular-title-wrapper,#wpv-column-176f5b396cf7de480e69d5ea41d9996f .text-divider-double,#wpv-column-176f5b396cf7de480e69d5ea41d9996f .sep-text .sep-text-line,#wpv-column-176f5b396cf7de480e69d5ea41d9996f .sep,#wpv-column-176f5b396cf7de480e69d5ea41d9996f .sep-2,#wpv-column-176f5b396cf7de480e69d5ea41d9996f .sep-3{color:#fff;}#wpv-column-176f5b396cf7de480e69d5ea41d9996f:before{background-color:transparent;}</style><div class="row "><div class="wpv-grid grid-1-1  first unextended animation-zoom-in animated-active" style="padding-top:0px;padding-bottom:0px" id="wpv-column-7bf23efb52635cddebcea893eef95d20" ><div class="push" style='height:40px'></div>
<h1 style="text-align: center; color: #ffffff;"><span style="color: #ffffff;">LiterNatura per a un canvi de relat</span></h1>
<p style="text-align: center; color: #ffffff;"><div class="push" style='height:40px'></div>
<p style="text-align: center; color: #ffffff;"><p class="textcenter"><a href="https://www.entelequiacultura.com/ca/esdeveniment/liternatura-retir-gabi-martinez-batzan-2025/" target="_self" style='font-size: 18px;' class="button vamtam-button accent8  button-border hover-accent1 "><span class="btext">VEURE</span></a></p></div></div>
<div class="row "><div class="wpv-grid grid-1-1  first unextended" style="padding-top:0px;padding-bottom:0px" id="wpv-column-3ffabd3bd9497075e96fd72cfd9956c8" ><p style="text-align: left;">Retir Cultural<br />
Batzán, Navarra<br />
27 a 31 de juliol 2025</div></div></div></div></div></div></div>
<div class="push" style='height:10px'></div>

<p>GABI MARTÍNEZ (Barcelona, 1971) és escriptor. La seva obra, traduïda en deu països i adaptada a diversos formats narratius, ha rebut nombrosos premis i reconeixements, destacant els llibres de no&#8230;</p>
