{"id":42004,"date":"2024-12-05T11:49:30","date_gmt":"2024-12-05T10:49:30","guid":{"rendered":"https:\/\/www.entelequiacultura.com\/?page_id=42004"},"modified":"2024-12-05T11:55:22","modified_gmt":"2024-12-05T10:55:22","slug":"stefania-fantauzzi","status":"publish","type":"page","link":"https:\/\/www.entelequiacultura.com\/ca\/stefania-fantauzzi\/","title":{"rendered":"Stefania Fantauzzi"},"content":{"rendered":"<div class=\"row \"><div class=\"wpv-grid grid-1-1  wpv-first-level first unextended\" style=\"padding-top:0px;padding-bottom:0px\" id=\"wpv-column-89e466a55f0545bdef52a11f7a43435e\" ><div class=\"row \"><div class=\"wpv-grid grid-1-2  first unextended\" style=\"padding-top:0px;padding-bottom:0px\" id=\"wpv-column-e45319f2198738f7cfde1c10a2f13059\" ><div class=\"row \"><div class=\"wpv-grid grid-1-1  first unextended\" style=\"padding-top:0px;padding-bottom:0px\" id=\"wpv-column-91bcf839a8464bcddaa8e1110d585ca0\" ><p><img loading=\"lazy\" decoding=\"async\" class=\"alignnone wp-image-41793 size-full\" src=\"https:\/\/www.entelequiacultura.com\/wp-content\/uploads\/2024\/10\/foto-650.jpg\" alt=\"\" width=\"650\" height=\"651\" srcset=\"https:\/\/www.entelequiacultura.com\/wp-content\/uploads\/2024\/10\/foto-650.jpg 650w, https:\/\/www.entelequiacultura.com\/wp-content\/uploads\/2024\/10\/foto-650-300x300.jpg 300w, https:\/\/www.entelequiacultura.com\/wp-content\/uploads\/2024\/10\/foto-650-150x150.jpg 150w, https:\/\/www.entelequiacultura.com\/wp-content\/uploads\/2024\/10\/foto-650-60x60.jpg 60w, https:\/\/www.entelequiacultura.com\/wp-content\/uploads\/2024\/10\/foto-650-43x43.jpg 43w, https:\/\/www.entelequiacultura.com\/wp-content\/uploads\/2024\/10\/foto-650-106x106.jpg 106w, https:\/\/www.entelequiacultura.com\/wp-content\/uploads\/2024\/10\/foto-650-555x556.jpg 555w, https:\/\/www.entelequiacultura.com\/wp-content\/uploads\/2024\/10\/foto-650-360x361.jpg 360w, https:\/\/www.entelequiacultura.com\/wp-content\/uploads\/2024\/10\/foto-650-262x262.jpg 262w, https:\/\/www.entelequiacultura.com\/wp-content\/uploads\/2024\/10\/foto-650-600x601.jpg 600w, https:\/\/www.entelequiacultura.com\/wp-content\/uploads\/2024\/10\/foto-650-100x100.jpg 100w\" sizes=\"(max-width: 650px) 100vw, 650px\" \/><\/div><\/div><\/div>\n<div class=\"wpv-grid grid-1-2  unextended\" style=\"padding-top:0px;padding-bottom:0px\" id=\"wpv-column-41829f95f3f9924a4699bcc21b5bba75\" ><div class=\"row \"><div class=\"wpv-grid grid-1-1  first unextended\" style=\"padding-top:0px;padding-bottom:0px\" id=\"wpv-column-abf8597d6cd316423f921de6f5ef21c5\" ><p>STEFANIA FANTAUZZI \u00e9s llicenciada en Filosofia per la Universitat de Bolonya i doctora en filosofia per la Universitat de Barcelona. \u00c9s investigadora del Seminari Filosofia i G\u00e8nere de la Universitat de Barcelona i del grup GAPP (Grup arendti\u00e0 de pensament i pol\u00edtica) i professora de Filosofia a la Universitat Aut\u00f2noma de Barcelona. Els seus interessos estan adre\u00e7ats a la filosofia pol\u00edtica i aplicada. Ha treballat sobretot el pensament de Hannah Arendt, i G\u00fcnther Anders, autors sobre els quals ha publicat diferents articles i assajos. Compagina la feina de recerca amb treballs de traducci\u00f3 i edici\u00f3. Entre ells destaquen la traducci\u00f3 a l\u2019itali\u00e0 de <em>Come fare cose con i ricordi<\/em> (Roma: Casini, 2009) <em>i I brutti scherzi del passato<\/em> (Torino: Bollati Boringhieri, 2010) de Manuel Cruz, la traducci\u00f3 al castell\u00e0 de <em>Democracia surgente <\/em>Barcelona:\u200b\u200b Herder 2022) d\u2019Adriana Cavarero l\u2019edici\u00f3 dels escrits de Hannah Arendt a la Revista Aufbau compilats en el volum <em>Participar del m<\/em><em>\u00f3n<\/em> (Mallorca: Lleonard Muntaner, 2020) de l\u2019assaig <em>La desobedi\u00e8ncia civil<\/em> d\u2019Arendt (Mallorca: Lleonard Muntaner 2022) i de <em>L\u2019 home a dalt del pont<\/em> de G\u00fcnther Anders (Barcelona: Club Editor, 2023).<\/div><\/div><\/div><\/div><\/div><\/div>\n\t\t<div class=\"sep-text single centered\">\n\t\t\t\t\t\t\t<span class=\"sep-text-before\"><div class=\"sep-text-line\"><\/div><\/span>\n\t\t\t\t\t\t<div class=\"content\">\n\t\t\t\t<h2 class=\"text-divider-double\">\nEsdeveniments<br \/>\n<\/h2>\t\t\t<\/div>\n\t\t\t<span class=\"sep-text-after\"><div class=\"sep-text-line\"><\/div><\/span>\n\t\t\t\t\t<\/div>\n\t\n<div class=\"row \"><div class=\"wpv-grid grid-1-1  wpv-first-level first extended no-extended-padding\" style=\"padding-top:0px;padding-bottom:0px\" id=\"wpv-column-f7795bbda5d6de43c508db083c68b276\" ><div class=\"extended-column-inner\"><div class=\"row \"><div class=\"wpv-grid grid-1-3  first has-background unextended animation-fade-in animated-active\" style=\"\n\t\t\t\tbackground: url('https:\/\/www.entelequiacultura.com\/wp-content\/uploads\/2024\/10\/hannah-arendt-entelequia-cultura.jpg') no-repeat center top;\n\t\t\t\tbackground-size: cover;\n\t\t\t\tbackground-attachment: ;\n\t\t\tbackground-color:#1512f9;padding-top:0px;padding-bottom:20px\" id=\"wpv-column-d8ef95aaeba78d8387950e403f4ff3a9\" ><style>#wpv-column-d8ef95aaeba78d8387950e403f4ff3a9 p,#wpv-column-d8ef95aaeba78d8387950e403f4ff3a9 em,#wpv-column-d8ef95aaeba78d8387950e403f4ff3a9 .column-title,#wpv-column-d8ef95aaeba78d8387950e403f4ff3a9 .sep-text h2.regular-title-wrapper,#wpv-column-d8ef95aaeba78d8387950e403f4ff3a9 .text-divider-double,#wpv-column-d8ef95aaeba78d8387950e403f4ff3a9 .sep-text .sep-text-line,#wpv-column-d8ef95aaeba78d8387950e403f4ff3a9 .sep,#wpv-column-d8ef95aaeba78d8387950e403f4ff3a9 .sep-2,#wpv-column-d8ef95aaeba78d8387950e403f4ff3a9 .sep-3{color:#fff;}#wpv-column-d8ef95aaeba78d8387950e403f4ff3a9:before{background-color:transparent;}<\/style><div class=\"row \"><div class=\"wpv-grid grid-1-1  first unextended animation-zoom-in animated-active\" style=\"padding-top:0px;padding-bottom:0px\" id=\"wpv-column-fbf5f0a7a0fa3c95996f633ec1890f6b\" ><div class=\"push\" style='height:40px'><\/div>\n<h1 style=\"text-align: center; color: #ffffff;\"><span style=\"color: #ffffff;\">Hannah Arendt: la responsabilitat<\/span><\/h1>\n<p style=\"text-align: center; color: #ffffff;\"><div class=\"push\" style='height:40px'><\/div>\n<p style=\"text-align: center; color: #ffffff;\"><p class=\"textcenter\"><a href=\"https:\/\/www.entelequiacultura.com\/ca\/esdeveniment\/hannah-arendt-fantauzzi-2\/\/\" target=\"_self\" style='font-size: 18px;' class=\"button vamtam-button accent8  button-border hover-accent1 \"><span class=\"btext\">VEURE<\/span><\/a><\/p><\/div><\/div>\n<div class=\"row \"><div class=\"wpv-grid grid-1-1  first unextended\" style=\"padding-top:0px;padding-bottom:0px\" id=\"wpv-column-49758e383bb324d05ae6de763ad132a9\" ><p style=\"text-align: left;\">Seminari<br \/>\n1 de febrer 2025<br \/>\n22 de febrer 2025 (2na edici\u00f3)<\/div><\/div><\/div><\/div><\/div><\/div><\/div>\n<div class=\"push\" style='height:10px'><\/div>\n","protected":false},"excerpt":{"rendered":"<p>STEFANIA FANTAUZZI \u00e9s llicenciada en Filosofia per la Universitat de Bolonya i doctora en filosofia per la Universitat de Barcelona. \u00c9s investigadora del Seminari Filosofia i G\u00e8nere de la Universitat&#8230;<\/p>\n","protected":false},"author":1,"featured_media":41793,"parent":0,"menu_order":0,"comment_status":"closed","ping_status":"closed","template":"","meta":{"_price":"","_stock":"","_tribe_ticket_header":"","_tribe_default_ticket_provider":"","_tribe_ticket_capacity":"0","_ticket_start_date":"","_ticket_end_date":"","_tribe_ticket_show_description":"","_tribe_ticket_show_not_going":false,"_tribe_ticket_use_global_stock":"","_tribe_ticket_global_stock_level":"","_global_stock_mode":"","_global_stock_cap":"","_tribe_rsvp_for_event":"","_tribe_ticket_going_count":"","_tribe_ticket_not_going_count":"","_tribe_tickets_list":"[]","_tribe_ticket_has_attendee_info_fields":false,"footnotes":"","_tec_slr_enabled":"","_tec_slr_layout":""},"class_list":["post-42004","page","type-page","status-publish","has-post-thumbnail","hentry"],"aioseo_notices":[],"ticketed":false,"_links":{"self":[{"href":"https:\/\/www.entelequiacultura.com\/ca\/wp-json\/wp\/v2\/pages\/42004","targetHints":{"allow":["GET"]}}],"collection":[{"href":"https:\/\/www.entelequiacultura.com\/ca\/wp-json\/wp\/v2\/pages"}],"about":[{"href":"https:\/\/www.entelequiacultura.com\/ca\/wp-json\/wp\/v2\/types\/page"}],"author":[{"embeddable":true,"href":"https:\/\/www.entelequiacultura.com\/ca\/wp-json\/wp\/v2\/users\/1"}],"replies":[{"embeddable":true,"href":"https:\/\/www.entelequiacultura.com\/ca\/wp-json\/wp\/v2\/comments?post=42004"}],"version-history":[{"count":0,"href":"https:\/\/www.entelequiacultura.com\/ca\/wp-json\/wp\/v2\/pages\/42004\/revisions"}],"wp:featuredmedia":[{"embeddable":true,"href":"https:\/\/www.entelequiacultura.com\/ca\/wp-json\/wp\/v2\/media\/41793"}],"wp:attachment":[{"href":"https:\/\/www.entelequiacultura.com\/ca\/wp-json\/wp\/v2\/media?parent=42004"}],"curies":[{"name":"wp","href":"https:\/\/api.w.org\/{rel}","templated":true}]}}

<div class="row "><div class="wpv-grid grid-1-1  wpv-first-level first unextended" style="padding-top:0px;padding-bottom:0px" id="wpv-column-89e466a55f0545bdef52a11f7a43435e" ><div class="row "><div class="wpv-grid grid-1-2  first unextended" style="padding-top:0px;padding-bottom:0px" id="wpv-column-e45319f2198738f7cfde1c10a2f13059" ><div class="row "><div class="wpv-grid grid-1-1  first unextended" style="padding-top:0px;padding-bottom:0px" id="wpv-column-91bcf839a8464bcddaa8e1110d585ca0" ><p><img loading="lazy" decoding="async" class="alignnone wp-image-41793 size-full" src="https://www.entelequiacultura.com/wp-content/uploads/2024/10/foto-650.jpg" alt="" width="650" height="651" srcset="https://www.entelequiacultura.com/wp-content/uploads/2024/10/foto-650.jpg 650w, https://www.entelequiacultura.com/wp-content/uploads/2024/10/foto-650-300x300.jpg 300w, https://www.entelequiacultura.com/wp-content/uploads/2024/10/foto-650-150x150.jpg 150w, https://www.entelequiacultura.com/wp-content/uploads/2024/10/foto-650-60x60.jpg 60w, https://www.entelequiacultura.com/wp-content/uploads/2024/10/foto-650-43x43.jpg 43w, https://www.entelequiacultura.com/wp-content/uploads/2024/10/foto-650-106x106.jpg 106w, https://www.entelequiacultura.com/wp-content/uploads/2024/10/foto-650-555x556.jpg 555w, https://www.entelequiacultura.com/wp-content/uploads/2024/10/foto-650-360x361.jpg 360w, https://www.entelequiacultura.com/wp-content/uploads/2024/10/foto-650-262x262.jpg 262w, https://www.entelequiacultura.com/wp-content/uploads/2024/10/foto-650-600x601.jpg 600w, https://www.entelequiacultura.com/wp-content/uploads/2024/10/foto-650-100x100.jpg 100w" sizes="(max-width: 650px) 100vw, 650px" /></div></div></div>
<div class="wpv-grid grid-1-2  unextended" style="padding-top:0px;padding-bottom:0px" id="wpv-column-41829f95f3f9924a4699bcc21b5bba75" ><div class="row "><div class="wpv-grid grid-1-1  first unextended" style="padding-top:0px;padding-bottom:0px" id="wpv-column-abf8597d6cd316423f921de6f5ef21c5" ><p>STEFANIA FANTAUZZI és llicenciada en Filosofia per la Universitat de Bolonya i doctora en filosofia per la Universitat de Barcelona. És investigadora del Seminari Filosofia i Gènere de la Universitat de Barcelona i del grup GAPP (Grup arendtià de pensament i política) i professora de Filosofia a la Universitat Autònoma de Barcelona. Els seus interessos estan adreçats a la filosofia política i aplicada. Ha treballat sobretot el pensament de Hannah Arendt, i Günther Anders, autors sobre els quals ha publicat diferents articles i assajos. Compagina la feina de recerca amb treballs de traducció i edició. Entre ells destaquen la traducció a l’italià de <em>Come fare cose con i ricordi</em> (Roma: Casini, 2009) <em>i I brutti scherzi del passato</em> (Torino: Bollati Boringhieri, 2010) de Manuel Cruz, la traducció al castellà de <em>Democracia surgente </em>Barcelona:​​ Herder 2022) d’Adriana Cavarero l’edició dels escrits de Hannah Arendt a la Revista Aufbau compilats en el volum <em>Participar del m</em><em>ón</em> (Mallorca: Lleonard Muntaner, 2020) de l’assaig <em>La desobediència civil</em> d’Arendt (Mallorca: Lleonard Muntaner 2022) i de <em>L’ home a dalt del pont</em> de Günther Anders (Barcelona: Club Editor, 2023).</div></div></div></div></div></div>
		<div class="sep-text single centered">
							<span class="sep-text-before"><div class="sep-text-line"></div></span>
						<div class="content">
				<h2 class="text-divider-double">
Esdeveniments<br />
</h2>			</div>
			<span class="sep-text-after"><div class="sep-text-line"></div></span>
					</div>
	
<div class="row "><div class="wpv-grid grid-1-1  wpv-first-level first extended no-extended-padding" style="padding-top:0px;padding-bottom:0px" id="wpv-column-f7795bbda5d6de43c508db083c68b276" ><div class="extended-column-inner"><div class="row "><div class="wpv-grid grid-1-3  first has-background unextended animation-fade-in animated-active" style="
				background: url('https://www.entelequiacultura.com/wp-content/uploads/2024/10/hannah-arendt-entelequia-cultura.jpg') no-repeat center top;
				background-size: cover;
				background-attachment: ;
			background-color:#1512f9;padding-top:0px;padding-bottom:20px" id="wpv-column-d8ef95aaeba78d8387950e403f4ff3a9" ><style>#wpv-column-d8ef95aaeba78d8387950e403f4ff3a9 p,#wpv-column-d8ef95aaeba78d8387950e403f4ff3a9 em,#wpv-column-d8ef95aaeba78d8387950e403f4ff3a9 .column-title,#wpv-column-d8ef95aaeba78d8387950e403f4ff3a9 .sep-text h2.regular-title-wrapper,#wpv-column-d8ef95aaeba78d8387950e403f4ff3a9 .text-divider-double,#wpv-column-d8ef95aaeba78d8387950e403f4ff3a9 .sep-text .sep-text-line,#wpv-column-d8ef95aaeba78d8387950e403f4ff3a9 .sep,#wpv-column-d8ef95aaeba78d8387950e403f4ff3a9 .sep-2,#wpv-column-d8ef95aaeba78d8387950e403f4ff3a9 .sep-3{color:#fff;}#wpv-column-d8ef95aaeba78d8387950e403f4ff3a9:before{background-color:transparent;}</style><div class="row "><div class="wpv-grid grid-1-1  first unextended animation-zoom-in animated-active" style="padding-top:0px;padding-bottom:0px" id="wpv-column-fbf5f0a7a0fa3c95996f633ec1890f6b" ><div class="push" style='height:40px'></div>
<h1 style="text-align: center; color: #ffffff;"><span style="color: #ffffff;">Hannah Arendt: la responsabilitat</span></h1>
<p style="text-align: center; color: #ffffff;"><div class="push" style='height:40px'></div>
<p style="text-align: center; color: #ffffff;"><p class="textcenter"><a href="https://www.entelequiacultura.com/ca/esdeveniment/hannah-arendt-fantauzzi-2//" target="_self" style='font-size: 18px;' class="button vamtam-button accent8  button-border hover-accent1 "><span class="btext">VEURE</span></a></p></div></div>
<div class="row "><div class="wpv-grid grid-1-1  first unextended" style="padding-top:0px;padding-bottom:0px" id="wpv-column-49758e383bb324d05ae6de763ad132a9" ><p style="text-align: left;">Seminari<br />
1 de febrer 2025<br />
22 de febrer 2025 (2na edició)</div></div></div></div></div></div></div>
<div class="push" style='height:10px'></div>

<p>STEFANIA FANTAUZZI és llicenciada en Filosofia per la Universitat de Bolonya i doctora en filosofia per la Universitat de Barcelona. És investigadora del Seminari Filosofia i Gènere de la Universitat&#8230;</p>
