{"id":40859,"date":"2024-03-16T21:30:30","date_gmt":"2024-03-16T20:30:30","guid":{"rendered":"https:\/\/www.entelequiacultura.com\/?page_id=40859"},"modified":"2025-04-01T11:04:45","modified_gmt":"2025-04-01T09:04:45","slug":"luci-romero","status":"publish","type":"page","link":"https:\/\/www.entelequiacultura.com\/ca\/luci-romero\/","title":{"rendered":"Luci Romero"},"content":{"rendered":"<div class=\"row \"><div class=\"wpv-grid grid-1-1  wpv-first-level first unextended\" style=\"padding-top:0px;padding-bottom:0px\" id=\"wpv-column-6c8eeb1f29c310589d315cee237d1397\" ><div class=\"row \"><div class=\"wpv-grid grid-1-2  first unextended\" style=\"padding-top:0px;padding-bottom:0px\" id=\"wpv-column-b909a203f6bd76bf29c7921723b5f2c7\" ><div class=\"row \"><div class=\"wpv-grid grid-1-1  first unextended\" style=\"padding-top:0px;padding-bottom:0px\" id=\"wpv-column-4109058ea33c9c037a202cf6c7222fd9\" ><p><img loading=\"lazy\" decoding=\"async\" class=\"alignnone wp-image-40861 size-full\" src=\"https:\/\/www.entelequiacultura.com\/wp-content\/uploads\/2024\/03\/luci-romero-650.jpg\" alt=\"\" width=\"650\" height=\"649\" srcset=\"https:\/\/www.entelequiacultura.com\/wp-content\/uploads\/2024\/03\/luci-romero-650.jpg 650w, https:\/\/www.entelequiacultura.com\/wp-content\/uploads\/2024\/03\/luci-romero-650-300x300.jpg 300w, https:\/\/www.entelequiacultura.com\/wp-content\/uploads\/2024\/03\/luci-romero-650-150x150.jpg 150w, https:\/\/www.entelequiacultura.com\/wp-content\/uploads\/2024\/03\/luci-romero-650-60x60.jpg 60w, https:\/\/www.entelequiacultura.com\/wp-content\/uploads\/2024\/03\/luci-romero-650-43x43.jpg 43w, https:\/\/www.entelequiacultura.com\/wp-content\/uploads\/2024\/03\/luci-romero-650-106x106.jpg 106w, https:\/\/www.entelequiacultura.com\/wp-content\/uploads\/2024\/03\/luci-romero-650-555x554.jpg 555w, https:\/\/www.entelequiacultura.com\/wp-content\/uploads\/2024\/03\/luci-romero-650-360x359.jpg 360w, https:\/\/www.entelequiacultura.com\/wp-content\/uploads\/2024\/03\/luci-romero-650-262x262.jpg 262w, https:\/\/www.entelequiacultura.com\/wp-content\/uploads\/2024\/03\/luci-romero-650-600x599.jpg 600w, https:\/\/www.entelequiacultura.com\/wp-content\/uploads\/2024\/03\/luci-romero-650-100x100.jpg 100w\" sizes=\"(max-width: 650px) 100vw, 650px\" \/><\/div><\/div><\/div>\n<div class=\"wpv-grid grid-1-2  unextended\" style=\"padding-top:0px;padding-bottom:0px\" id=\"wpv-column-1ddc41e5defd09cfca834a5809922c8a\" ><div class=\"row \"><div class=\"wpv-grid grid-1-1  first unextended\" style=\"padding-top:0px;padding-bottom:0px\" id=\"wpv-column-d215226a0391a89c28734d7abc4f7132\" ><p>LUCI ROMERO \u00e9s escriptora, poeta, ex-llibretera i gestora cultural. Ha publicat els poemaris \u00abAutov\u00eda de este\u00bb, \u00abEl diluvio\u00bb, \u00abWesterm\u00bb i \u00abEl tiempo de la quema\u00bb i ha col\u00b7laborat en diverses antologies. El seu darrer llibre \u00abEl arte de contar la naturaleza\u00bb \u00e9s un assaig sobre l\u2019evoluci\u00f3 del g\u00e8nere i els autors m\u00e9s significatius.<\/p>\n<p>Durant una d\u00e8cada va participar en el <em>magazine<\/em> radiof\u00f2nic Caf\u00e8 amb vista, en R\u00e0dio Klara, com a responsable de la secci\u00f3 de llibres. Va ser cofundadora de la llibreria Bartleby, en el valenci\u00e0 barri de Russafa; un dels espais culturals m\u00e9s determinants de la ciutat durant una d\u00e8cada.<\/div><\/div><\/div><\/div><\/div><\/div>\n\t\t<div class=\"sep-text single centered\">\n\t\t\t\t\t\t\t<span class=\"sep-text-before\"><div class=\"sep-text-line\"><\/div><\/span>\n\t\t\t\t\t\t<div class=\"content\">\n\t\t\t\t<h2 class=\"text-divider-double\">\nEsdeveniments amb l&#8217;autora<\/h2>\t\t\t<\/div>\n\t\t\t<span class=\"sep-text-after\"><div class=\"sep-text-line\"><\/div><\/span>\n\t\t\t\t\t<\/div>\n\t\n<div class=\"row \"><div class=\"wpv-grid grid-1-1  wpv-first-level first extended no-extended-padding\" style=\"padding-top:0px;padding-bottom:0px\" id=\"wpv-column-53e99a8cb7d80c5e034b2d9bafe8a6e7\" ><div class=\"extended-column-inner\"><div class=\"row \"><div class=\"wpv-grid grid-1-3  first has-background unextended animation-fade-in animated-active\" style=\"\n\t\t\t\tbackground: url('https:\/\/www.entelequiacultura.com\/wp-content\/uploads\/2025\/03\/IMG_7583.jpg') no-repeat center top;\n\t\t\t\tbackground-size: cover;\n\t\t\t\tbackground-attachment: ;\n\t\t\tbackground-color:#1512f9;padding-top:0px;padding-bottom:20px\" id=\"wpv-column-6f00fc3fcb722c66750d28fd8562ffb0\" ><style>#wpv-column-6f00fc3fcb722c66750d28fd8562ffb0 p,#wpv-column-6f00fc3fcb722c66750d28fd8562ffb0 em,#wpv-column-6f00fc3fcb722c66750d28fd8562ffb0 .column-title,#wpv-column-6f00fc3fcb722c66750d28fd8562ffb0 .sep-text h2.regular-title-wrapper,#wpv-column-6f00fc3fcb722c66750d28fd8562ffb0 .text-divider-double,#wpv-column-6f00fc3fcb722c66750d28fd8562ffb0 .sep-text .sep-text-line,#wpv-column-6f00fc3fcb722c66750d28fd8562ffb0 .sep,#wpv-column-6f00fc3fcb722c66750d28fd8562ffb0 .sep-2,#wpv-column-6f00fc3fcb722c66750d28fd8562ffb0 .sep-3{color:#fff;}#wpv-column-6f00fc3fcb722c66750d28fd8562ffb0:before{background-color:transparent;}<\/style><div class=\"row \"><div class=\"wpv-grid grid-1-1  first unextended animation-zoom-in animated-active\" style=\"padding-top:0px;padding-bottom:0px\" id=\"wpv-column-ee735f1c97708320151b9bf63f4b32fb\" ><div class=\"push\" style='height:40px'><\/div>\n<h1 style=\"text-align: center; color: #ffffff;\"><span style=\"color: #ffffff;\">Bruixes, natura i mem\u00f2ria<\/span><\/h1>\n<p style=\"text-align: center; color: #ffffff;\"><div class=\"push\" style='height:40px'><\/div>\n<p style=\"text-align: center; color: #ffffff;\"><p class=\"textcenter\"><a href=\"https:\/\/www.entelequiacultura.com\/ca\/esdeveniment\/liternatura-retir-gabi-martinez-batzan-2025\/\" target=\"_self\" style='font-size: 18px;' class=\"button vamtam-button accent8  button-border hover-accent1 \"><span class=\"btext\">VEURE<\/span><\/a><\/p><\/div><\/div>\n<div class=\"row \"><div class=\"wpv-grid grid-1-1  first unextended\" style=\"padding-top:0px;padding-bottom:0px\" id=\"wpv-column-311f8e1664bc4482582381c1a4f6898f\" ><p style=\"text-align: left;\">Retir cultural<br \/>\nBatz\u00e1n (Navarra)<br \/>\nDel 27 al 31 juliol 2025<\/div><\/div><\/div>\n<div class=\"wpv-grid grid-1-3  has-background unextended animation-fade-in animated-active\" style=\"\n\t\t\t\tbackground: url('https:\/\/www.entelequiacultura.com\/wp-content\/uploads\/2023\/12\/Portada-eventos-1280-\u00d7-720-px-1.jpg') no-repeat center top;\n\t\t\t\tbackground-size: cover;\n\t\t\t\tbackground-attachment: ;\n\t\t\tbackground-color:#1512f9;padding-top:0px;padding-bottom:20px\" id=\"wpv-column-cbdb7f7a25eb479a20005eae977d81b1\" ><style>#wpv-column-cbdb7f7a25eb479a20005eae977d81b1 p,#wpv-column-cbdb7f7a25eb479a20005eae977d81b1 em,#wpv-column-cbdb7f7a25eb479a20005eae977d81b1 .column-title,#wpv-column-cbdb7f7a25eb479a20005eae977d81b1 .sep-text h2.regular-title-wrapper,#wpv-column-cbdb7f7a25eb479a20005eae977d81b1 .text-divider-double,#wpv-column-cbdb7f7a25eb479a20005eae977d81b1 .sep-text .sep-text-line,#wpv-column-cbdb7f7a25eb479a20005eae977d81b1 .sep,#wpv-column-cbdb7f7a25eb479a20005eae977d81b1 .sep-2,#wpv-column-cbdb7f7a25eb479a20005eae977d81b1 .sep-3{color:#fff;}#wpv-column-cbdb7f7a25eb479a20005eae977d81b1:before{background-color:transparent;}<\/style><div class=\"row \"><div class=\"wpv-grid grid-1-1  first unextended animation-zoom-in animated-active\" style=\"padding-top:0px;padding-bottom:0px\" id=\"wpv-column-2802732f5554eb9d3fd16f4f96ad62e8\" ><div class=\"push\" style='height:40px'><\/div>\n<h1 style=\"text-align: center; color: #ffffff;\"><span style=\"color: #ffffff;\">L&#8217;art de narrar la natura<\/span><\/h1>\n<p style=\"text-align: center; color: #ffffff;\"><div class=\"push\" style='height:40px'><\/div>\n<p style=\"text-align: center; color: #ffffff;\"><p class=\"textcenter\"><a href=\"https:\/\/www.entelequiacultura.com\/ca\/esdeveniment\/taller-explicar-naturalesa-2\/\" target=\"_self\" style='font-size: 18px;' class=\"button vamtam-button accent8  button-border hover-accent1 \"><span class=\"btext\">VEURE<\/span><\/a><\/p><\/div><\/div>\n<div class=\"row \"><div class=\"wpv-grid grid-1-1  first unextended\" style=\"padding-top:0px;padding-bottom:0px\" id=\"wpv-column-c4a1c75c8a04607d4aa8e202a33cfbe4\" ><p style=\"text-align: left;\">Taller matinal<br \/>\nVallvidrera<br \/>\n16 mar\u00e7 2024<\/div><\/div><\/div><\/div><\/div><\/div><\/div>\n<div class=\"push\" style='height:10px'><\/div>\n","protected":false},"excerpt":{"rendered":"<p>LUCI ROMERO \u00e9s escriptora, poeta, ex-llibretera i gestora cultural. Ha publicat els poemaris \u00abAutov\u00eda de este\u00bb, \u00abEl diluvio\u00bb, \u00abWesterm\u00bb i \u00abEl tiempo de la quema\u00bb i ha col\u00b7laborat en diverses&#8230;<\/p>\n","protected":false},"author":1,"featured_media":40861,"parent":0,"menu_order":0,"comment_status":"closed","ping_status":"closed","template":"","meta":{"_price":"","_stock":"","_tribe_ticket_header":"","_tribe_default_ticket_provider":"","_tribe_ticket_capacity":"0","_ticket_start_date":"","_ticket_end_date":"","_tribe_ticket_show_description":"","_tribe_ticket_show_not_going":false,"_tribe_ticket_use_global_stock":"","_tribe_ticket_global_stock_level":"","_global_stock_mode":"","_global_stock_cap":"","_tribe_rsvp_for_event":"","_tribe_ticket_going_count":"","_tribe_ticket_not_going_count":"","_tribe_tickets_list":"[]","_tribe_ticket_has_attendee_info_fields":false,"footnotes":"","_tec_slr_enabled":"","_tec_slr_layout":""},"class_list":["post-40859","page","type-page","status-publish","has-post-thumbnail","hentry"],"aioseo_notices":[],"ticketed":false,"_links":{"self":[{"href":"https:\/\/www.entelequiacultura.com\/ca\/wp-json\/wp\/v2\/pages\/40859","targetHints":{"allow":["GET"]}}],"collection":[{"href":"https:\/\/www.entelequiacultura.com\/ca\/wp-json\/wp\/v2\/pages"}],"about":[{"href":"https:\/\/www.entelequiacultura.com\/ca\/wp-json\/wp\/v2\/types\/page"}],"author":[{"embeddable":true,"href":"https:\/\/www.entelequiacultura.com\/ca\/wp-json\/wp\/v2\/users\/1"}],"replies":[{"embeddable":true,"href":"https:\/\/www.entelequiacultura.com\/ca\/wp-json\/wp\/v2\/comments?post=40859"}],"version-history":[{"count":2,"href":"https:\/\/www.entelequiacultura.com\/ca\/wp-json\/wp\/v2\/pages\/40859\/revisions"}],"predecessor-version":[{"id":42884,"href":"https:\/\/www.entelequiacultura.com\/ca\/wp-json\/wp\/v2\/pages\/40859\/revisions\/42884"}],"wp:featuredmedia":[{"embeddable":true,"href":"https:\/\/www.entelequiacultura.com\/ca\/wp-json\/wp\/v2\/media\/40861"}],"wp:attachment":[{"href":"https:\/\/www.entelequiacultura.com\/ca\/wp-json\/wp\/v2\/media?parent=40859"}],"curies":[{"name":"wp","href":"https:\/\/api.w.org\/{rel}","templated":true}]}}

<div class="row "><div class="wpv-grid grid-1-1  wpv-first-level first unextended" style="padding-top:0px;padding-bottom:0px" id="wpv-column-6c8eeb1f29c310589d315cee237d1397" ><div class="row "><div class="wpv-grid grid-1-2  first unextended" style="padding-top:0px;padding-bottom:0px" id="wpv-column-b909a203f6bd76bf29c7921723b5f2c7" ><div class="row "><div class="wpv-grid grid-1-1  first unextended" style="padding-top:0px;padding-bottom:0px" id="wpv-column-4109058ea33c9c037a202cf6c7222fd9" ><p><img loading="lazy" decoding="async" class="alignnone wp-image-40861 size-full" src="https://www.entelequiacultura.com/wp-content/uploads/2024/03/luci-romero-650.jpg" alt="" width="650" height="649" srcset="https://www.entelequiacultura.com/wp-content/uploads/2024/03/luci-romero-650.jpg 650w, https://www.entelequiacultura.com/wp-content/uploads/2024/03/luci-romero-650-300x300.jpg 300w, https://www.entelequiacultura.com/wp-content/uploads/2024/03/luci-romero-650-150x150.jpg 150w, https://www.entelequiacultura.com/wp-content/uploads/2024/03/luci-romero-650-60x60.jpg 60w, https://www.entelequiacultura.com/wp-content/uploads/2024/03/luci-romero-650-43x43.jpg 43w, https://www.entelequiacultura.com/wp-content/uploads/2024/03/luci-romero-650-106x106.jpg 106w, https://www.entelequiacultura.com/wp-content/uploads/2024/03/luci-romero-650-555x554.jpg 555w, https://www.entelequiacultura.com/wp-content/uploads/2024/03/luci-romero-650-360x359.jpg 360w, https://www.entelequiacultura.com/wp-content/uploads/2024/03/luci-romero-650-262x262.jpg 262w, https://www.entelequiacultura.com/wp-content/uploads/2024/03/luci-romero-650-600x599.jpg 600w, https://www.entelequiacultura.com/wp-content/uploads/2024/03/luci-romero-650-100x100.jpg 100w" sizes="(max-width: 650px) 100vw, 650px" /></div></div></div>
<div class="wpv-grid grid-1-2  unextended" style="padding-top:0px;padding-bottom:0px" id="wpv-column-1ddc41e5defd09cfca834a5809922c8a" ><div class="row "><div class="wpv-grid grid-1-1  first unextended" style="padding-top:0px;padding-bottom:0px" id="wpv-column-d215226a0391a89c28734d7abc4f7132" ><p>LUCI ROMERO és escriptora, poeta, ex-llibretera i gestora cultural. Ha publicat els poemaris «Autovía de este», «El diluvio», «Westerm» i «El tiempo de la quema» i ha col·laborat en diverses antologies. El seu darrer llibre «El arte de contar la naturaleza» és un assaig sobre l’evolució del gènere i els autors més significatius.</p>
<p>Durant una dècada va participar en el <em>magazine</em> radiofònic Cafè amb vista, en Ràdio Klara, com a responsable de la secció de llibres. Va ser cofundadora de la llibreria Bartleby, en el valencià barri de Russafa; un dels espais culturals més determinants de la ciutat durant una dècada.</div></div></div></div></div></div>
		<div class="sep-text single centered">
							<span class="sep-text-before"><div class="sep-text-line"></div></span>
						<div class="content">
				<h2 class="text-divider-double">
Esdeveniments amb l&#8217;autora</h2>			</div>
			<span class="sep-text-after"><div class="sep-text-line"></div></span>
					</div>
	
<div class="row "><div class="wpv-grid grid-1-1  wpv-first-level first extended no-extended-padding" style="padding-top:0px;padding-bottom:0px" id="wpv-column-53e99a8cb7d80c5e034b2d9bafe8a6e7" ><div class="extended-column-inner"><div class="row "><div class="wpv-grid grid-1-3  first has-background unextended animation-fade-in animated-active" style="
				background: url('https://www.entelequiacultura.com/wp-content/uploads/2025/03/IMG_7583.jpg') no-repeat center top;
				background-size: cover;
				background-attachment: ;
			background-color:#1512f9;padding-top:0px;padding-bottom:20px" id="wpv-column-6f00fc3fcb722c66750d28fd8562ffb0" ><style>#wpv-column-6f00fc3fcb722c66750d28fd8562ffb0 p,#wpv-column-6f00fc3fcb722c66750d28fd8562ffb0 em,#wpv-column-6f00fc3fcb722c66750d28fd8562ffb0 .column-title,#wpv-column-6f00fc3fcb722c66750d28fd8562ffb0 .sep-text h2.regular-title-wrapper,#wpv-column-6f00fc3fcb722c66750d28fd8562ffb0 .text-divider-double,#wpv-column-6f00fc3fcb722c66750d28fd8562ffb0 .sep-text .sep-text-line,#wpv-column-6f00fc3fcb722c66750d28fd8562ffb0 .sep,#wpv-column-6f00fc3fcb722c66750d28fd8562ffb0 .sep-2,#wpv-column-6f00fc3fcb722c66750d28fd8562ffb0 .sep-3{color:#fff;}#wpv-column-6f00fc3fcb722c66750d28fd8562ffb0:before{background-color:transparent;}</style><div class="row "><div class="wpv-grid grid-1-1  first unextended animation-zoom-in animated-active" style="padding-top:0px;padding-bottom:0px" id="wpv-column-ee735f1c97708320151b9bf63f4b32fb" ><div class="push" style='height:40px'></div>
<h1 style="text-align: center; color: #ffffff;"><span style="color: #ffffff;">Bruixes, natura i memòria</span></h1>
<p style="text-align: center; color: #ffffff;"><div class="push" style='height:40px'></div>
<p style="text-align: center; color: #ffffff;"><p class="textcenter"><a href="https://www.entelequiacultura.com/ca/esdeveniment/liternatura-retir-gabi-martinez-batzan-2025/" target="_self" style='font-size: 18px;' class="button vamtam-button accent8  button-border hover-accent1 "><span class="btext">VEURE</span></a></p></div></div>
<div class="row "><div class="wpv-grid grid-1-1  first unextended" style="padding-top:0px;padding-bottom:0px" id="wpv-column-311f8e1664bc4482582381c1a4f6898f" ><p style="text-align: left;">Retir cultural<br />
Batzán (Navarra)<br />
Del 27 al 31 juliol 2025</div></div></div>
<div class="wpv-grid grid-1-3  has-background unextended animation-fade-in animated-active" style="
				background: url('https://www.entelequiacultura.com/wp-content/uploads/2023/12/Portada-eventos-1280-×-720-px-1.jpg') no-repeat center top;
				background-size: cover;
				background-attachment: ;
			background-color:#1512f9;padding-top:0px;padding-bottom:20px" id="wpv-column-cbdb7f7a25eb479a20005eae977d81b1" ><style>#wpv-column-cbdb7f7a25eb479a20005eae977d81b1 p,#wpv-column-cbdb7f7a25eb479a20005eae977d81b1 em,#wpv-column-cbdb7f7a25eb479a20005eae977d81b1 .column-title,#wpv-column-cbdb7f7a25eb479a20005eae977d81b1 .sep-text h2.regular-title-wrapper,#wpv-column-cbdb7f7a25eb479a20005eae977d81b1 .text-divider-double,#wpv-column-cbdb7f7a25eb479a20005eae977d81b1 .sep-text .sep-text-line,#wpv-column-cbdb7f7a25eb479a20005eae977d81b1 .sep,#wpv-column-cbdb7f7a25eb479a20005eae977d81b1 .sep-2,#wpv-column-cbdb7f7a25eb479a20005eae977d81b1 .sep-3{color:#fff;}#wpv-column-cbdb7f7a25eb479a20005eae977d81b1:before{background-color:transparent;}</style><div class="row "><div class="wpv-grid grid-1-1  first unextended animation-zoom-in animated-active" style="padding-top:0px;padding-bottom:0px" id="wpv-column-2802732f5554eb9d3fd16f4f96ad62e8" ><div class="push" style='height:40px'></div>
<h1 style="text-align: center; color: #ffffff;"><span style="color: #ffffff;">L&#8217;art de narrar la natura</span></h1>
<p style="text-align: center; color: #ffffff;"><div class="push" style='height:40px'></div>
<p style="text-align: center; color: #ffffff;"><p class="textcenter"><a href="https://www.entelequiacultura.com/ca/esdeveniment/taller-explicar-naturalesa-2/" target="_self" style='font-size: 18px;' class="button vamtam-button accent8  button-border hover-accent1 "><span class="btext">VEURE</span></a></p></div></div>
<div class="row "><div class="wpv-grid grid-1-1  first unextended" style="padding-top:0px;padding-bottom:0px" id="wpv-column-c4a1c75c8a04607d4aa8e202a33cfbe4" ><p style="text-align: left;">Taller matinal<br />
Vallvidrera<br />
16 març 2024</div></div></div></div></div></div></div>
<div class="push" style='height:10px'></div>

<p>LUCI ROMERO és escriptora, poeta, ex-llibretera i gestora cultural. Ha publicat els poemaris «Autovía de este», «El diluvio», «Westerm» i «El tiempo de la quema» i ha col·laborat en diverses&#8230;</p>
