{"id":39221,"date":"2023-08-03T12:13:56","date_gmt":"2023-08-03T10:13:56","guid":{"rendered":"https:\/\/www.entelequiacultura.com\/?page_id=39221"},"modified":"2023-08-08T19:06:23","modified_gmt":"2023-08-08T17:06:23","slug":"carolina-b-garcia-estevez","status":"publish","type":"page","link":"https:\/\/www.entelequiacultura.com\/ca\/carolina-b-garcia-estevez\/","title":{"rendered":"Carolina B. Garc\u00eda-Est\u00e9vez"},"content":{"rendered":"<div class=\"row \"><div class=\"wpv-grid grid-1-1  wpv-first-level first unextended\" style=\"padding-top:0px;padding-bottom:0px\" id=\"wpv-column-929cd08b979bb29f152b71c3d570211f\" ><div class=\"row \"><div class=\"wpv-grid grid-1-2  first unextended\" style=\"padding-top:0px;padding-bottom:0px\" id=\"wpv-column-7484524ab6f3f3ff4069ba62abbc74a6\" ><div class=\"row \"><div class=\"wpv-grid grid-1-1  first unextended\" style=\"padding-top:0px;padding-bottom:0px\" id=\"wpv-column-3bccf6c9a56b094d6c4d925f574b0445\" ><p><img loading=\"lazy\" decoding=\"async\" class=\"alignnone wp-image-39223 size-full\" src=\"https:\/\/www.entelequiacultura.com\/wp-content\/uploads\/2023\/07\/CarolinaBGarciaEstevez-IMG-650.jpg\" alt=\"\" width=\"650\" height=\"650\" srcset=\"https:\/\/www.entelequiacultura.com\/wp-content\/uploads\/2023\/07\/CarolinaBGarciaEstevez-IMG-650.jpg 650w, https:\/\/www.entelequiacultura.com\/wp-content\/uploads\/2023\/07\/CarolinaBGarciaEstevez-IMG-650-300x300.jpg 300w, https:\/\/www.entelequiacultura.com\/wp-content\/uploads\/2023\/07\/CarolinaBGarciaEstevez-IMG-650-150x150.jpg 150w, https:\/\/www.entelequiacultura.com\/wp-content\/uploads\/2023\/07\/CarolinaBGarciaEstevez-IMG-650-60x60.jpg 60w, https:\/\/www.entelequiacultura.com\/wp-content\/uploads\/2023\/07\/CarolinaBGarciaEstevez-IMG-650-43x43.jpg 43w, https:\/\/www.entelequiacultura.com\/wp-content\/uploads\/2023\/07\/CarolinaBGarciaEstevez-IMG-650-106x106.jpg 106w, https:\/\/www.entelequiacultura.com\/wp-content\/uploads\/2023\/07\/CarolinaBGarciaEstevez-IMG-650-555x555.jpg 555w, https:\/\/www.entelequiacultura.com\/wp-content\/uploads\/2023\/07\/CarolinaBGarciaEstevez-IMG-650-360x360.jpg 360w, https:\/\/www.entelequiacultura.com\/wp-content\/uploads\/2023\/07\/CarolinaBGarciaEstevez-IMG-650-262x262.jpg 262w, https:\/\/www.entelequiacultura.com\/wp-content\/uploads\/2023\/07\/CarolinaBGarciaEstevez-IMG-650-600x600.jpg 600w, https:\/\/www.entelequiacultura.com\/wp-content\/uploads\/2023\/07\/CarolinaBGarciaEstevez-IMG-650-100x100.jpg 100w\" sizes=\"(max-width: 650px) 100vw, 650px\" \/><\/div><\/div><\/div>\n<div class=\"wpv-grid grid-1-2  unextended\" style=\"padding-top:0px;padding-bottom:0px\" id=\"wpv-column-42ad5164e0bd7c37c607d5bc8f7acd89\" ><div class=\"row \"><div class=\"wpv-grid grid-1-1  first unextended\" style=\"padding-top:0px;padding-bottom:0px\" id=\"wpv-column-e97c6bf6cf9846fafafc211dfdff7d05\" ><p>CAROLINA B. GARC\u00cdA-EST\u00c9VEZ (Barcelona, 1980) \u00e9s escriptora, arquitecta i doctora en Teoria i Hist\u00f2ria de l&#8217;Arquitectura per la Universitat Polit\u00e8cnica de Catalunya amb la tesi <em>Opus angelicum. El imaginario arquitect\u00f3nico de las Eleg\u00edas de Duino, 1912-1922<\/em>, guardonada amb el Premi Extraordinari en la seva edici\u00f3 2014. \u00c9s professora agregada Serra H\u00fanterd&#8217;Hist\u00f2ria de l&#8217;Art i l&#8217;Arquitectura a l&#8217;Escola T\u00e8cnica Superior d&#8217;Arquitectura de Barcelona, i directora acad\u00e8mica del M\u00e0ster en Teoria, Hist\u00f2ria i Cultura del MBArch (UPC).<\/p>\n<p>Ha estat professora convidada de la Ruprecht-Karls-Universit\u00e4t Heidelberg, la University of Illinois Urbana-Champaign, i el Kunsthistorisches Institut in Florenz, alhora que ha participat com a ponent en la Accademia Nazionale di Sant Lucca de Roma, la Architectural Association School of Architecture de Londres, o la Society of Architectural Historians a Mont-real. \u00c9s tamb\u00e9 s\u00f2cia fundadora de l&#8217;Associaci\u00f3 d&#8217;historiadors de l&#8217;Arquitectura i l&#8217;Urbanisme (AhAU).<\/p>\n<p>\u00c9s autora i editora de monografies centrades en les correspond\u00e8ncies entre l&#8217;arquitectura, l&#8217;art i la literatura com a via per a definir un nou origen de les avantguardes europees, amb especial dedicaci\u00f3 a l&#8217;obra del poeta Rainer Maria Rilke. Entre alguns dels seus t\u00edtols, cal esmentar <em>Las catedrales de Francia<\/em>, de Auguste Rodin (Abada editores, 2014), <em>Barcelona recta y curva<\/em> (MUHBA, 2017), <em>Enric Miralles. Archigraphias, 1983-2000<\/em> (Abada editores, 2020), o la recent obra col\u00b7lectiva <em>Las ciudades de Rilke<\/em> (Publicacions de la Resid\u00e8ncia d&#8217;Estudiants, 2022).<\/div><\/div><\/div><\/div><\/div><\/div>\n\t\t<div class=\"sep-text single centered\">\n\t\t\t\t\t\t\t<span class=\"sep-text-before\"><div class=\"sep-text-line\"><\/div><\/span>\n\t\t\t\t\t\t<div class=\"content\">\n\t\t\t\t<h2 class=\"text-divider-double\">\nEsdeveniments amb l&#8217;autora<\/h2>\t\t\t<\/div>\n\t\t\t<span class=\"sep-text-after\"><div class=\"sep-text-line\"><\/div><\/span>\n\t\t\t\t\t<\/div>\n\t\n<div class=\"row \"><div class=\"wpv-grid grid-1-1  wpv-first-level first extended no-extended-padding\" style=\"padding-top:0px;padding-bottom:0px\" id=\"wpv-column-d37c2b2063204cabbe0c96de9a1d9f01\" ><div class=\"extended-column-inner\"><div class=\"row \"><div class=\"wpv-grid grid-1-3  first has-background unextended animation-fade-in animated-active\" style=\"\n\t\t\t\tbackground: url('https:\/\/www.entelequiacultura.com\/wp-content\/uploads\/2023\/07\/rainer-maria-rilke.jpeg') no-repeat center top;\n\t\t\t\tbackground-size: cover;\n\t\t\t\tbackground-attachment: ;\n\t\t\tbackground-color:#1512f9;padding-top:0px;padding-bottom:20px\" id=\"wpv-column-cb25d6956c45cc83012e70bead809ced\" ><style>#wpv-column-cb25d6956c45cc83012e70bead809ced p,#wpv-column-cb25d6956c45cc83012e70bead809ced em,#wpv-column-cb25d6956c45cc83012e70bead809ced .column-title,#wpv-column-cb25d6956c45cc83012e70bead809ced .sep-text h2.regular-title-wrapper,#wpv-column-cb25d6956c45cc83012e70bead809ced .text-divider-double,#wpv-column-cb25d6956c45cc83012e70bead809ced .sep-text .sep-text-line,#wpv-column-cb25d6956c45cc83012e70bead809ced .sep,#wpv-column-cb25d6956c45cc83012e70bead809ced .sep-2,#wpv-column-cb25d6956c45cc83012e70bead809ced .sep-3{color:#fff;}#wpv-column-cb25d6956c45cc83012e70bead809ced:before{background-color:transparent;}<\/style><div class=\"row \"><div class=\"wpv-grid grid-1-1  first unextended animation-zoom-in animated-active\" style=\"padding-top:0px;padding-bottom:0px\" id=\"wpv-column-da2035848721778f9f31748d3d268463\" ><div class=\"push\" style='height:40px'><\/div>\n<h1 style=\"text-align: center; color: #ffffff;\"><span style=\"color: #ffffff;\">Rilke. La viv\u00e8ncia de la imatge misteri<\/span><\/h1>\n<p style=\"text-align: center; color: #ffffff;\"><div class=\"push\" style='height:40px'><\/div>\n<p style=\"text-align: center; color: #ffffff;\"><p class=\"textcenter\"><a href=\"https:\/\/www.entelequiacultura.com\/ca\/esdeveniment\/rilke\/\" target=\"_self\" style='font-size: 18px;' class=\"button vamtam-button accent8  button-border hover-accent1 \"><span class=\"btext\">VEURE<\/span><\/a><\/p><\/div><\/div>\n<div class=\"row \"><div class=\"wpv-grid grid-1-1  first unextended\" style=\"padding-top:0px;padding-bottom:0px\" id=\"wpv-column-3a7baae05721808d8709a2feef8c4f60\" ><p style=\"text-align: left;\">Taller presencial<br \/>\n4 de novembre 2023<br \/>\n11 de novembre 2023 (2a edici\u00f3)<\/div><\/div><\/div><\/div><\/div><\/div><\/div>\n<div class=\"push\" style='height:10px'><\/div>\n","protected":false},"excerpt":{"rendered":"<p>CAROLINA B. GARC\u00cdA-EST\u00c9VEZ (Barcelona, 1980) \u00e9s escriptora, arquitecta i doctora en Teoria i Hist\u00f2ria de l&#8217;Arquitectura per la Universitat Polit\u00e8cnica de Catalunya amb la tesi Opus angelicum. El imaginario arquitect\u00f3nico&#8230;<\/p>\n","protected":false},"author":1,"featured_media":39223,"parent":0,"menu_order":0,"comment_status":"closed","ping_status":"closed","template":"","meta":{"_price":"","_stock":"","_tribe_ticket_header":"","_tribe_default_ticket_provider":"","_tribe_ticket_capacity":"0","_ticket_start_date":"","_ticket_end_date":"","_tribe_ticket_show_description":"","_tribe_ticket_show_not_going":false,"_tribe_ticket_use_global_stock":"","_tribe_ticket_global_stock_level":"","_global_stock_mode":"","_global_stock_cap":"","_tribe_rsvp_for_event":"","_tribe_ticket_going_count":"","_tribe_ticket_not_going_count":"","_tribe_tickets_list":"[]","_tribe_ticket_has_attendee_info_fields":false,"footnotes":"","_tec_slr_enabled":"","_tec_slr_layout":""},"class_list":["post-39221","page","type-page","status-publish","has-post-thumbnail","hentry"],"aioseo_notices":[],"ticketed":false,"_links":{"self":[{"href":"https:\/\/www.entelequiacultura.com\/ca\/wp-json\/wp\/v2\/pages\/39221","targetHints":{"allow":["GET"]}}],"collection":[{"href":"https:\/\/www.entelequiacultura.com\/ca\/wp-json\/wp\/v2\/pages"}],"about":[{"href":"https:\/\/www.entelequiacultura.com\/ca\/wp-json\/wp\/v2\/types\/page"}],"author":[{"embeddable":true,"href":"https:\/\/www.entelequiacultura.com\/ca\/wp-json\/wp\/v2\/users\/1"}],"replies":[{"embeddable":true,"href":"https:\/\/www.entelequiacultura.com\/ca\/wp-json\/wp\/v2\/comments?post=39221"}],"version-history":[{"count":0,"href":"https:\/\/www.entelequiacultura.com\/ca\/wp-json\/wp\/v2\/pages\/39221\/revisions"}],"wp:featuredmedia":[{"embeddable":true,"href":"https:\/\/www.entelequiacultura.com\/ca\/wp-json\/wp\/v2\/media\/39223"}],"wp:attachment":[{"href":"https:\/\/www.entelequiacultura.com\/ca\/wp-json\/wp\/v2\/media?parent=39221"}],"curies":[{"name":"wp","href":"https:\/\/api.w.org\/{rel}","templated":true}]}}

Carolina B. García-Estévez

<div class="row "><div class="wpv-grid grid-1-1  wpv-first-level first unextended" style="padding-top:0px;padding-bottom:0px" id="wpv-column-929cd08b979bb29f152b71c3d570211f" ><div class="row "><div class="wpv-grid grid-1-2  first unextended" style="padding-top:0px;padding-bottom:0px" id="wpv-column-7484524ab6f3f3ff4069ba62abbc74a6" ><div class="row "><div class="wpv-grid grid-1-1  first unextended" style="padding-top:0px;padding-bottom:0px" id="wpv-column-3bccf6c9a56b094d6c4d925f574b0445" ><p><img loading="lazy" decoding="async" class="alignnone wp-image-39223 size-full" src="https://www.entelequiacultura.com/wp-content/uploads/2023/07/CarolinaBGarciaEstevez-IMG-650.jpg" alt="" width="650" height="650" srcset="https://www.entelequiacultura.com/wp-content/uploads/2023/07/CarolinaBGarciaEstevez-IMG-650.jpg 650w, https://www.entelequiacultura.com/wp-content/uploads/2023/07/CarolinaBGarciaEstevez-IMG-650-300x300.jpg 300w, https://www.entelequiacultura.com/wp-content/uploads/2023/07/CarolinaBGarciaEstevez-IMG-650-150x150.jpg 150w, https://www.entelequiacultura.com/wp-content/uploads/2023/07/CarolinaBGarciaEstevez-IMG-650-60x60.jpg 60w, https://www.entelequiacultura.com/wp-content/uploads/2023/07/CarolinaBGarciaEstevez-IMG-650-43x43.jpg 43w, https://www.entelequiacultura.com/wp-content/uploads/2023/07/CarolinaBGarciaEstevez-IMG-650-106x106.jpg 106w, https://www.entelequiacultura.com/wp-content/uploads/2023/07/CarolinaBGarciaEstevez-IMG-650-555x555.jpg 555w, https://www.entelequiacultura.com/wp-content/uploads/2023/07/CarolinaBGarciaEstevez-IMG-650-360x360.jpg 360w, https://www.entelequiacultura.com/wp-content/uploads/2023/07/CarolinaBGarciaEstevez-IMG-650-262x262.jpg 262w, https://www.entelequiacultura.com/wp-content/uploads/2023/07/CarolinaBGarciaEstevez-IMG-650-600x600.jpg 600w, https://www.entelequiacultura.com/wp-content/uploads/2023/07/CarolinaBGarciaEstevez-IMG-650-100x100.jpg 100w" sizes="(max-width: 650px) 100vw, 650px" /></div></div></div>
<div class="wpv-grid grid-1-2  unextended" style="padding-top:0px;padding-bottom:0px" id="wpv-column-42ad5164e0bd7c37c607d5bc8f7acd89" ><div class="row "><div class="wpv-grid grid-1-1  first unextended" style="padding-top:0px;padding-bottom:0px" id="wpv-column-e97c6bf6cf9846fafafc211dfdff7d05" ><p>CAROLINA B. GARCÍA-ESTÉVEZ (Barcelona, 1980) és escriptora, arquitecta i doctora en Teoria i Història de l&#8217;Arquitectura per la Universitat Politècnica de Catalunya amb la tesi <em>Opus angelicum. El imaginario arquitectónico de las Elegías de Duino, 1912-1922</em>, guardonada amb el Premi Extraordinari en la seva edició 2014. És professora agregada Serra Húnterd&#8217;Història de l&#8217;Art i l&#8217;Arquitectura a l&#8217;Escola Tècnica Superior d&#8217;Arquitectura de Barcelona, i directora acadèmica del Màster en Teoria, Història i Cultura del MBArch (UPC).</p>
<p>Ha estat professora convidada de la Ruprecht-Karls-Universität Heidelberg, la University of Illinois Urbana-Champaign, i el Kunsthistorisches Institut in Florenz, alhora que ha participat com a ponent en la Accademia Nazionale di Sant Lucca de Roma, la Architectural Association School of Architecture de Londres, o la Society of Architectural Historians a Mont-real. És també sòcia fundadora de l&#8217;Associació d&#8217;historiadors de l&#8217;Arquitectura i l&#8217;Urbanisme (AhAU).</p>
<p>És autora i editora de monografies centrades en les correspondències entre l&#8217;arquitectura, l&#8217;art i la literatura com a via per a definir un nou origen de les avantguardes europees, amb especial dedicació a l&#8217;obra del poeta Rainer Maria Rilke. Entre alguns dels seus títols, cal esmentar <em>Las catedrales de Francia</em>, de Auguste Rodin (Abada editores, 2014), <em>Barcelona recta y curva</em> (MUHBA, 2017), <em>Enric Miralles. Archigraphias, 1983-2000</em> (Abada editores, 2020), o la recent obra col·lectiva <em>Las ciudades de Rilke</em> (Publicacions de la Residència d&#8217;Estudiants, 2022).</div></div></div></div></div></div>
		<div class="sep-text single centered">
							<span class="sep-text-before"><div class="sep-text-line"></div></span>
						<div class="content">
				<h2 class="text-divider-double">
Esdeveniments amb l&#8217;autora</h2>			</div>
			<span class="sep-text-after"><div class="sep-text-line"></div></span>
					</div>
	
<div class="row "><div class="wpv-grid grid-1-1  wpv-first-level first extended no-extended-padding" style="padding-top:0px;padding-bottom:0px" id="wpv-column-d37c2b2063204cabbe0c96de9a1d9f01" ><div class="extended-column-inner"><div class="row "><div class="wpv-grid grid-1-3  first has-background unextended animation-fade-in animated-active" style="
				background: url('https://www.entelequiacultura.com/wp-content/uploads/2023/07/rainer-maria-rilke.jpeg') no-repeat center top;
				background-size: cover;
				background-attachment: ;
			background-color:#1512f9;padding-top:0px;padding-bottom:20px" id="wpv-column-cb25d6956c45cc83012e70bead809ced" ><style>#wpv-column-cb25d6956c45cc83012e70bead809ced p,#wpv-column-cb25d6956c45cc83012e70bead809ced em,#wpv-column-cb25d6956c45cc83012e70bead809ced .column-title,#wpv-column-cb25d6956c45cc83012e70bead809ced .sep-text h2.regular-title-wrapper,#wpv-column-cb25d6956c45cc83012e70bead809ced .text-divider-double,#wpv-column-cb25d6956c45cc83012e70bead809ced .sep-text .sep-text-line,#wpv-column-cb25d6956c45cc83012e70bead809ced .sep,#wpv-column-cb25d6956c45cc83012e70bead809ced .sep-2,#wpv-column-cb25d6956c45cc83012e70bead809ced .sep-3{color:#fff;}#wpv-column-cb25d6956c45cc83012e70bead809ced:before{background-color:transparent;}</style><div class="row "><div class="wpv-grid grid-1-1  first unextended animation-zoom-in animated-active" style="padding-top:0px;padding-bottom:0px" id="wpv-column-da2035848721778f9f31748d3d268463" ><div class="push" style='height:40px'></div>
<h1 style="text-align: center; color: #ffffff;"><span style="color: #ffffff;">Rilke. La vivència de la imatge misteri</span></h1>
<p style="text-align: center; color: #ffffff;"><div class="push" style='height:40px'></div>
<p style="text-align: center; color: #ffffff;"><p class="textcenter"><a href="https://www.entelequiacultura.com/ca/esdeveniment/rilke/" target="_self" style='font-size: 18px;' class="button vamtam-button accent8  button-border hover-accent1 "><span class="btext">VEURE</span></a></p></div></div>
<div class="row "><div class="wpv-grid grid-1-1  first unextended" style="padding-top:0px;padding-bottom:0px" id="wpv-column-3a7baae05721808d8709a2feef8c4f60" ><p style="text-align: left;">Taller presencial<br />
4 de novembre 2023<br />
11 de novembre 2023 (2a edició)</div></div></div></div></div></div></div>
<div class="push" style='height:10px'></div>

<p>CAROLINA B. GARCÍA-ESTÉVEZ (Barcelona, 1980) és escriptora, arquitecta i doctora en Teoria i Història de l&#8217;Arquitectura per la Universitat Politècnica de Catalunya amb la tesi Opus angelicum. El imaginario arquitectónico&#8230;</p>
