{"id":37631,"date":"2022-11-15T17:31:52","date_gmt":"2022-11-15T16:31:52","guid":{"rendered":"https:\/\/www.entelequiacultura.com\/?page_id=37631"},"modified":"2022-12-04T06:00:18","modified_gmt":"2022-12-04T05:00:18","slug":"mariabelmonte","status":"publish","type":"page","link":"https:\/\/www.entelequiacultura.com\/ca\/mariabelmonte\/","title":{"rendered":"Mar\u00eda Belmonte"},"content":{"rendered":"<div class=\"row \"><div class=\"wpv-grid grid-1-1  wpv-first-level first unextended\" style=\"padding-top:0px;padding-bottom:0px\" id=\"wpv-column-8582fa5efaabba87b8c9f31262175261\" ><div class=\"row \"><div class=\"wpv-grid grid-1-2  first unextended\" style=\"padding-top:0px;padding-bottom:0px\" id=\"wpv-column-aaf7b99de885b6f0614b5ce48cf8c6d9\" ><div class=\"row \"><div class=\"wpv-grid grid-1-1  first unextended\" style=\"padding-top:0px;padding-bottom:0px\" id=\"wpv-column-0810c4581ce8133e3eab6dea32155af1\" ><p><img loading=\"lazy\" decoding=\"async\" class=\"alignnone wp-image-37636 size-full\" src=\"https:\/\/www.entelequiacultura.com\/wp-content\/uploads\/2022\/11\/MARIA-BELMONTE-1.jpeg\" alt=\"\" width=\"1000\" height=\"1000\" srcset=\"https:\/\/www.entelequiacultura.com\/wp-content\/uploads\/2022\/11\/MARIA-BELMONTE-1.jpeg 1000w, https:\/\/www.entelequiacultura.com\/wp-content\/uploads\/2022\/11\/MARIA-BELMONTE-1-300x300.jpeg 300w, https:\/\/www.entelequiacultura.com\/wp-content\/uploads\/2022\/11\/MARIA-BELMONTE-1-150x150.jpeg 150w, https:\/\/www.entelequiacultura.com\/wp-content\/uploads\/2022\/11\/MARIA-BELMONTE-1-60x60.jpeg 60w, https:\/\/www.entelequiacultura.com\/wp-content\/uploads\/2022\/11\/MARIA-BELMONTE-1-43x43.jpeg 43w, https:\/\/www.entelequiacultura.com\/wp-content\/uploads\/2022\/11\/MARIA-BELMONTE-1-106x106.jpeg 106w, https:\/\/www.entelequiacultura.com\/wp-content\/uploads\/2022\/11\/MARIA-BELMONTE-1-555x555.jpeg 555w, https:\/\/www.entelequiacultura.com\/wp-content\/uploads\/2022\/11\/MARIA-BELMONTE-1-360x360.jpeg 360w, https:\/\/www.entelequiacultura.com\/wp-content\/uploads\/2022\/11\/MARIA-BELMONTE-1-262x262.jpeg 262w, https:\/\/www.entelequiacultura.com\/wp-content\/uploads\/2022\/11\/MARIA-BELMONTE-1-600x600.jpeg 600w, https:\/\/www.entelequiacultura.com\/wp-content\/uploads\/2022\/11\/MARIA-BELMONTE-1-100x100.jpeg 100w\" sizes=\"(max-width: 1000px) 100vw, 1000px\" \/><\/div><\/div><\/div>\n<div class=\"wpv-grid grid-1-2  unextended\" style=\"padding-top:0px;padding-bottom:0px\" id=\"wpv-column-00e6e990fa96d0ab1a618cd06a63beb0\" ><div class=\"row \"><div class=\"wpv-grid grid-1-1  first unextended\" style=\"padding-top:0px;padding-bottom:0px\" id=\"wpv-column-0d3b30973082a433a33709f3feeccd9c\" ><p>MAR\u00cdA BELMONTE va n\u00e9ixer a Bilbao; va estudiar Hist\u00f2ria en la Universitat de Deusto i Antropologia en l&#8217;Aut\u00f2noma de Barcelona. En 1995 es va doctorar en el Departament d&#8217;Antropologia Social de la Universitat del Pa\u00eds Basc (Sant Sebasti\u00e0) amb una tesi sobre Hist\u00f2ria de les Religions.<\/p>\n<p>Exerceix professionalment com a traductora t\u00e8cnic-liter\u00e0ria.<\/p>\n<p>Ha publicat <a href=\"https:\/\/es.bookshop.org\/a\/7434\/9788416011513\"><em>Peregrinos de la belleza. Viajeros por Italia y Grecia<\/em><\/a> (Acantilado, 2015), <a href=\"https:\/\/es.bookshop.org\/a\/7434\/9788416748471\"><em>Los senderos del mar. Un viaje a pie<\/em><\/a> (Acantilado, 2017) i\u00a0<a href=\"https:\/\/es.bookshop.org\/books\/en-tierra-de-dioniso\/9788418370212?aid=7434\"><em>En tierra de Dioniso. Vagabundeos por el norte de Grecia<\/em><\/a> (Acantilado, 2021).<\/p>\n<p>Ha viscut en diverses ciutats, en una illa mediterr\u00e0nia i, actualment, resideix a Font-rub\u00ed (Barcelona).<\/div><\/div><\/div><\/div><\/div><\/div>\n\t\t<div class=\"sep-text single centered\">\n\t\t\t\t\t\t\t<span class=\"sep-text-before\"><div class=\"sep-text-line\"><\/div><\/span>\n\t\t\t\t\t\t<div class=\"content\">\n\t\t\t\t<h2 class=\"text-divider-double\">\nEsdeveniments amb l&#8217;autora<\/h2>\t\t\t<\/div>\n\t\t\t<span class=\"sep-text-after\"><div class=\"sep-text-line\"><\/div><\/span>\n\t\t\t\t\t<\/div>\n\t\n<div class=\"row \"><div class=\"wpv-grid grid-1-1  wpv-first-level first extended no-extended-padding\" style=\"padding-top:0px;padding-bottom:0px\" id=\"wpv-column-ca254cb075658f31ca4c05d00a31235a\" ><div class=\"extended-column-inner\"><div class=\"row \"><div class=\"wpv-grid grid-1-3  first has-background unextended animation-fade-in animated-active\" style=\"\n\t\t\t\tbackground: url('https:\/\/www.entelequiacultura.com\/wp-content\/uploads\/2022\/11\/869081907.jpg') no-repeat center top;\n\t\t\t\tbackground-size: cover;\n\t\t\t\tbackground-attachment: ;\n\t\t\tbackground-color:#1512f9;padding-top:0px;padding-bottom:20px\" id=\"wpv-column-a5b140fe2ff00c2d0fcbafffd9d4befe\" ><style>#wpv-column-a5b140fe2ff00c2d0fcbafffd9d4befe p,#wpv-column-a5b140fe2ff00c2d0fcbafffd9d4befe em,#wpv-column-a5b140fe2ff00c2d0fcbafffd9d4befe .column-title,#wpv-column-a5b140fe2ff00c2d0fcbafffd9d4befe .sep-text h2.regular-title-wrapper,#wpv-column-a5b140fe2ff00c2d0fcbafffd9d4befe .text-divider-double,#wpv-column-a5b140fe2ff00c2d0fcbafffd9d4befe .sep-text .sep-text-line,#wpv-column-a5b140fe2ff00c2d0fcbafffd9d4befe .sep,#wpv-column-a5b140fe2ff00c2d0fcbafffd9d4befe .sep-2,#wpv-column-a5b140fe2ff00c2d0fcbafffd9d4befe .sep-3{color:#fff;}#wpv-column-a5b140fe2ff00c2d0fcbafffd9d4befe:before{background-color:transparent;}<\/style><div class=\"row \"><div class=\"wpv-grid grid-1-1  first unextended animation-zoom-in animated-active\" style=\"padding-top:0px;padding-bottom:0px\" id=\"wpv-column-29cc0dd3d6526023ee59b3cdb6bd1ae5\" ><div class=\"push\" style='height:40px'><\/div>\n<h1 style=\"text-align: center; color: #ffffff;\"><span style=\"color: #ffffff;\">La bellesa. El viatge. L&#8217;altra Gr\u00e8cia<\/span><\/h1>\n<p style=\"text-align: center; color: #ffffff;\"><div class=\"push\" style='height:40px'><\/div>\n<p style=\"text-align: center; color: #ffffff;\"><p class=\"textcenter\"><a href=\"https:\/\/www.entelequiacultura.com\/ca\/esdeveniment\/retirmariabelmonte\/\" target=\"_self\" style='font-size: 18px;' class=\"button vamtam-button accent8  button-border hover-accent1 \"><span class=\"btext\">VEURE<\/span><\/a><\/p><\/div><\/div>\n<div class=\"row \"><div class=\"wpv-grid grid-1-1  first unextended\" style=\"padding-top:0px;padding-bottom:0px\" id=\"wpv-column-38dec728ef85bcc94c5f226e97f433cd\" ><p style=\"text-align: left;\">Retir Cultural<br \/>\nHotel La Sala de Cam\u00f3s (Cam\u00f3s, Girona)<br \/>\n21, 22 i 23 d&#8217;abril 2023<\/div><\/div><\/div><\/div><\/div><\/div><\/div>\n<div class=\"push\" style='height:10px'><\/div>\n","protected":false},"excerpt":{"rendered":"<p>MAR\u00cdA BELMONTE va n\u00e9ixer a Bilbao; va estudiar Hist\u00f2ria en la Universitat de Deusto i Antropologia en l&#8217;Aut\u00f2noma de Barcelona. En 1995 es va doctorar en el Departament d&#8217;Antropologia Social&#8230;<\/p>\n","protected":false},"author":1,"featured_media":37636,"parent":0,"menu_order":0,"comment_status":"closed","ping_status":"closed","template":"","meta":{"_price":"","_stock":"","_tribe_ticket_header":"","_tribe_default_ticket_provider":"","_tribe_ticket_capacity":"0","_ticket_start_date":"","_ticket_end_date":"","_tribe_ticket_show_description":"","_tribe_ticket_show_not_going":false,"_tribe_ticket_use_global_stock":"","_tribe_ticket_global_stock_level":"","_global_stock_mode":"","_global_stock_cap":"","_tribe_rsvp_for_event":"","_tribe_ticket_going_count":"","_tribe_ticket_not_going_count":"","_tribe_tickets_list":"[]","_tribe_ticket_has_attendee_info_fields":false,"footnotes":"","_tec_slr_enabled":"","_tec_slr_layout":""},"class_list":["post-37631","page","type-page","status-publish","has-post-thumbnail","hentry"],"aioseo_notices":[],"ticketed":false,"_links":{"self":[{"href":"https:\/\/www.entelequiacultura.com\/ca\/wp-json\/wp\/v2\/pages\/37631","targetHints":{"allow":["GET"]}}],"collection":[{"href":"https:\/\/www.entelequiacultura.com\/ca\/wp-json\/wp\/v2\/pages"}],"about":[{"href":"https:\/\/www.entelequiacultura.com\/ca\/wp-json\/wp\/v2\/types\/page"}],"author":[{"embeddable":true,"href":"https:\/\/www.entelequiacultura.com\/ca\/wp-json\/wp\/v2\/users\/1"}],"replies":[{"embeddable":true,"href":"https:\/\/www.entelequiacultura.com\/ca\/wp-json\/wp\/v2\/comments?post=37631"}],"version-history":[{"count":0,"href":"https:\/\/www.entelequiacultura.com\/ca\/wp-json\/wp\/v2\/pages\/37631\/revisions"}],"wp:featuredmedia":[{"embeddable":true,"href":"https:\/\/www.entelequiacultura.com\/ca\/wp-json\/wp\/v2\/media\/37636"}],"wp:attachment":[{"href":"https:\/\/www.entelequiacultura.com\/ca\/wp-json\/wp\/v2\/media?parent=37631"}],"curies":[{"name":"wp","href":"https:\/\/api.w.org\/{rel}","templated":true}]}}

María Belmonte

<div class="row "><div class="wpv-grid grid-1-1  wpv-first-level first unextended" style="padding-top:0px;padding-bottom:0px" id="wpv-column-8582fa5efaabba87b8c9f31262175261" ><div class="row "><div class="wpv-grid grid-1-2  first unextended" style="padding-top:0px;padding-bottom:0px" id="wpv-column-aaf7b99de885b6f0614b5ce48cf8c6d9" ><div class="row "><div class="wpv-grid grid-1-1  first unextended" style="padding-top:0px;padding-bottom:0px" id="wpv-column-0810c4581ce8133e3eab6dea32155af1" ><p><img loading="lazy" decoding="async" class="alignnone wp-image-37636 size-full" src="https://www.entelequiacultura.com/wp-content/uploads/2022/11/MARIA-BELMONTE-1.jpeg" alt="" width="1000" height="1000" srcset="https://www.entelequiacultura.com/wp-content/uploads/2022/11/MARIA-BELMONTE-1.jpeg 1000w, https://www.entelequiacultura.com/wp-content/uploads/2022/11/MARIA-BELMONTE-1-300x300.jpeg 300w, https://www.entelequiacultura.com/wp-content/uploads/2022/11/MARIA-BELMONTE-1-150x150.jpeg 150w, https://www.entelequiacultura.com/wp-content/uploads/2022/11/MARIA-BELMONTE-1-60x60.jpeg 60w, https://www.entelequiacultura.com/wp-content/uploads/2022/11/MARIA-BELMONTE-1-43x43.jpeg 43w, https://www.entelequiacultura.com/wp-content/uploads/2022/11/MARIA-BELMONTE-1-106x106.jpeg 106w, https://www.entelequiacultura.com/wp-content/uploads/2022/11/MARIA-BELMONTE-1-555x555.jpeg 555w, https://www.entelequiacultura.com/wp-content/uploads/2022/11/MARIA-BELMONTE-1-360x360.jpeg 360w, https://www.entelequiacultura.com/wp-content/uploads/2022/11/MARIA-BELMONTE-1-262x262.jpeg 262w, https://www.entelequiacultura.com/wp-content/uploads/2022/11/MARIA-BELMONTE-1-600x600.jpeg 600w, https://www.entelequiacultura.com/wp-content/uploads/2022/11/MARIA-BELMONTE-1-100x100.jpeg 100w" sizes="(max-width: 1000px) 100vw, 1000px" /></div></div></div>
<div class="wpv-grid grid-1-2  unextended" style="padding-top:0px;padding-bottom:0px" id="wpv-column-00e6e990fa96d0ab1a618cd06a63beb0" ><div class="row "><div class="wpv-grid grid-1-1  first unextended" style="padding-top:0px;padding-bottom:0px" id="wpv-column-0d3b30973082a433a33709f3feeccd9c" ><p>MARÍA BELMONTE va néixer a Bilbao; va estudiar Història en la Universitat de Deusto i Antropologia en l&#8217;Autònoma de Barcelona. En 1995 es va doctorar en el Departament d&#8217;Antropologia Social de la Universitat del País Basc (Sant Sebastià) amb una tesi sobre Història de les Religions.</p>
<p>Exerceix professionalment com a traductora tècnic-literària.</p>
<p>Ha publicat <a href="https://es.bookshop.org/a/7434/9788416011513"><em>Peregrinos de la belleza. Viajeros por Italia y Grecia</em></a> (Acantilado, 2015), <a href="https://es.bookshop.org/a/7434/9788416748471"><em>Los senderos del mar. Un viaje a pie</em></a> (Acantilado, 2017) i <a href="https://es.bookshop.org/books/en-tierra-de-dioniso/9788418370212?aid=7434"><em>En tierra de Dioniso. Vagabundeos por el norte de Grecia</em></a> (Acantilado, 2021).</p>
<p>Ha viscut en diverses ciutats, en una illa mediterrània i, actualment, resideix a Font-rubí (Barcelona).</div></div></div></div></div></div>
		<div class="sep-text single centered">
							<span class="sep-text-before"><div class="sep-text-line"></div></span>
						<div class="content">
				<h2 class="text-divider-double">
Esdeveniments amb l&#8217;autora</h2>			</div>
			<span class="sep-text-after"><div class="sep-text-line"></div></span>
					</div>
	
<div class="row "><div class="wpv-grid grid-1-1  wpv-first-level first extended no-extended-padding" style="padding-top:0px;padding-bottom:0px" id="wpv-column-ca254cb075658f31ca4c05d00a31235a" ><div class="extended-column-inner"><div class="row "><div class="wpv-grid grid-1-3  first has-background unextended animation-fade-in animated-active" style="
				background: url('https://www.entelequiacultura.com/wp-content/uploads/2022/11/869081907.jpg') no-repeat center top;
				background-size: cover;
				background-attachment: ;
			background-color:#1512f9;padding-top:0px;padding-bottom:20px" id="wpv-column-a5b140fe2ff00c2d0fcbafffd9d4befe" ><style>#wpv-column-a5b140fe2ff00c2d0fcbafffd9d4befe p,#wpv-column-a5b140fe2ff00c2d0fcbafffd9d4befe em,#wpv-column-a5b140fe2ff00c2d0fcbafffd9d4befe .column-title,#wpv-column-a5b140fe2ff00c2d0fcbafffd9d4befe .sep-text h2.regular-title-wrapper,#wpv-column-a5b140fe2ff00c2d0fcbafffd9d4befe .text-divider-double,#wpv-column-a5b140fe2ff00c2d0fcbafffd9d4befe .sep-text .sep-text-line,#wpv-column-a5b140fe2ff00c2d0fcbafffd9d4befe .sep,#wpv-column-a5b140fe2ff00c2d0fcbafffd9d4befe .sep-2,#wpv-column-a5b140fe2ff00c2d0fcbafffd9d4befe .sep-3{color:#fff;}#wpv-column-a5b140fe2ff00c2d0fcbafffd9d4befe:before{background-color:transparent;}</style><div class="row "><div class="wpv-grid grid-1-1  first unextended animation-zoom-in animated-active" style="padding-top:0px;padding-bottom:0px" id="wpv-column-29cc0dd3d6526023ee59b3cdb6bd1ae5" ><div class="push" style='height:40px'></div>
<h1 style="text-align: center; color: #ffffff;"><span style="color: #ffffff;">La bellesa. El viatge. L&#8217;altra Grècia</span></h1>
<p style="text-align: center; color: #ffffff;"><div class="push" style='height:40px'></div>
<p style="text-align: center; color: #ffffff;"><p class="textcenter"><a href="https://www.entelequiacultura.com/ca/esdeveniment/retirmariabelmonte/" target="_self" style='font-size: 18px;' class="button vamtam-button accent8  button-border hover-accent1 "><span class="btext">VEURE</span></a></p></div></div>
<div class="row "><div class="wpv-grid grid-1-1  first unextended" style="padding-top:0px;padding-bottom:0px" id="wpv-column-38dec728ef85bcc94c5f226e97f433cd" ><p style="text-align: left;">Retir Cultural<br />
Hotel La Sala de Camós (Camós, Girona)<br />
21, 22 i 23 d&#8217;abril 2023</div></div></div></div></div></div></div>
<div class="push" style='height:10px'></div>

<p>MARÍA BELMONTE va néixer a Bilbao; va estudiar Història en la Universitat de Deusto i Antropologia en l&#8217;Autònoma de Barcelona. En 1995 es va doctorar en el Departament d&#8217;Antropologia Social&#8230;</p>
