{"id":35468,"date":"2021-06-03T09:10:10","date_gmt":"2021-06-03T07:10:10","guid":{"rendered":"https:\/\/www.entelequiacultura.com\/?page_id=35468"},"modified":"2025-11-18T10:11:12","modified_gmt":"2025-11-18T09:11:12","slug":"olgamerino","status":"publish","type":"page","link":"https:\/\/www.entelequiacultura.com\/ca\/olgamerino\/","title":{"rendered":"Olga Merino"},"content":{"rendered":"<div class=\"row \"><div class=\"wpv-grid grid-1-1  wpv-first-level first unextended\" style=\"padding-top:0px;padding-bottom:0px\" id=\"wpv-column-5278c9c3a5ab114ac4a55436ffaf1691\" ><div class=\"row \"><div class=\"wpv-grid grid-1-2  first unextended\" style=\"padding-top:0px;padding-bottom:0px\" id=\"wpv-column-246a4b61763b10b41083d4a1fc2c803a\" ><div class=\"row \"><div class=\"wpv-grid grid-1-1  first unextended\" style=\"padding-top:0px;padding-bottom:0px\" id=\"wpv-column-327f6fb681980dfea67b9ef665efafdf\" ><p><div id=\"attachment_35513\" style=\"width: 660px\" class=\"wp-caption alignnone\"><img loading=\"lazy\" decoding=\"async\" aria-describedby=\"caption-attachment-35513\" class=\"wp-image-35513 size-full\" src=\"https:\/\/www.entelequiacultura.com\/wp-content\/uploads\/2021\/06\/Olga-Merino_\u00a9Marta-Calvo-650.jpg\" alt=\"\" width=\"650\" height=\"649\" srcset=\"https:\/\/www.entelequiacultura.com\/wp-content\/uploads\/2021\/06\/Olga-Merino_\u00a9Marta-Calvo-650.jpg 650w, https:\/\/www.entelequiacultura.com\/wp-content\/uploads\/2021\/06\/Olga-Merino_\u00a9Marta-Calvo-650-300x300.jpg 300w, https:\/\/www.entelequiacultura.com\/wp-content\/uploads\/2021\/06\/Olga-Merino_\u00a9Marta-Calvo-650-150x150.jpg 150w, https:\/\/www.entelequiacultura.com\/wp-content\/uploads\/2021\/06\/Olga-Merino_\u00a9Marta-Calvo-650-60x60.jpg 60w, https:\/\/www.entelequiacultura.com\/wp-content\/uploads\/2021\/06\/Olga-Merino_\u00a9Marta-Calvo-650-43x43.jpg 43w, https:\/\/www.entelequiacultura.com\/wp-content\/uploads\/2021\/06\/Olga-Merino_\u00a9Marta-Calvo-650-106x106.jpg 106w, https:\/\/www.entelequiacultura.com\/wp-content\/uploads\/2021\/06\/Olga-Merino_\u00a9Marta-Calvo-650-555x554.jpg 555w, https:\/\/www.entelequiacultura.com\/wp-content\/uploads\/2021\/06\/Olga-Merino_\u00a9Marta-Calvo-650-360x359.jpg 360w, https:\/\/www.entelequiacultura.com\/wp-content\/uploads\/2021\/06\/Olga-Merino_\u00a9Marta-Calvo-650-262x262.jpg 262w, https:\/\/www.entelequiacultura.com\/wp-content\/uploads\/2021\/06\/Olga-Merino_\u00a9Marta-Calvo-650-600x599.jpg 600w, https:\/\/www.entelequiacultura.com\/wp-content\/uploads\/2021\/06\/Olga-Merino_\u00a9Marta-Calvo-650-100x100.jpg 100w\" sizes=\"(max-width: 650px) 100vw, 650px\" \/><p id=\"caption-attachment-35513\" class=\"wp-caption-text\">\u00a9 Marta Calvo<\/p><\/div><\/div><\/div><\/div>\n<div class=\"wpv-grid grid-1-2  unextended\" style=\"padding-top:0px;padding-bottom:0px\" id=\"wpv-column-b2f6d44452335697112f337f122a68f9\" ><div class=\"row \"><div class=\"wpv-grid grid-1-1  first unextended\" style=\"padding-top:0px;padding-bottom:0px\" id=\"wpv-column-d1b501ed1ed33720c0aca7feb7dab0b1\" ><p>OLGA MERINO \u00e9s escriptora i articulista.\u00a0Ha viscut a Londres, on va estudiar un m\u00e0ster en Hist\u00f2ria i Literatura Llatinoamericanes, i a Moscou, on va presenciar la transformaci\u00f3 de la Uni\u00f3 Sovi\u00e8tica en una economia de mercat, exercint com a corresponsal per a El Peri\u00f3dico de Catalunya.<\/p>\n<p>\u00c9s professora a l&#8217;Escola d&#8217;Escriptura del Ateneu Barcelon\u00e8s des de 2007.<\/p>\n<p>La seva \u00faltima novel\u00b7la es titula <em>La forastera<\/em> (Alfaguara, 2020), finalista del IV Premi Biennal de Novel\u00b7la Mario Vargas Llosa. En 2006, va obtenir el X Premi Mario Vargas Llosa NH de Relats pel conte <em>Las normas son las normas<\/em>.<\/div><\/div><\/div><\/div><\/div><\/div>\n\t\t<div class=\"sep-text single centered\">\n\t\t\t\t\t\t\t<span class=\"sep-text-before\"><div class=\"sep-text-line\"><\/div><\/span>\n\t\t\t\t\t\t<div class=\"content\">\n\t\t\t\t<h2 class=\"text-divider-double\">\nEsdeveniments amb l&#8217;autora<\/h2>\t\t\t<\/div>\n\t\t\t<span class=\"sep-text-after\"><div class=\"sep-text-line\"><\/div><\/span>\n\t\t\t\t\t<\/div>\n\t\n<div class=\"row \"><div class=\"wpv-grid grid-1-1  wpv-first-level first extended no-extended-padding\" style=\"padding-top:0px;padding-bottom:0px\" id=\"wpv-column-3ad775704f99c43f5dfecd698ccba1a1\" ><div class=\"extended-column-inner\"><div class=\"row \"><div class=\"wpv-grid grid-1-3  first has-background unextended animation-fade-in animated-active\" style=\"\n\t\t\t\tbackground: url('https:\/\/www.entelequiacultura.com\/wp-content\/uploads\/2025\/01\/medium_romantic-jardin-1.jpeg') no-repeat center top;\n\t\t\t\tbackground-size: cover;\n\t\t\t\tbackground-attachment: ;\n\t\t\tbackground-color:#1512f9;padding-top:0px;padding-bottom:20px\" id=\"wpv-column-e538c6f27ce9695f9f9f35828c5c8fd8\" ><style>#wpv-column-e538c6f27ce9695f9f9f35828c5c8fd8 p,#wpv-column-e538c6f27ce9695f9f9f35828c5c8fd8 em,#wpv-column-e538c6f27ce9695f9f9f35828c5c8fd8 .column-title,#wpv-column-e538c6f27ce9695f9f9f35828c5c8fd8 .sep-text h2.regular-title-wrapper,#wpv-column-e538c6f27ce9695f9f9f35828c5c8fd8 .text-divider-double,#wpv-column-e538c6f27ce9695f9f9f35828c5c8fd8 .sep-text .sep-text-line,#wpv-column-e538c6f27ce9695f9f9f35828c5c8fd8 .sep,#wpv-column-e538c6f27ce9695f9f9f35828c5c8fd8 .sep-2,#wpv-column-e538c6f27ce9695f9f9f35828c5c8fd8 .sep-3{color:#fff;}#wpv-column-e538c6f27ce9695f9f9f35828c5c8fd8:before{background-color:transparent;}<\/style><div class=\"row \"><div class=\"wpv-grid grid-1-1  first unextended animation-zoom-in animated-active\" style=\"padding-top:0px;padding-bottom:0px\" id=\"wpv-column-f1914af0de8f9eaa0aef355490529133\" ><div class=\"push\" style='height:40px'><\/div>\n<h1 style=\"text-align: center; color: #ffffff;\"><span style=\"color: #ffffff;\">La intimitat com a territori literari<\/span><\/h1>\n<p style=\"text-align: center; color: #ffffff;\"><div class=\"push\" style='height:40px'><\/div>\n<p style=\"text-align: center; color: #ffffff;\"><p class=\"textcenter\"><a href=\"https:\/\/www.entelequiacultura.com\/ca\/esdeveniment\/retir-olga-merino-2025\/\" target=\"_self\" style='font-size: 18px;' class=\"button vamtam-button accent8  button-border hover-accent1 \"><span class=\"btext\">VEURE<\/span><\/a><\/p><\/div><\/div>\n<div class=\"row \"><div class=\"wpv-grid grid-1-1  first unextended\" style=\"padding-top:0px;padding-bottom:0px\" id=\"wpv-column-dd0a51b2fb772df6b0ac81f64369f9d8\" ><p style=\"text-align: left;\">Retir Literari<br \/>\nSitges (Barcelona)<br \/>\n14 a 16 de novembre 2025<\/div><\/div><\/div>\n<div class=\"wpv-grid grid-1-3  has-background unextended animation-fade-in animated-active\" style=\"\n\t\t\t\tbackground: url('https:\/\/www.entelequiacultura.com\/wp-content\/uploads\/2021\/06\/paul-wong-465234-unsplash-scaled-e1623261543176.jpg') no-repeat center top;\n\t\t\t\tbackground-size: cover;\n\t\t\t\tbackground-attachment: ;\n\t\t\tbackground-color:#1512f9;padding-top:0px;padding-bottom:20px\" id=\"wpv-column-e8d7588261dfd2c352f72cf914f1d2d9\" ><style>#wpv-column-e8d7588261dfd2c352f72cf914f1d2d9 p,#wpv-column-e8d7588261dfd2c352f72cf914f1d2d9 em,#wpv-column-e8d7588261dfd2c352f72cf914f1d2d9 .column-title,#wpv-column-e8d7588261dfd2c352f72cf914f1d2d9 .sep-text h2.regular-title-wrapper,#wpv-column-e8d7588261dfd2c352f72cf914f1d2d9 .text-divider-double,#wpv-column-e8d7588261dfd2c352f72cf914f1d2d9 .sep-text .sep-text-line,#wpv-column-e8d7588261dfd2c352f72cf914f1d2d9 .sep,#wpv-column-e8d7588261dfd2c352f72cf914f1d2d9 .sep-2,#wpv-column-e8d7588261dfd2c352f72cf914f1d2d9 .sep-3{color:#fff;}#wpv-column-e8d7588261dfd2c352f72cf914f1d2d9:before{background-color:transparent;}<\/style><div class=\"row \"><div class=\"wpv-grid grid-1-1  first unextended animation-zoom-in animated-active\" style=\"padding-top:0px;padding-bottom:0px\" id=\"wpv-column-175af64da4af23ffcdf80bb0263a9c69\" ><div class=\"push\" style='height:40px'><\/div>\n<h1 style=\"text-align: center; color: #ffffff;\"><span style=\"color: #ffffff;\">Laboratori fumejant: creativitat i escriptura<\/span><\/h1>\n<p style=\"text-align: center; color: #ffffff;\"><div class=\"push\" style='height:40px'><\/div>\n<p style=\"text-align: center; color: #ffffff;\"><p class=\"textcenter\"><a href=\"https:\/\/www.entelequiacultura.com\/ca\/esdeveniment\/laboratorifumejant\/\" target=\"_self\" style='font-size: 18px;' class=\"button vamtam-button accent8  button-border hover-accent1 \"><span class=\"btext\">+INFO<\/span><\/a><\/p><\/div><\/div>\n<div class=\"row \"><div class=\"wpv-grid grid-1-1  first unextended\" style=\"padding-top:0px;padding-bottom:0px\" id=\"wpv-column-da693bb24ac42233035aa1d9223ebb6d\" ><p style=\"text-align: left;\">Curs presencial<br \/>\n10 de juliol 2021<\/div><\/div><\/div><\/div><\/div><\/div><\/div>\n<div class=\"push\" style='height:10px'><\/div>\n","protected":false},"excerpt":{"rendered":"<p>OLGA MERINO \u00e9s escriptora i articulista.\u00a0Ha viscut a Londres, on va estudiar un m\u00e0ster en Hist\u00f2ria i Literatura Llatinoamericanes, i a Moscou, on va presenciar la transformaci\u00f3 de la Uni\u00f3&#8230;<\/p>\n","protected":false},"author":1,"featured_media":35513,"parent":0,"menu_order":0,"comment_status":"closed","ping_status":"closed","template":"","meta":{"_price":"","_stock":"","_tribe_ticket_header":"","_tribe_default_ticket_provider":"","_tribe_ticket_capacity":"0","_ticket_start_date":"","_ticket_end_date":"","_tribe_ticket_show_description":"","_tribe_ticket_show_not_going":false,"_tribe_ticket_use_global_stock":"","_tribe_ticket_global_stock_level":"","_global_stock_mode":"","_global_stock_cap":"","_tribe_rsvp_for_event":"","_tribe_ticket_going_count":"","_tribe_ticket_not_going_count":"","_tribe_tickets_list":"[]","_tribe_ticket_has_attendee_info_fields":false,"footnotes":"","_tec_slr_enabled":"","_tec_slr_layout":""},"class_list":["post-35468","page","type-page","status-publish","has-post-thumbnail","hentry"],"aioseo_notices":[],"ticketed":false,"_links":{"self":[{"href":"https:\/\/www.entelequiacultura.com\/ca\/wp-json\/wp\/v2\/pages\/35468","targetHints":{"allow":["GET"]}}],"collection":[{"href":"https:\/\/www.entelequiacultura.com\/ca\/wp-json\/wp\/v2\/pages"}],"about":[{"href":"https:\/\/www.entelequiacultura.com\/ca\/wp-json\/wp\/v2\/types\/page"}],"author":[{"embeddable":true,"href":"https:\/\/www.entelequiacultura.com\/ca\/wp-json\/wp\/v2\/users\/1"}],"replies":[{"embeddable":true,"href":"https:\/\/www.entelequiacultura.com\/ca\/wp-json\/wp\/v2\/comments?post=35468"}],"version-history":[{"count":5,"href":"https:\/\/www.entelequiacultura.com\/ca\/wp-json\/wp\/v2\/pages\/35468\/revisions"}],"predecessor-version":[{"id":43820,"href":"https:\/\/www.entelequiacultura.com\/ca\/wp-json\/wp\/v2\/pages\/35468\/revisions\/43820"}],"wp:featuredmedia":[{"embeddable":true,"href":"https:\/\/www.entelequiacultura.com\/ca\/wp-json\/wp\/v2\/media\/35513"}],"wp:attachment":[{"href":"https:\/\/www.entelequiacultura.com\/ca\/wp-json\/wp\/v2\/media?parent=35468"}],"curies":[{"name":"wp","href":"https:\/\/api.w.org\/{rel}","templated":true}]}}

<div class="row "><div class="wpv-grid grid-1-1  wpv-first-level first unextended" style="padding-top:0px;padding-bottom:0px" id="wpv-column-5278c9c3a5ab114ac4a55436ffaf1691" ><div class="row "><div class="wpv-grid grid-1-2  first unextended" style="padding-top:0px;padding-bottom:0px" id="wpv-column-246a4b61763b10b41083d4a1fc2c803a" ><div class="row "><div class="wpv-grid grid-1-1  first unextended" style="padding-top:0px;padding-bottom:0px" id="wpv-column-327f6fb681980dfea67b9ef665efafdf" ><p><div id="attachment_35513" style="width: 660px" class="wp-caption alignnone"><img loading="lazy" decoding="async" aria-describedby="caption-attachment-35513" class="wp-image-35513 size-full" src="https://www.entelequiacultura.com/wp-content/uploads/2021/06/Olga-Merino_©Marta-Calvo-650.jpg" alt="" width="650" height="649" srcset="https://www.entelequiacultura.com/wp-content/uploads/2021/06/Olga-Merino_©Marta-Calvo-650.jpg 650w, https://www.entelequiacultura.com/wp-content/uploads/2021/06/Olga-Merino_©Marta-Calvo-650-300x300.jpg 300w, https://www.entelequiacultura.com/wp-content/uploads/2021/06/Olga-Merino_©Marta-Calvo-650-150x150.jpg 150w, https://www.entelequiacultura.com/wp-content/uploads/2021/06/Olga-Merino_©Marta-Calvo-650-60x60.jpg 60w, https://www.entelequiacultura.com/wp-content/uploads/2021/06/Olga-Merino_©Marta-Calvo-650-43x43.jpg 43w, https://www.entelequiacultura.com/wp-content/uploads/2021/06/Olga-Merino_©Marta-Calvo-650-106x106.jpg 106w, https://www.entelequiacultura.com/wp-content/uploads/2021/06/Olga-Merino_©Marta-Calvo-650-555x554.jpg 555w, https://www.entelequiacultura.com/wp-content/uploads/2021/06/Olga-Merino_©Marta-Calvo-650-360x359.jpg 360w, https://www.entelequiacultura.com/wp-content/uploads/2021/06/Olga-Merino_©Marta-Calvo-650-262x262.jpg 262w, https://www.entelequiacultura.com/wp-content/uploads/2021/06/Olga-Merino_©Marta-Calvo-650-600x599.jpg 600w, https://www.entelequiacultura.com/wp-content/uploads/2021/06/Olga-Merino_©Marta-Calvo-650-100x100.jpg 100w" sizes="(max-width: 650px) 100vw, 650px" /><p id="caption-attachment-35513" class="wp-caption-text">© Marta Calvo</p></div></div></div></div>
<div class="wpv-grid grid-1-2  unextended" style="padding-top:0px;padding-bottom:0px" id="wpv-column-b2f6d44452335697112f337f122a68f9" ><div class="row "><div class="wpv-grid grid-1-1  first unextended" style="padding-top:0px;padding-bottom:0px" id="wpv-column-d1b501ed1ed33720c0aca7feb7dab0b1" ><p>OLGA MERINO és escriptora i articulista. Ha viscut a Londres, on va estudiar un màster en Història i Literatura Llatinoamericanes, i a Moscou, on va presenciar la transformació de la Unió Soviètica en una economia de mercat, exercint com a corresponsal per a El Periódico de Catalunya.</p>
<p>És professora a l&#8217;Escola d&#8217;Escriptura del Ateneu Barcelonès des de 2007.</p>
<p>La seva última novel·la es titula <em>La forastera</em> (Alfaguara, 2020), finalista del IV Premi Biennal de Novel·la Mario Vargas Llosa. En 2006, va obtenir el X Premi Mario Vargas Llosa NH de Relats pel conte <em>Las normas son las normas</em>.</div></div></div></div></div></div>
		<div class="sep-text single centered">
							<span class="sep-text-before"><div class="sep-text-line"></div></span>
						<div class="content">
				<h2 class="text-divider-double">
Esdeveniments amb l&#8217;autora</h2>			</div>
			<span class="sep-text-after"><div class="sep-text-line"></div></span>
					</div>
	
<div class="row "><div class="wpv-grid grid-1-1  wpv-first-level first extended no-extended-padding" style="padding-top:0px;padding-bottom:0px" id="wpv-column-3ad775704f99c43f5dfecd698ccba1a1" ><div class="extended-column-inner"><div class="row "><div class="wpv-grid grid-1-3  first has-background unextended animation-fade-in animated-active" style="
				background: url('https://www.entelequiacultura.com/wp-content/uploads/2025/01/medium_romantic-jardin-1.jpeg') no-repeat center top;
				background-size: cover;
				background-attachment: ;
			background-color:#1512f9;padding-top:0px;padding-bottom:20px" id="wpv-column-e538c6f27ce9695f9f9f35828c5c8fd8" ><style>#wpv-column-e538c6f27ce9695f9f9f35828c5c8fd8 p,#wpv-column-e538c6f27ce9695f9f9f35828c5c8fd8 em,#wpv-column-e538c6f27ce9695f9f9f35828c5c8fd8 .column-title,#wpv-column-e538c6f27ce9695f9f9f35828c5c8fd8 .sep-text h2.regular-title-wrapper,#wpv-column-e538c6f27ce9695f9f9f35828c5c8fd8 .text-divider-double,#wpv-column-e538c6f27ce9695f9f9f35828c5c8fd8 .sep-text .sep-text-line,#wpv-column-e538c6f27ce9695f9f9f35828c5c8fd8 .sep,#wpv-column-e538c6f27ce9695f9f9f35828c5c8fd8 .sep-2,#wpv-column-e538c6f27ce9695f9f9f35828c5c8fd8 .sep-3{color:#fff;}#wpv-column-e538c6f27ce9695f9f9f35828c5c8fd8:before{background-color:transparent;}</style><div class="row "><div class="wpv-grid grid-1-1  first unextended animation-zoom-in animated-active" style="padding-top:0px;padding-bottom:0px" id="wpv-column-f1914af0de8f9eaa0aef355490529133" ><div class="push" style='height:40px'></div>
<h1 style="text-align: center; color: #ffffff;"><span style="color: #ffffff;">La intimitat com a territori literari</span></h1>
<p style="text-align: center; color: #ffffff;"><div class="push" style='height:40px'></div>
<p style="text-align: center; color: #ffffff;"><p class="textcenter"><a href="https://www.entelequiacultura.com/ca/esdeveniment/retir-olga-merino-2025/" target="_self" style='font-size: 18px;' class="button vamtam-button accent8  button-border hover-accent1 "><span class="btext">VEURE</span></a></p></div></div>
<div class="row "><div class="wpv-grid grid-1-1  first unextended" style="padding-top:0px;padding-bottom:0px" id="wpv-column-dd0a51b2fb772df6b0ac81f64369f9d8" ><p style="text-align: left;">Retir Literari<br />
Sitges (Barcelona)<br />
14 a 16 de novembre 2025</div></div></div>
<div class="wpv-grid grid-1-3  has-background unextended animation-fade-in animated-active" style="
				background: url('https://www.entelequiacultura.com/wp-content/uploads/2021/06/paul-wong-465234-unsplash-scaled-e1623261543176.jpg') no-repeat center top;
				background-size: cover;
				background-attachment: ;
			background-color:#1512f9;padding-top:0px;padding-bottom:20px" id="wpv-column-e8d7588261dfd2c352f72cf914f1d2d9" ><style>#wpv-column-e8d7588261dfd2c352f72cf914f1d2d9 p,#wpv-column-e8d7588261dfd2c352f72cf914f1d2d9 em,#wpv-column-e8d7588261dfd2c352f72cf914f1d2d9 .column-title,#wpv-column-e8d7588261dfd2c352f72cf914f1d2d9 .sep-text h2.regular-title-wrapper,#wpv-column-e8d7588261dfd2c352f72cf914f1d2d9 .text-divider-double,#wpv-column-e8d7588261dfd2c352f72cf914f1d2d9 .sep-text .sep-text-line,#wpv-column-e8d7588261dfd2c352f72cf914f1d2d9 .sep,#wpv-column-e8d7588261dfd2c352f72cf914f1d2d9 .sep-2,#wpv-column-e8d7588261dfd2c352f72cf914f1d2d9 .sep-3{color:#fff;}#wpv-column-e8d7588261dfd2c352f72cf914f1d2d9:before{background-color:transparent;}</style><div class="row "><div class="wpv-grid grid-1-1  first unextended animation-zoom-in animated-active" style="padding-top:0px;padding-bottom:0px" id="wpv-column-175af64da4af23ffcdf80bb0263a9c69" ><div class="push" style='height:40px'></div>
<h1 style="text-align: center; color: #ffffff;"><span style="color: #ffffff;">Laboratori fumejant: creativitat i escriptura</span></h1>
<p style="text-align: center; color: #ffffff;"><div class="push" style='height:40px'></div>
<p style="text-align: center; color: #ffffff;"><p class="textcenter"><a href="https://www.entelequiacultura.com/ca/esdeveniment/laboratorifumejant/" target="_self" style='font-size: 18px;' class="button vamtam-button accent8  button-border hover-accent1 "><span class="btext">+INFO</span></a></p></div></div>
<div class="row "><div class="wpv-grid grid-1-1  first unextended" style="padding-top:0px;padding-bottom:0px" id="wpv-column-da693bb24ac42233035aa1d9223ebb6d" ><p style="text-align: left;">Curs presencial<br />
10 de juliol 2021</div></div></div></div></div></div></div>
<div class="push" style='height:10px'></div>

<p>OLGA MERINO és escriptora i articulista. Ha viscut a Londres, on va estudiar un màster en Història i Literatura Llatinoamericanes, i a Moscou, on va presenciar la transformació de la Unió&#8230;</p>
