{"id":34487,"date":"2020-12-24T16:56:58","date_gmt":"2020-12-24T15:56:58","guid":{"rendered":"https:\/\/www.entelequiacultura.com\/?page_id=34487"},"modified":"2020-12-24T16:56:58","modified_gmt":"2020-12-24T15:56:58","slug":"piedadbonnett","status":"publish","type":"page","link":"https:\/\/www.entelequiacultura.com\/ca\/piedadbonnett\/","title":{"rendered":"Piedad Bonnett"},"content":{"rendered":"<div class=\"row \"><div class=\"wpv-grid grid-1-1  wpv-first-level first unextended\" style=\"padding-top:0px;padding-bottom:0px\" id=\"wpv-column-4887f173fa061dc01cce5b33cd2ac69e\" ><div class=\"row \"><div class=\"wpv-grid grid-1-2  first unextended\" style=\"padding-top:0px;padding-bottom:0px\" id=\"wpv-column-34d960768fdb50c8a35ab16d6aa47bd1\" ><div class=\"row \"><div class=\"wpv-grid grid-1-1  first unextended\" style=\"padding-top:0px;padding-bottom:0px\" id=\"wpv-column-7ab5b5b8f260ba9588291e96d93b4d04\" ><p><img loading=\"lazy\" decoding=\"async\" class=\"alignnone wp-image-34491 size-full\" src=\"https:\/\/www.entelequiacultura.com\/wp-content\/uploads\/2020\/12\/P-Bonnett-650.jpg\" alt=\"\" width=\"650\" height=\"650\" srcset=\"https:\/\/www.entelequiacultura.com\/wp-content\/uploads\/2020\/12\/P-Bonnett-650.jpg 650w, https:\/\/www.entelequiacultura.com\/wp-content\/uploads\/2020\/12\/P-Bonnett-650-300x300.jpg 300w, https:\/\/www.entelequiacultura.com\/wp-content\/uploads\/2020\/12\/P-Bonnett-650-150x150.jpg 150w, https:\/\/www.entelequiacultura.com\/wp-content\/uploads\/2020\/12\/P-Bonnett-650-60x60.jpg 60w, https:\/\/www.entelequiacultura.com\/wp-content\/uploads\/2020\/12\/P-Bonnett-650-43x43.jpg 43w, https:\/\/www.entelequiacultura.com\/wp-content\/uploads\/2020\/12\/P-Bonnett-650-106x106.jpg 106w, https:\/\/www.entelequiacultura.com\/wp-content\/uploads\/2020\/12\/P-Bonnett-650-555x555.jpg 555w, https:\/\/www.entelequiacultura.com\/wp-content\/uploads\/2020\/12\/P-Bonnett-650-360x360.jpg 360w, https:\/\/www.entelequiacultura.com\/wp-content\/uploads\/2020\/12\/P-Bonnett-650-262x262.jpg 262w, https:\/\/www.entelequiacultura.com\/wp-content\/uploads\/2020\/12\/P-Bonnett-650-600x600.jpg 600w, https:\/\/www.entelequiacultura.com\/wp-content\/uploads\/2020\/12\/P-Bonnett-650-100x100.jpg 100w\" sizes=\"(max-width: 650px) 100vw, 650px\" \/><\/div><\/div><\/div>\n<div class=\"wpv-grid grid-1-2  unextended\" style=\"padding-top:0px;padding-bottom:0px\" id=\"wpv-column-c76ac0a2fd6ed462cdc0890c5442ddcb\" ><div class=\"row \"><div class=\"wpv-grid grid-1-1  first unextended\" style=\"padding-top:0px;padding-bottom:0px\" id=\"wpv-column-529d1a021211cc5e292d03495b2e1d26\" ><p>PIEDAD BONNETT<\/p>\n<p>Llicenciada en Filosofia i Lletres per la Universitat dels Andes. T\u00e9 un mestratge en Teoria de l&#8217;Art i l&#8217;Arquitectura en la Universitat Nacional de Col\u00f2mbia.<\/p>\n<p>Ha publicat vuit llibres de poemes i diverses antologies. Tamb\u00e9 \u00e9s dramaturga i autora de cinc novel\u00b7les i d&#8217;un llibre testimonial sobre la mort del seu fill, <em>Lo que no tiene nombre<\/em>, incl\u00f2s en 2016 per <em>Babelia<\/em>\u00a0entre els 100 millors llibres dels \u00faltims 25 anys.<\/p>\n<p>Amb <em>El hilo de los d\u00edas<\/em> va guanyar el Premi Nacional de Poesia atorgat per l&#8217;Institut Colombi\u00e0 de Cultura, Colcultura, en 1994; en 2011, amb <em>Explicaciones no pedidas<\/em>, va guanyar el premi Casa d&#8217;Am\u00e8rica de poesia americana de Madrid; en 2012, en Aguascalientes, M\u00e8xic, va guanyar el Premi V\u00edctor Sandoval, dins de la Trobada de Poetes del M\u00f3n Llat\u00ed, per l&#8217;aportaci\u00f3 de la seva poesia a la llengua castellana; en 2014 el Jos\u00e9 Lezama Lima de Casa de les Am\u00e8riques, i en 2016 el Premi Generaci\u00f3 del 27 a M\u00e0laga, Espanya, pel seu llibre <em>Los habitantes<\/em>.<\/div><\/div><\/div><\/div><\/div><\/div>\n\t\t<div class=\"sep-text single centered\">\n\t\t\t\t\t\t\t<span class=\"sep-text-before\"><div class=\"sep-text-line\"><\/div><\/span>\n\t\t\t\t\t\t<div class=\"content\">\n\t\t\t\t<h2 class=\"text-divider-double\">\nEsdeveniments amb l&#8217;autora<br \/>\n<\/h2>\t\t\t<\/div>\n\t\t\t<span class=\"sep-text-after\"><div class=\"sep-text-line\"><\/div><\/span>\n\t\t\t\t\t<\/div>\n\t\n<div class=\"row \"><div class=\"wpv-grid grid-1-1  wpv-first-level first extended no-extended-padding\" style=\"padding-top:0px;padding-bottom:0px\" id=\"wpv-column-a8cb8d590ae733e0820c3c5513c9ff18\" ><div class=\"extended-column-inner\"><div class=\"row \"><div class=\"wpv-grid grid-1-3  first has-background unextended animation-fade-in animated-active\" style=\"\n\t\t\t\tbackground: url('https:\/\/www.entelequiacultura.com\/wp-content\/uploads\/2020\/12\/792415816_2063568151.jpg') no-repeat center top;\n\t\t\t\tbackground-size: cover;\n\t\t\t\tbackground-attachment: ;\n\t\t\tbackground-color:#1512f9;padding-top:0px;padding-bottom:20px\" id=\"wpv-column-50b016d08f98e4f484abdb2ea1814c0b\" ><style>#wpv-column-50b016d08f98e4f484abdb2ea1814c0b p,#wpv-column-50b016d08f98e4f484abdb2ea1814c0b em,#wpv-column-50b016d08f98e4f484abdb2ea1814c0b .column-title,#wpv-column-50b016d08f98e4f484abdb2ea1814c0b .sep-text h2.regular-title-wrapper,#wpv-column-50b016d08f98e4f484abdb2ea1814c0b .text-divider-double,#wpv-column-50b016d08f98e4f484abdb2ea1814c0b .sep-text .sep-text-line,#wpv-column-50b016d08f98e4f484abdb2ea1814c0b .sep,#wpv-column-50b016d08f98e4f484abdb2ea1814c0b .sep-2,#wpv-column-50b016d08f98e4f484abdb2ea1814c0b .sep-3{color:#fff;}#wpv-column-50b016d08f98e4f484abdb2ea1814c0b:before{background-color:transparent;}<\/style><div class=\"row \"><div class=\"wpv-grid grid-1-1  first unextended animation-zoom-in animated-active\" style=\"padding-top:0px;padding-bottom:0px\" id=\"wpv-column-3764082294c17d6bace6da8483c8b2e8\" ><div class=\"push\" style='height:40px'><\/div>\n<h1 style=\"text-align: center; color: #ffffff;\"><span style=\"color: #ffffff;\">Duel i literatura<\/span><\/h1>\n<p style=\"text-align: center; color: #ffffff;\"><div class=\"push\" style='height:40px'><\/div>\n<p style=\"text-align: center; color: #ffffff;\"><p class=\"textcenter\"><a href=\"https:\/\/www.entelequiacultura.com\/ca\/evento\/dueloyliteratura\/\" target=\"_self\" style='font-size: 18px;' class=\"button vamtam-button accent8  button-border hover-accent1 \"><span class=\"btext\">VEURE<\/span><\/a><\/p><\/div><\/div>\n<div class=\"row \"><div class=\"wpv-grid grid-1-1  first unextended\" style=\"padding-top:0px;padding-bottom:0px\" id=\"wpv-column-abbfc1540c9045b703f6394bdf0d3dd1\" ><p style=\"text-align: right;\">Confer\u00e8ncia i col\u00b7loqui<br \/>\n15 de gener 2021<\/div><\/div><\/div><\/div><\/div><\/div><\/div>\n<div class=\"push\" style='height:10px'><\/div>\n","protected":false},"excerpt":{"rendered":"<p>PIEDAD BONNETT Llicenciada en Filosofia i Lletres per la Universitat dels Andes. T\u00e9 un mestratge en Teoria de l&#8217;Art i l&#8217;Arquitectura en la Universitat Nacional de Col\u00f2mbia. Ha publicat vuit&#8230;<\/p>\n","protected":false},"author":1,"featured_media":34491,"parent":0,"menu_order":0,"comment_status":"closed","ping_status":"closed","template":"","meta":{"_price":"","_stock":"","_tribe_ticket_header":"","_tribe_default_ticket_provider":"","_tribe_ticket_capacity":"0","_ticket_start_date":"","_ticket_end_date":"","_tribe_ticket_show_description":"","_tribe_ticket_show_not_going":false,"_tribe_ticket_use_global_stock":"","_tribe_ticket_global_stock_level":"","_global_stock_mode":"","_global_stock_cap":"","_tribe_rsvp_for_event":"","_tribe_ticket_going_count":"","_tribe_ticket_not_going_count":"","_tribe_tickets_list":"[]","_tribe_ticket_has_attendee_info_fields":false,"footnotes":"","_tec_slr_enabled":"","_tec_slr_layout":""},"class_list":["post-34487","page","type-page","status-publish","has-post-thumbnail","hentry"],"aioseo_notices":[],"ticketed":false,"_links":{"self":[{"href":"https:\/\/www.entelequiacultura.com\/ca\/wp-json\/wp\/v2\/pages\/34487","targetHints":{"allow":["GET"]}}],"collection":[{"href":"https:\/\/www.entelequiacultura.com\/ca\/wp-json\/wp\/v2\/pages"}],"about":[{"href":"https:\/\/www.entelequiacultura.com\/ca\/wp-json\/wp\/v2\/types\/page"}],"author":[{"embeddable":true,"href":"https:\/\/www.entelequiacultura.com\/ca\/wp-json\/wp\/v2\/users\/1"}],"replies":[{"embeddable":true,"href":"https:\/\/www.entelequiacultura.com\/ca\/wp-json\/wp\/v2\/comments?post=34487"}],"version-history":[{"count":0,"href":"https:\/\/www.entelequiacultura.com\/ca\/wp-json\/wp\/v2\/pages\/34487\/revisions"}],"wp:featuredmedia":[{"embeddable":true,"href":"https:\/\/www.entelequiacultura.com\/ca\/wp-json\/wp\/v2\/media\/34491"}],"wp:attachment":[{"href":"https:\/\/www.entelequiacultura.com\/ca\/wp-json\/wp\/v2\/media?parent=34487"}],"curies":[{"name":"wp","href":"https:\/\/api.w.org\/{rel}","templated":true}]}}

<div class="row "><div class="wpv-grid grid-1-1  wpv-first-level first unextended" style="padding-top:0px;padding-bottom:0px" id="wpv-column-4887f173fa061dc01cce5b33cd2ac69e" ><div class="row "><div class="wpv-grid grid-1-2  first unextended" style="padding-top:0px;padding-bottom:0px" id="wpv-column-34d960768fdb50c8a35ab16d6aa47bd1" ><div class="row "><div class="wpv-grid grid-1-1  first unextended" style="padding-top:0px;padding-bottom:0px" id="wpv-column-7ab5b5b8f260ba9588291e96d93b4d04" ><p><img loading="lazy" decoding="async" class="alignnone wp-image-34491 size-full" src="https://www.entelequiacultura.com/wp-content/uploads/2020/12/P-Bonnett-650.jpg" alt="" width="650" height="650" srcset="https://www.entelequiacultura.com/wp-content/uploads/2020/12/P-Bonnett-650.jpg 650w, https://www.entelequiacultura.com/wp-content/uploads/2020/12/P-Bonnett-650-300x300.jpg 300w, https://www.entelequiacultura.com/wp-content/uploads/2020/12/P-Bonnett-650-150x150.jpg 150w, https://www.entelequiacultura.com/wp-content/uploads/2020/12/P-Bonnett-650-60x60.jpg 60w, https://www.entelequiacultura.com/wp-content/uploads/2020/12/P-Bonnett-650-43x43.jpg 43w, https://www.entelequiacultura.com/wp-content/uploads/2020/12/P-Bonnett-650-106x106.jpg 106w, https://www.entelequiacultura.com/wp-content/uploads/2020/12/P-Bonnett-650-555x555.jpg 555w, https://www.entelequiacultura.com/wp-content/uploads/2020/12/P-Bonnett-650-360x360.jpg 360w, https://www.entelequiacultura.com/wp-content/uploads/2020/12/P-Bonnett-650-262x262.jpg 262w, https://www.entelequiacultura.com/wp-content/uploads/2020/12/P-Bonnett-650-600x600.jpg 600w, https://www.entelequiacultura.com/wp-content/uploads/2020/12/P-Bonnett-650-100x100.jpg 100w" sizes="(max-width: 650px) 100vw, 650px" /></div></div></div>
<div class="wpv-grid grid-1-2  unextended" style="padding-top:0px;padding-bottom:0px" id="wpv-column-c76ac0a2fd6ed462cdc0890c5442ddcb" ><div class="row "><div class="wpv-grid grid-1-1  first unextended" style="padding-top:0px;padding-bottom:0px" id="wpv-column-529d1a021211cc5e292d03495b2e1d26" ><p>PIEDAD BONNETT</p>
<p>Llicenciada en Filosofia i Lletres per la Universitat dels Andes. Té un mestratge en Teoria de l&#8217;Art i l&#8217;Arquitectura en la Universitat Nacional de Colòmbia.</p>
<p>Ha publicat vuit llibres de poemes i diverses antologies. També és dramaturga i autora de cinc novel·les i d&#8217;un llibre testimonial sobre la mort del seu fill, <em>Lo que no tiene nombre</em>, inclòs en 2016 per <em>Babelia</em> entre els 100 millors llibres dels últims 25 anys.</p>
<p>Amb <em>El hilo de los días</em> va guanyar el Premi Nacional de Poesia atorgat per l&#8217;Institut Colombià de Cultura, Colcultura, en 1994; en 2011, amb <em>Explicaciones no pedidas</em>, va guanyar el premi Casa d&#8217;Amèrica de poesia americana de Madrid; en 2012, en Aguascalientes, Mèxic, va guanyar el Premi Víctor Sandoval, dins de la Trobada de Poetes del Món Llatí, per l&#8217;aportació de la seva poesia a la llengua castellana; en 2014 el José Lezama Lima de Casa de les Amèriques, i en 2016 el Premi Generació del 27 a Màlaga, Espanya, pel seu llibre <em>Los habitantes</em>.</div></div></div></div></div></div>
		<div class="sep-text single centered">
							<span class="sep-text-before"><div class="sep-text-line"></div></span>
						<div class="content">
				<h2 class="text-divider-double">
Esdeveniments amb l&#8217;autora<br />
</h2>			</div>
			<span class="sep-text-after"><div class="sep-text-line"></div></span>
					</div>
	
<div class="row "><div class="wpv-grid grid-1-1  wpv-first-level first extended no-extended-padding" style="padding-top:0px;padding-bottom:0px" id="wpv-column-a8cb8d590ae733e0820c3c5513c9ff18" ><div class="extended-column-inner"><div class="row "><div class="wpv-grid grid-1-3  first has-background unextended animation-fade-in animated-active" style="
				background: url('https://www.entelequiacultura.com/wp-content/uploads/2020/12/792415816_2063568151.jpg') no-repeat center top;
				background-size: cover;
				background-attachment: ;
			background-color:#1512f9;padding-top:0px;padding-bottom:20px" id="wpv-column-50b016d08f98e4f484abdb2ea1814c0b" ><style>#wpv-column-50b016d08f98e4f484abdb2ea1814c0b p,#wpv-column-50b016d08f98e4f484abdb2ea1814c0b em,#wpv-column-50b016d08f98e4f484abdb2ea1814c0b .column-title,#wpv-column-50b016d08f98e4f484abdb2ea1814c0b .sep-text h2.regular-title-wrapper,#wpv-column-50b016d08f98e4f484abdb2ea1814c0b .text-divider-double,#wpv-column-50b016d08f98e4f484abdb2ea1814c0b .sep-text .sep-text-line,#wpv-column-50b016d08f98e4f484abdb2ea1814c0b .sep,#wpv-column-50b016d08f98e4f484abdb2ea1814c0b .sep-2,#wpv-column-50b016d08f98e4f484abdb2ea1814c0b .sep-3{color:#fff;}#wpv-column-50b016d08f98e4f484abdb2ea1814c0b:before{background-color:transparent;}</style><div class="row "><div class="wpv-grid grid-1-1  first unextended animation-zoom-in animated-active" style="padding-top:0px;padding-bottom:0px" id="wpv-column-3764082294c17d6bace6da8483c8b2e8" ><div class="push" style='height:40px'></div>
<h1 style="text-align: center; color: #ffffff;"><span style="color: #ffffff;">Duel i literatura</span></h1>
<p style="text-align: center; color: #ffffff;"><div class="push" style='height:40px'></div>
<p style="text-align: center; color: #ffffff;"><p class="textcenter"><a href="https://www.entelequiacultura.com/ca/evento/dueloyliteratura/" target="_self" style='font-size: 18px;' class="button vamtam-button accent8  button-border hover-accent1 "><span class="btext">VEURE</span></a></p></div></div>
<div class="row "><div class="wpv-grid grid-1-1  first unextended" style="padding-top:0px;padding-bottom:0px" id="wpv-column-abbfc1540c9045b703f6394bdf0d3dd1" ><p style="text-align: right;">Conferència i col·loqui<br />
15 de gener 2021</div></div></div></div></div></div></div>
<div class="push" style='height:10px'></div>

<p>PIEDAD BONNETT Llicenciada en Filosofia i Lletres per la Universitat dels Andes. Té un mestratge en Teoria de l&#8217;Art i l&#8217;Arquitectura en la Universitat Nacional de Colòmbia. Ha publicat vuit&#8230;</p>
