{"id":33606,"date":"2020-06-09T17:48:52","date_gmt":"2020-06-09T15:48:52","guid":{"rendered":"https:\/\/www.entelequiacultura.com\/?page_id=33606"},"modified":"2020-06-17T07:38:57","modified_gmt":"2020-06-17T05:38:57","slug":"annapages","status":"publish","type":"page","link":"https:\/\/www.entelequiacultura.com\/ca\/annapages\/","title":{"rendered":"Anna Pag\u00e9s"},"content":{"rendered":"<div class=\"row \"><div class=\"wpv-grid grid-1-1  wpv-first-level first unextended\" style=\"padding-top:0px;padding-bottom:0px\" id=\"wpv-column-28798a6d0abe957aa914d82a09bdbc78\" ><div class=\"row \"><div class=\"wpv-grid grid-1-2  first unextended\" style=\"padding-top:0px;padding-bottom:0px\" id=\"wpv-column-80ebbbba8511fc911c7a39ab61829b87\" ><div class=\"row \"><div class=\"wpv-grid grid-1-1  first unextended\" style=\"padding-top:0px;padding-bottom:0px\" id=\"wpv-column-47f1710f2a21cd17c42172c27b2ee241\" ><p><img loading=\"lazy\" decoding=\"async\" class=\"wp-image-33608 size-full aligncenter\" src=\"https:\/\/www.entelequiacultura.com\/wp-content\/uploads\/2020\/06\/FOTO-ANNA-PAGES-de-Pere-Virgili-650.jpg\" alt=\"\u00a9 Pere Virgili\" width=\"650\" height=\"650\" srcset=\"https:\/\/www.entelequiacultura.com\/wp-content\/uploads\/2020\/06\/FOTO-ANNA-PAGES-de-Pere-Virgili-650.jpg 650w, https:\/\/www.entelequiacultura.com\/wp-content\/uploads\/2020\/06\/FOTO-ANNA-PAGES-de-Pere-Virgili-650-300x300.jpg 300w, https:\/\/www.entelequiacultura.com\/wp-content\/uploads\/2020\/06\/FOTO-ANNA-PAGES-de-Pere-Virgili-650-150x150.jpg 150w, https:\/\/www.entelequiacultura.com\/wp-content\/uploads\/2020\/06\/FOTO-ANNA-PAGES-de-Pere-Virgili-650-60x60.jpg 60w, https:\/\/www.entelequiacultura.com\/wp-content\/uploads\/2020\/06\/FOTO-ANNA-PAGES-de-Pere-Virgili-650-43x43.jpg 43w, https:\/\/www.entelequiacultura.com\/wp-content\/uploads\/2020\/06\/FOTO-ANNA-PAGES-de-Pere-Virgili-650-106x106.jpg 106w, https:\/\/www.entelequiacultura.com\/wp-content\/uploads\/2020\/06\/FOTO-ANNA-PAGES-de-Pere-Virgili-650-555x555.jpg 555w, https:\/\/www.entelequiacultura.com\/wp-content\/uploads\/2020\/06\/FOTO-ANNA-PAGES-de-Pere-Virgili-650-360x360.jpg 360w, https:\/\/www.entelequiacultura.com\/wp-content\/uploads\/2020\/06\/FOTO-ANNA-PAGES-de-Pere-Virgili-650-262x262.jpg 262w, https:\/\/www.entelequiacultura.com\/wp-content\/uploads\/2020\/06\/FOTO-ANNA-PAGES-de-Pere-Virgili-650-600x600.jpg 600w, https:\/\/www.entelequiacultura.com\/wp-content\/uploads\/2020\/06\/FOTO-ANNA-PAGES-de-Pere-Virgili-650-100x100.jpg 100w\" sizes=\"(max-width: 650px) 100vw, 650px\" \/><\/p>\n<p><em><span lang=\"CA\">\u00a9 Pere Virgili<\/span><\/em><\/div><\/div><\/div>\n<div class=\"wpv-grid grid-1-2  unextended\" style=\"padding-top:0px;padding-bottom:0px\" id=\"wpv-column-be79f33ed865e4583c1cc5d80e36afd3\" ><div class=\"row \"><div class=\"wpv-grid grid-1-1  first unextended\" style=\"padding-top:0px;padding-bottom:0px\" id=\"wpv-column-326b63e977d2a4fe98ced89972f2a642\" ><p>ANNA PAG\u00c9S SANTACANA, nascuda a Barcelona el 25 de Juliol de 1965. Llicenciada i Doctora en Educaci\u00f3 per la Universitat Aut\u00f2noma de Barcelona. Professora Titular de la Facultad de Psicologia, Ci\u00e8ncies de l\u2019Educaci\u00f3 i l\u2019Esport- Blanquerna, de la Universitat Ramon Llull (Barcelona). Membre del Grup de Recerca PSITIC de l\u2019Institut de Recerca en Educaci\u00f3 de la Universitat Ramon Llull.<\/p>\n<p>Ha publicat, entre altres, <em>Al filo del pasado<\/em>, Herder, Barcelona, 2006; <em>Sobre el Olvido<\/em>, Herder, Barcelona, 2012; \u201cL\u2019\u00e9tranger comme exception \u00e0 l\u2019universel \u00e9ducatif\u201d, <em>Le T\u00e9l\u00e9maque<\/em>, <em>Philosophie, Education, Societ\u00e9<\/em>, 2012, num\u00e9ro 41, pp 47-59; \u201cL\u2019enfance comme l\u2019indicible de l\u2019exp\u00e9rience \u00e9ducative: une approche philosophique\u201d en <em>R\u00e9penser l\u2019enfance?\u00a0<\/em>Paris: Editions Hermann, 2012, pp.275-285; <em>Cenar con Diotima, <\/em>Herder Editorial, Barcelona,2018.<\/div><\/div><\/div><\/div><\/div><\/div>\n\t\t<div class=\"sep-text single centered\">\n\t\t\t\t\t\t\t<span class=\"sep-text-before\"><div class=\"sep-text-line\"><\/div><\/span>\n\t\t\t\t\t\t<div class=\"content\">\n\t\t\t\t<h2 class=\"text-divider-double\">\nEsdeveniments amb l&#8217;autora<\/h2>\t\t\t<\/div>\n\t\t\t<span class=\"sep-text-after\"><div class=\"sep-text-line\"><\/div><\/span>\n\t\t\t\t\t<\/div>\n\t\n<div class=\"row \"><div class=\"wpv-grid grid-1-1  wpv-first-level first extended no-extended-padding\" style=\"padding-top:0px;padding-bottom:0px\" id=\"wpv-column-21fdb3106e6d635ab0042a2be815dc62\" ><div class=\"extended-column-inner\"><div class=\"row \"><div class=\"wpv-grid grid-1-3  first has-background unextended animation-fade-in animated-active\" style=\"\n\t\t\t\tbackground: url('https:\/\/www.entelequiacultura.com\/wp-content\/uploads\/2020\/06\/diotima.jpg') no-repeat center top;\n\t\t\t\tbackground-size: cover;\n\t\t\t\tbackground-attachment: ;\n\t\t\tbackground-color:#1512f9;padding-top:0px;padding-bottom:20px\" id=\"wpv-column-e00480d7f4ffd9ec7b8714233ac09128\" ><style>#wpv-column-e00480d7f4ffd9ec7b8714233ac09128 p,#wpv-column-e00480d7f4ffd9ec7b8714233ac09128 em,#wpv-column-e00480d7f4ffd9ec7b8714233ac09128 .column-title,#wpv-column-e00480d7f4ffd9ec7b8714233ac09128 .sep-text h2.regular-title-wrapper,#wpv-column-e00480d7f4ffd9ec7b8714233ac09128 .text-divider-double,#wpv-column-e00480d7f4ffd9ec7b8714233ac09128 .sep-text .sep-text-line,#wpv-column-e00480d7f4ffd9ec7b8714233ac09128 .sep,#wpv-column-e00480d7f4ffd9ec7b8714233ac09128 .sep-2,#wpv-column-e00480d7f4ffd9ec7b8714233ac09128 .sep-3{color:#fff;}#wpv-column-e00480d7f4ffd9ec7b8714233ac09128:before{background-color:transparent;}<\/style><div class=\"row \"><div class=\"wpv-grid grid-1-1  first unextended animation-zoom-in animated-active\" style=\"padding-top:0px;padding-bottom:0px\" id=\"wpv-column-9f5f2556bbcb419eb7a8c36fe8100725\" ><div class=\"push\" style='height:40px'><\/div>\n<h1 style=\"text-align: center; color: #ffffff;\"><span style=\"color: #ffffff;\">Filosofia i Feminitat<\/span><\/h1>\n<p style=\"text-align: center; color: #ffffff;\"><div class=\"push\" style='height:40px'><\/div>\n<p style=\"text-align: center; color: #ffffff;\"><p class=\"textcenter\"><a href=\"https:\/\/www.entelequiacultura.com\/ca\/evento\/filosofiayfeminidad\/\" target=\"_self\" style='font-size: 18px;' class=\"button vamtam-button accent8  button-border hover-accent1 \"><span class=\"btext\">VEURE<\/span><\/a><\/p><\/div><\/div>\n<div class=\"row \"><div class=\"wpv-grid grid-1-1  first unextended\" style=\"padding-top:0px;padding-bottom:0px\" id=\"wpv-column-9edd7112668cac7f93f2a104fd04e644\" ><p style=\"text-align: left;\">Col\u00b7loqui virtual<br \/>\n8 de juliol 2020<\/div><\/div><\/div><\/div><\/div><\/div><\/div>\n<div class=\"push\" style='height:10px'><\/div>\n","protected":false},"excerpt":{"rendered":"<p>\u00a9 Pere Virgili ANNA PAG\u00c9S SANTACANA, nascuda a Barcelona el 25 de Juliol de 1965. Llicenciada i Doctora en Educaci\u00f3 per la Universitat Aut\u00f2noma de Barcelona. Professora Titular de la&#8230;<\/p>\n","protected":false},"author":1,"featured_media":33608,"parent":0,"menu_order":0,"comment_status":"closed","ping_status":"closed","template":"","meta":{"_price":"","_stock":"","_tribe_ticket_header":"","_tribe_default_ticket_provider":"","_tribe_ticket_capacity":"0","_ticket_start_date":"","_ticket_end_date":"","_tribe_ticket_show_description":"","_tribe_ticket_show_not_going":false,"_tribe_ticket_use_global_stock":"","_tribe_ticket_global_stock_level":"","_global_stock_mode":"","_global_stock_cap":"","_tribe_rsvp_for_event":"","_tribe_ticket_going_count":"","_tribe_ticket_not_going_count":"","_tribe_tickets_list":"[]","_tribe_ticket_has_attendee_info_fields":false,"footnotes":"","_tec_slr_enabled":"","_tec_slr_layout":""},"class_list":["post-33606","page","type-page","status-publish","has-post-thumbnail","hentry"],"aioseo_notices":[],"ticketed":false,"_links":{"self":[{"href":"https:\/\/www.entelequiacultura.com\/ca\/wp-json\/wp\/v2\/pages\/33606","targetHints":{"allow":["GET"]}}],"collection":[{"href":"https:\/\/www.entelequiacultura.com\/ca\/wp-json\/wp\/v2\/pages"}],"about":[{"href":"https:\/\/www.entelequiacultura.com\/ca\/wp-json\/wp\/v2\/types\/page"}],"author":[{"embeddable":true,"href":"https:\/\/www.entelequiacultura.com\/ca\/wp-json\/wp\/v2\/users\/1"}],"replies":[{"embeddable":true,"href":"https:\/\/www.entelequiacultura.com\/ca\/wp-json\/wp\/v2\/comments?post=33606"}],"version-history":[{"count":0,"href":"https:\/\/www.entelequiacultura.com\/ca\/wp-json\/wp\/v2\/pages\/33606\/revisions"}],"wp:featuredmedia":[{"embeddable":true,"href":"https:\/\/www.entelequiacultura.com\/ca\/wp-json\/wp\/v2\/media\/33608"}],"wp:attachment":[{"href":"https:\/\/www.entelequiacultura.com\/ca\/wp-json\/wp\/v2\/media?parent=33606"}],"curies":[{"name":"wp","href":"https:\/\/api.w.org\/{rel}","templated":true}]}}

Anna Pagés

<div class="row "><div class="wpv-grid grid-1-1  wpv-first-level first unextended" style="padding-top:0px;padding-bottom:0px" id="wpv-column-28798a6d0abe957aa914d82a09bdbc78" ><div class="row "><div class="wpv-grid grid-1-2  first unextended" style="padding-top:0px;padding-bottom:0px" id="wpv-column-80ebbbba8511fc911c7a39ab61829b87" ><div class="row "><div class="wpv-grid grid-1-1  first unextended" style="padding-top:0px;padding-bottom:0px" id="wpv-column-47f1710f2a21cd17c42172c27b2ee241" ><p><img loading="lazy" decoding="async" class="wp-image-33608 size-full aligncenter" src="https://www.entelequiacultura.com/wp-content/uploads/2020/06/FOTO-ANNA-PAGES-de-Pere-Virgili-650.jpg" alt="© Pere Virgili" width="650" height="650" srcset="https://www.entelequiacultura.com/wp-content/uploads/2020/06/FOTO-ANNA-PAGES-de-Pere-Virgili-650.jpg 650w, https://www.entelequiacultura.com/wp-content/uploads/2020/06/FOTO-ANNA-PAGES-de-Pere-Virgili-650-300x300.jpg 300w, https://www.entelequiacultura.com/wp-content/uploads/2020/06/FOTO-ANNA-PAGES-de-Pere-Virgili-650-150x150.jpg 150w, https://www.entelequiacultura.com/wp-content/uploads/2020/06/FOTO-ANNA-PAGES-de-Pere-Virgili-650-60x60.jpg 60w, https://www.entelequiacultura.com/wp-content/uploads/2020/06/FOTO-ANNA-PAGES-de-Pere-Virgili-650-43x43.jpg 43w, https://www.entelequiacultura.com/wp-content/uploads/2020/06/FOTO-ANNA-PAGES-de-Pere-Virgili-650-106x106.jpg 106w, https://www.entelequiacultura.com/wp-content/uploads/2020/06/FOTO-ANNA-PAGES-de-Pere-Virgili-650-555x555.jpg 555w, https://www.entelequiacultura.com/wp-content/uploads/2020/06/FOTO-ANNA-PAGES-de-Pere-Virgili-650-360x360.jpg 360w, https://www.entelequiacultura.com/wp-content/uploads/2020/06/FOTO-ANNA-PAGES-de-Pere-Virgili-650-262x262.jpg 262w, https://www.entelequiacultura.com/wp-content/uploads/2020/06/FOTO-ANNA-PAGES-de-Pere-Virgili-650-600x600.jpg 600w, https://www.entelequiacultura.com/wp-content/uploads/2020/06/FOTO-ANNA-PAGES-de-Pere-Virgili-650-100x100.jpg 100w" sizes="(max-width: 650px) 100vw, 650px" /></p>
<p><em><span lang="CA">© Pere Virgili</span></em></div></div></div>
<div class="wpv-grid grid-1-2  unextended" style="padding-top:0px;padding-bottom:0px" id="wpv-column-be79f33ed865e4583c1cc5d80e36afd3" ><div class="row "><div class="wpv-grid grid-1-1  first unextended" style="padding-top:0px;padding-bottom:0px" id="wpv-column-326b63e977d2a4fe98ced89972f2a642" ><p>ANNA PAGÉS SANTACANA, nascuda a Barcelona el 25 de Juliol de 1965. Llicenciada i Doctora en Educació per la Universitat Autònoma de Barcelona. Professora Titular de la Facultad de Psicologia, Ciències de l’Educació i l’Esport- Blanquerna, de la Universitat Ramon Llull (Barcelona). Membre del Grup de Recerca PSITIC de l’Institut de Recerca en Educació de la Universitat Ramon Llull.</p>
<p>Ha publicat, entre altres, <em>Al filo del pasado</em>, Herder, Barcelona, 2006; <em>Sobre el Olvido</em>, Herder, Barcelona, 2012; “L’étranger comme exception à l’universel éducatif”, <em>Le Télémaque</em>, <em>Philosophie, Education, Societé</em>, 2012, numéro 41, pp 47-59; “L’enfance comme l’indicible de l’expérience éducative: une approche philosophique” en <em>Répenser l’enfance? </em>Paris: Editions Hermann, 2012, pp.275-285; <em>Cenar con Diotima, </em>Herder Editorial, Barcelona,2018.</div></div></div></div></div></div>
		<div class="sep-text single centered">
							<span class="sep-text-before"><div class="sep-text-line"></div></span>
						<div class="content">
				<h2 class="text-divider-double">
Esdeveniments amb l&#8217;autora</h2>			</div>
			<span class="sep-text-after"><div class="sep-text-line"></div></span>
					</div>
	
<div class="row "><div class="wpv-grid grid-1-1  wpv-first-level first extended no-extended-padding" style="padding-top:0px;padding-bottom:0px" id="wpv-column-21fdb3106e6d635ab0042a2be815dc62" ><div class="extended-column-inner"><div class="row "><div class="wpv-grid grid-1-3  first has-background unextended animation-fade-in animated-active" style="
				background: url('https://www.entelequiacultura.com/wp-content/uploads/2020/06/diotima.jpg') no-repeat center top;
				background-size: cover;
				background-attachment: ;
			background-color:#1512f9;padding-top:0px;padding-bottom:20px" id="wpv-column-e00480d7f4ffd9ec7b8714233ac09128" ><style>#wpv-column-e00480d7f4ffd9ec7b8714233ac09128 p,#wpv-column-e00480d7f4ffd9ec7b8714233ac09128 em,#wpv-column-e00480d7f4ffd9ec7b8714233ac09128 .column-title,#wpv-column-e00480d7f4ffd9ec7b8714233ac09128 .sep-text h2.regular-title-wrapper,#wpv-column-e00480d7f4ffd9ec7b8714233ac09128 .text-divider-double,#wpv-column-e00480d7f4ffd9ec7b8714233ac09128 .sep-text .sep-text-line,#wpv-column-e00480d7f4ffd9ec7b8714233ac09128 .sep,#wpv-column-e00480d7f4ffd9ec7b8714233ac09128 .sep-2,#wpv-column-e00480d7f4ffd9ec7b8714233ac09128 .sep-3{color:#fff;}#wpv-column-e00480d7f4ffd9ec7b8714233ac09128:before{background-color:transparent;}</style><div class="row "><div class="wpv-grid grid-1-1  first unextended animation-zoom-in animated-active" style="padding-top:0px;padding-bottom:0px" id="wpv-column-9f5f2556bbcb419eb7a8c36fe8100725" ><div class="push" style='height:40px'></div>
<h1 style="text-align: center; color: #ffffff;"><span style="color: #ffffff;">Filosofia i Feminitat</span></h1>
<p style="text-align: center; color: #ffffff;"><div class="push" style='height:40px'></div>
<p style="text-align: center; color: #ffffff;"><p class="textcenter"><a href="https://www.entelequiacultura.com/ca/evento/filosofiayfeminidad/" target="_self" style='font-size: 18px;' class="button vamtam-button accent8  button-border hover-accent1 "><span class="btext">VEURE</span></a></p></div></div>
<div class="row "><div class="wpv-grid grid-1-1  first unextended" style="padding-top:0px;padding-bottom:0px" id="wpv-column-9edd7112668cac7f93f2a104fd04e644" ><p style="text-align: left;">Col·loqui virtual<br />
8 de juliol 2020</div></div></div></div></div></div></div>
<div class="push" style='height:10px'></div>

<p>© Pere Virgili ANNA PAGÉS SANTACANA, nascuda a Barcelona el 25 de Juliol de 1965. Llicenciada i Doctora en Educació per la Universitat Autònoma de Barcelona. Professora Titular de la&#8230;</p>
