{"id":30752,"date":"2019-06-11T20:03:51","date_gmt":"2019-06-11T19:03:51","guid":{"rendered":"https:\/\/www.entelequiacultura.com\/?page_id=30752"},"modified":"2021-01-08T19:52:36","modified_gmt":"2021-01-08T18:52:36","slug":"paula-bonet","status":"publish","type":"page","link":"https:\/\/www.entelequiacultura.com\/ca\/paula-bonet\/","title":{"rendered":"Paula Bonet"},"content":{"rendered":"<div class=\"row \"><div class=\"wpv-grid grid-1-1  wpv-first-level first unextended\" style=\"padding-top:0px;padding-bottom:0px\" id=\"wpv-column-ec49eac2ca9ac6eee6426e9cf727b4c2\" ><div class=\"row \"><div class=\"wpv-grid grid-1-2  first unextended\" style=\"padding-top:0px;padding-bottom:0px\" id=\"wpv-column-b2cf13735cfcd7f93d8a737ad4608c2f\" ><div class=\"row \"><div class=\"wpv-grid grid-1-1  first unextended\" style=\"padding-top:0px;padding-bottom:0px\" id=\"wpv-column-483f8a4b5cacf148c1188acdb1cf91f2\" ><p><img loading=\"lazy\" decoding=\"async\" class=\"alignnone wp-image-30759 size-full\" src=\"https:\/\/www.entelequiacultura.com\/wp-content\/uploads\/2019\/06\/BONET-650-x-largada.jpg\" alt=\"\" width=\"650\" height=\"977\" srcset=\"https:\/\/www.entelequiacultura.com\/wp-content\/uploads\/2019\/06\/BONET-650-x-largada.jpg 650w, https:\/\/www.entelequiacultura.com\/wp-content\/uploads\/2019\/06\/BONET-650-x-largada-200x300.jpg 200w, https:\/\/www.entelequiacultura.com\/wp-content\/uploads\/2019\/06\/BONET-650-x-largada-555x834.jpg 555w, https:\/\/www.entelequiacultura.com\/wp-content\/uploads\/2019\/06\/BONET-650-x-largada-360x541.jpg 360w, https:\/\/www.entelequiacultura.com\/wp-content\/uploads\/2019\/06\/BONET-650-x-largada-262x394.jpg 262w, https:\/\/www.entelequiacultura.com\/wp-content\/uploads\/2019\/06\/BONET-650-x-largada-600x902.jpg 600w\" sizes=\"(max-width: 650px) 100vw, 650px\" \/><\/div><\/div><\/div>\n<div class=\"wpv-grid grid-1-2  unextended\" style=\"padding-top:0px;padding-bottom:0px\" id=\"wpv-column-13f4ab7d8239c70211cd5faaf4368861\" ><div class=\"row \"><div class=\"wpv-grid grid-1-1  first unextended\" style=\"padding-top:0px;padding-bottom:0px\" id=\"wpv-column-c23b6731d9f46914df94201c405fe0f3\" ><p>PAULA BONET (Vila-real, 1980). Llicenciada en Belles arts per la Universitat Polit\u00e8cnica de Val\u00e8ncia, completa la seva formaci\u00f3 a Santiago de Xile, Nova York i Urbino.<\/p>\n<p>El seu treball se centra en la pintura a l&#8217;oli, el gravat i la il\u00b7lustraci\u00f3. Ha realitzat exposicions a Barcelona, Madrid, Porto, Par\u00eds, Londres, B\u00e8lgica, Urbino, Berl\u00edn, Santiago de Xile, Val\u00e8ncia, Miami i M\u00e8xic.<\/p>\n<p>La seva obra, carregada de poesia i bolcada en les arts esc\u00e8niques, la m\u00fasica i la literatura, culmina en la publicaci\u00f3 de diversos llibres dels quals \u00e9s autora tant del text com de la imatge. Els seus treballs m\u00e9s coneguts s\u00f3n &#8220;Qu\u00e9 hacer cuando en la pantalla aparece The End&#8221; (<span class=\"hiddenSpellError\">Lunwerg<\/span>, 2014)<span class=\"hiddenGrammarError\"> ,<\/span> &#8220;813&#8221; (La Galera, 2015), homenatge a l&#8217;obra i a la figura del director franc\u00e8s Fran\u00e7ois Truffaut, i &#8220;La Sed&#8221; (<span class=\"hiddenSpellError\">Lunwerg<\/span>, 2016), un llarg poema en clau feminista.<\/p>\n<p>L&#8217;abril de 2017 publica &#8220;Quema la memoria&#8221; (<span class=\"hiddenSpellError\">Lunwerg<\/span>), un can\u00e7oner il\u00b7lustrat on el seu univers es fundi amb el del cantautor <span class=\"hiddenSpellError\">The<\/span> <span class=\"hiddenSpellError\">New<\/span> <span class=\"hiddenSpellError\">Raemon<\/span> en el des\u00e8 aniversari de la seva carrera. Al juny del mateix any apareix &#8220;Escribe con Rosa <span class=\"hiddenSpellError\">Montero<\/span>&#8220;, un quadern publicat per <span class=\"hiddenSpellError\">Alfaguara<\/span> on l&#8217;escriptora d\u00f3na les claus per a aprendre a escriure ficci\u00f3.<\/p>\n<p>El mar\u00e7 de 2018 publica &#8220;Por el olvido&#8221; (<span class=\"hiddenSpellError\">Lunwerg<\/span>), un cant d&#8217;amor a la literatura i a l&#8217;amistat, a <span class=\"hiddenSpellError\">Roberto<\/span> <span class=\"hiddenSpellError\">Bola\u00f1o<\/span> i la seva novel\u00b7la &#8220;Los detectives salvajes&#8221;, un treball a quatre mans amb l&#8217;artista Aitor <span class=\"hiddenSpellError\">Saraiba<\/span> que no ha d&#8217;entendre&#8217;s com un text de <span class=\"hiddenSpellError\">Bola\u00f1o<\/span> il\u00b7lustrat: \u00e9s la cerca de l&#8217;autor de &#8220;2666&#8221; i &#8220;Putas asesinas&#8221;, per\u00f2 tamb\u00e9 la ca\u00e7a de la seva ombra errant.<\/p>\n<p>Tamb\u00e9 en el 2018 publica &#8220;Roedores | Cuerpo de embarazada sin embri\u00f3n&#8221; (Literatura <span class=\"hiddenSpellError\">Random<\/span> <span class=\"hiddenSpellError\">House<\/span>), un llibre amb format de diari acompanyat d&#8217;un animaler pintat en el qual s&#8217;intenta comprendre la corpore\u00eftat de l&#8217;abs\u00e8ncia per a il\u00b7luminar una d&#8217;aquestes construccions aixecades entre tenebres per tantes dones. Un llibre que d\u00f3na veu al silenci, trenca un tab\u00fa i normalitza una realitat tan comuna com la de l&#8217;avortament espontani.<\/p>\n<p>Acaba de publicar l&#8217;edici\u00f3 il\u00b7lustrada de &#8220;El a\u00f1o del pensamiento m\u00e1gico&#8221; (Literatura <span class=\"hiddenSpellError\">Random<\/span> <span class=\"hiddenSpellError\">House<\/span>, 2019) de Joan <span class=\"hiddenSpellError\">Didion<\/span>.<\/p>\n<p>L&#8217;octubre de 2018 rep l&#8217;Alta Distinci\u00f3 de la Generalitat Valenciana sent guardonada amb la Medalla al M\u00e8rit Cultural.<\/div><\/div><\/div><\/div><\/div><\/div>\n<div class=\"push\" style='height:10px'><\/div>\n\t\t<div class=\"sep-text single centered\">\n\t\t\t\t\t\t\t<span class=\"sep-text-before\"><div class=\"sep-text-line\"><\/div><\/span>\n\t\t\t\t\t\t<div class=\"content\">\n\t\t\t\t<h2 class=\"text-divider-double\">\nEsdeveniments amb l&#8217;artista<\/h2>\t\t\t<\/div>\n\t\t\t<span class=\"sep-text-after\"><div class=\"sep-text-line\"><\/div><\/span>\n\t\t\t\t\t<\/div>\n\t\n<div class=\"row \"><div class=\"wpv-grid grid-1-1  wpv-first-level first extended no-extended-padding\" style=\"padding-top:0px;padding-bottom:0px\" id=\"wpv-column-fff2c7b618f25b5cd2ba798c1ba7703e\" ><div class=\"extended-column-inner\"><div class=\"row \"><div class=\"wpv-grid grid-1-3  first has-background unextended animation-fade-in animated-active\" style=\"\n\t\t\t\tbackground: url('https:\/\/www.entelequiacultura.com\/wp-content\/uploads\/2019\/11\/IMG-20191123-WA0022.jpg') no-repeat center top;\n\t\t\t\tbackground-size: cover;\n\t\t\t\tbackground-attachment: ;\n\t\t\tbackground-color:#1512f9;padding-top:0px;padding-bottom:20px\" id=\"wpv-column-8dae2966564c3f556d04b4cd73ab5d5d\" ><style>#wpv-column-8dae2966564c3f556d04b4cd73ab5d5d p,#wpv-column-8dae2966564c3f556d04b4cd73ab5d5d em,#wpv-column-8dae2966564c3f556d04b4cd73ab5d5d .column-title,#wpv-column-8dae2966564c3f556d04b4cd73ab5d5d .sep-text h2.regular-title-wrapper,#wpv-column-8dae2966564c3f556d04b4cd73ab5d5d .text-divider-double,#wpv-column-8dae2966564c3f556d04b4cd73ab5d5d .sep-text .sep-text-line,#wpv-column-8dae2966564c3f556d04b4cd73ab5d5d .sep,#wpv-column-8dae2966564c3f556d04b4cd73ab5d5d .sep-2,#wpv-column-8dae2966564c3f556d04b4cd73ab5d5d .sep-3{color:#fff;}#wpv-column-8dae2966564c3f556d04b4cd73ab5d5d:before{background-color:transparent;}<\/style><div class=\"row \"><div class=\"wpv-grid grid-1-1  first unextended animation-zoom-in animated-active\" style=\"padding-top:0px;padding-bottom:0px\" id=\"wpv-column-d94dd8e5ffac873b5c8ec47d2da7052b\" ><div class=\"push\" style='height:40px'><\/div>\n<h1 style=\"text-align: center; color: #ffffff;\"><span style=\"color: #ffffff;\">La paraula com a taca<\/span><\/h1>\n<p style=\"text-align: center; color: #ffffff;\"><div class=\"push\" style='height:40px'><\/div>\n<p style=\"text-align: center; color: #ffffff;\"><p class=\"textcenter\"><a href=\"https:\/\/www.entelequiacultura.com\/ca\/esdeveniment\/paula-bonet\/\" target=\"_self\" style='font-size: 18px;' class=\"button vamtam-button accent8  button-border hover-accent1 \"><span class=\"btext\">VEURE<\/span><\/a><\/p><\/div><\/div>\n<div class=\"row \"><div class=\"wpv-grid grid-1-1  first unextended\" style=\"padding-top:0px;padding-bottom:0px\" id=\"wpv-column-01d9897b58b31c016cd44097b5ec9c3a\" ><p>Taller d&#8217;escriptura i pintura<br \/>\nLa Madriguera, Barcelona<br \/>\n23 de novembre 2019<\/div><\/div><\/div><\/div><\/div><\/div><\/div>\n<div class=\"push\" style='height:10px'><\/div>\n","protected":false},"excerpt":{"rendered":"<p>PAULA BONET (Vila-real, 1980). Llicenciada en Belles arts per la Universitat Polit\u00e8cnica de Val\u00e8ncia, completa la seva formaci\u00f3 a Santiago de Xile, Nova York i Urbino. El seu treball se&#8230;<\/p>\n","protected":false},"author":1,"featured_media":0,"parent":0,"menu_order":0,"comment_status":"closed","ping_status":"closed","template":"","meta":{"_price":"","_stock":"","_tribe_ticket_header":"","_tribe_default_ticket_provider":"","_tribe_ticket_capacity":"0","_ticket_start_date":"","_ticket_end_date":"","_tribe_ticket_show_description":"","_tribe_ticket_show_not_going":false,"_tribe_ticket_use_global_stock":"","_tribe_ticket_global_stock_level":"","_global_stock_mode":"","_global_stock_cap":"","_tribe_rsvp_for_event":"","_tribe_ticket_going_count":"","_tribe_ticket_not_going_count":"","_tribe_tickets_list":"[]","_tribe_ticket_has_attendee_info_fields":false,"footnotes":"","_tec_slr_enabled":"","_tec_slr_layout":""},"class_list":["post-30752","page","type-page","status-publish","hentry"],"aioseo_notices":[],"ticketed":false,"_links":{"self":[{"href":"https:\/\/www.entelequiacultura.com\/ca\/wp-json\/wp\/v2\/pages\/30752","targetHints":{"allow":["GET"]}}],"collection":[{"href":"https:\/\/www.entelequiacultura.com\/ca\/wp-json\/wp\/v2\/pages"}],"about":[{"href":"https:\/\/www.entelequiacultura.com\/ca\/wp-json\/wp\/v2\/types\/page"}],"author":[{"embeddable":true,"href":"https:\/\/www.entelequiacultura.com\/ca\/wp-json\/wp\/v2\/users\/1"}],"replies":[{"embeddable":true,"href":"https:\/\/www.entelequiacultura.com\/ca\/wp-json\/wp\/v2\/comments?post=30752"}],"version-history":[{"count":0,"href":"https:\/\/www.entelequiacultura.com\/ca\/wp-json\/wp\/v2\/pages\/30752\/revisions"}],"wp:attachment":[{"href":"https:\/\/www.entelequiacultura.com\/ca\/wp-json\/wp\/v2\/media?parent=30752"}],"curies":[{"name":"wp","href":"https:\/\/api.w.org\/{rel}","templated":true}]}}

<div class="row "><div class="wpv-grid grid-1-1  wpv-first-level first unextended" style="padding-top:0px;padding-bottom:0px" id="wpv-column-ec49eac2ca9ac6eee6426e9cf727b4c2" ><div class="row "><div class="wpv-grid grid-1-2  first unextended" style="padding-top:0px;padding-bottom:0px" id="wpv-column-b2cf13735cfcd7f93d8a737ad4608c2f" ><div class="row "><div class="wpv-grid grid-1-1  first unextended" style="padding-top:0px;padding-bottom:0px" id="wpv-column-483f8a4b5cacf148c1188acdb1cf91f2" ><p><img loading="lazy" decoding="async" class="alignnone wp-image-30759 size-full" src="https://www.entelequiacultura.com/wp-content/uploads/2019/06/BONET-650-x-largada.jpg" alt="" width="650" height="977" srcset="https://www.entelequiacultura.com/wp-content/uploads/2019/06/BONET-650-x-largada.jpg 650w, https://www.entelequiacultura.com/wp-content/uploads/2019/06/BONET-650-x-largada-200x300.jpg 200w, https://www.entelequiacultura.com/wp-content/uploads/2019/06/BONET-650-x-largada-555x834.jpg 555w, https://www.entelequiacultura.com/wp-content/uploads/2019/06/BONET-650-x-largada-360x541.jpg 360w, https://www.entelequiacultura.com/wp-content/uploads/2019/06/BONET-650-x-largada-262x394.jpg 262w, https://www.entelequiacultura.com/wp-content/uploads/2019/06/BONET-650-x-largada-600x902.jpg 600w" sizes="(max-width: 650px) 100vw, 650px" /></div></div></div>
<div class="wpv-grid grid-1-2  unextended" style="padding-top:0px;padding-bottom:0px" id="wpv-column-13f4ab7d8239c70211cd5faaf4368861" ><div class="row "><div class="wpv-grid grid-1-1  first unextended" style="padding-top:0px;padding-bottom:0px" id="wpv-column-c23b6731d9f46914df94201c405fe0f3" ><p>PAULA BONET (Vila-real, 1980). Llicenciada en Belles arts per la Universitat Politècnica de València, completa la seva formació a Santiago de Xile, Nova York i Urbino.</p>
<p>El seu treball se centra en la pintura a l&#8217;oli, el gravat i la il·lustració. Ha realitzat exposicions a Barcelona, Madrid, Porto, París, Londres, Bèlgica, Urbino, Berlín, Santiago de Xile, València, Miami i Mèxic.</p>
<p>La seva obra, carregada de poesia i bolcada en les arts escèniques, la música i la literatura, culmina en la publicació de diversos llibres dels quals és autora tant del text com de la imatge. Els seus treballs més coneguts són &#8220;Qué hacer cuando en la pantalla aparece The End&#8221; (<span class="hiddenSpellError">Lunwerg</span>, 2014)<span class="hiddenGrammarError"> ,</span> &#8220;813&#8221; (La Galera, 2015), homenatge a l&#8217;obra i a la figura del director francès François Truffaut, i &#8220;La Sed&#8221; (<span class="hiddenSpellError">Lunwerg</span>, 2016), un llarg poema en clau feminista.</p>
<p>L&#8217;abril de 2017 publica &#8220;Quema la memoria&#8221; (<span class="hiddenSpellError">Lunwerg</span>), un cançoner il·lustrat on el seu univers es fundi amb el del cantautor <span class="hiddenSpellError">The</span> <span class="hiddenSpellError">New</span> <span class="hiddenSpellError">Raemon</span> en el desè aniversari de la seva carrera. Al juny del mateix any apareix &#8220;Escribe con Rosa <span class="hiddenSpellError">Montero</span>&#8220;, un quadern publicat per <span class="hiddenSpellError">Alfaguara</span> on l&#8217;escriptora dóna les claus per a aprendre a escriure ficció.</p>
<p>El març de 2018 publica &#8220;Por el olvido&#8221; (<span class="hiddenSpellError">Lunwerg</span>), un cant d&#8217;amor a la literatura i a l&#8217;amistat, a <span class="hiddenSpellError">Roberto</span> <span class="hiddenSpellError">Bolaño</span> i la seva novel·la &#8220;Los detectives salvajes&#8221;, un treball a quatre mans amb l&#8217;artista Aitor <span class="hiddenSpellError">Saraiba</span> que no ha d&#8217;entendre&#8217;s com un text de <span class="hiddenSpellError">Bolaño</span> il·lustrat: és la cerca de l&#8217;autor de &#8220;2666&#8221; i &#8220;Putas asesinas&#8221;, però també la caça de la seva ombra errant.</p>
<p>També en el 2018 publica &#8220;Roedores | Cuerpo de embarazada sin embrión&#8221; (Literatura <span class="hiddenSpellError">Random</span> <span class="hiddenSpellError">House</span>), un llibre amb format de diari acompanyat d&#8217;un animaler pintat en el qual s&#8217;intenta comprendre la corporeïtat de l&#8217;absència per a il·luminar una d&#8217;aquestes construccions aixecades entre tenebres per tantes dones. Un llibre que dóna veu al silenci, trenca un tabú i normalitza una realitat tan comuna com la de l&#8217;avortament espontani.</p>
<p>Acaba de publicar l&#8217;edició il·lustrada de &#8220;El año del pensamiento mágico&#8221; (Literatura <span class="hiddenSpellError">Random</span> <span class="hiddenSpellError">House</span>, 2019) de Joan <span class="hiddenSpellError">Didion</span>.</p>
<p>L&#8217;octubre de 2018 rep l&#8217;Alta Distinció de la Generalitat Valenciana sent guardonada amb la Medalla al Mèrit Cultural.</div></div></div></div></div></div>
<div class="push" style='height:10px'></div>
		<div class="sep-text single centered">
							<span class="sep-text-before"><div class="sep-text-line"></div></span>
						<div class="content">
				<h2 class="text-divider-double">
Esdeveniments amb l&#8217;artista</h2>			</div>
			<span class="sep-text-after"><div class="sep-text-line"></div></span>
					</div>
	
<div class="row "><div class="wpv-grid grid-1-1  wpv-first-level first extended no-extended-padding" style="padding-top:0px;padding-bottom:0px" id="wpv-column-fff2c7b618f25b5cd2ba798c1ba7703e" ><div class="extended-column-inner"><div class="row "><div class="wpv-grid grid-1-3  first has-background unextended animation-fade-in animated-active" style="
				background: url('https://www.entelequiacultura.com/wp-content/uploads/2019/11/IMG-20191123-WA0022.jpg') no-repeat center top;
				background-size: cover;
				background-attachment: ;
			background-color:#1512f9;padding-top:0px;padding-bottom:20px" id="wpv-column-8dae2966564c3f556d04b4cd73ab5d5d" ><style>#wpv-column-8dae2966564c3f556d04b4cd73ab5d5d p,#wpv-column-8dae2966564c3f556d04b4cd73ab5d5d em,#wpv-column-8dae2966564c3f556d04b4cd73ab5d5d .column-title,#wpv-column-8dae2966564c3f556d04b4cd73ab5d5d .sep-text h2.regular-title-wrapper,#wpv-column-8dae2966564c3f556d04b4cd73ab5d5d .text-divider-double,#wpv-column-8dae2966564c3f556d04b4cd73ab5d5d .sep-text .sep-text-line,#wpv-column-8dae2966564c3f556d04b4cd73ab5d5d .sep,#wpv-column-8dae2966564c3f556d04b4cd73ab5d5d .sep-2,#wpv-column-8dae2966564c3f556d04b4cd73ab5d5d .sep-3{color:#fff;}#wpv-column-8dae2966564c3f556d04b4cd73ab5d5d:before{background-color:transparent;}</style><div class="row "><div class="wpv-grid grid-1-1  first unextended animation-zoom-in animated-active" style="padding-top:0px;padding-bottom:0px" id="wpv-column-d94dd8e5ffac873b5c8ec47d2da7052b" ><div class="push" style='height:40px'></div>
<h1 style="text-align: center; color: #ffffff;"><span style="color: #ffffff;">La paraula com a taca</span></h1>
<p style="text-align: center; color: #ffffff;"><div class="push" style='height:40px'></div>
<p style="text-align: center; color: #ffffff;"><p class="textcenter"><a href="https://www.entelequiacultura.com/ca/esdeveniment/paula-bonet/" target="_self" style='font-size: 18px;' class="button vamtam-button accent8  button-border hover-accent1 "><span class="btext">VEURE</span></a></p></div></div>
<div class="row "><div class="wpv-grid grid-1-1  first unextended" style="padding-top:0px;padding-bottom:0px" id="wpv-column-01d9897b58b31c016cd44097b5ec9c3a" ><p>Taller d&#8217;escriptura i pintura<br />
La Madriguera, Barcelona<br />
23 de novembre 2019</div></div></div></div></div></div></div>
<div class="push" style='height:10px'></div>

<p>PAULA BONET (Vila-real, 1980). Llicenciada en Belles arts per la Universitat Politècnica de València, completa la seva formació a Santiago de Xile, Nova York i Urbino. El seu treball se&#8230;</p>
