{"id":29993,"date":"2018-12-22T11:36:06","date_gmt":"2018-12-22T10:36:06","guid":{"rendered":"https:\/\/www.entelequiacultura.com\/?page_id=29993"},"modified":"2022-02-21T13:40:41","modified_gmt":"2022-02-21T12:40:41","slug":"sara-mesa","status":"publish","type":"page","link":"https:\/\/www.entelequiacultura.com\/ca\/sara-mesa\/","title":{"rendered":"Sara Mesa"},"content":{"rendered":"<div class=\"row \"><div class=\"wpv-grid grid-1-1  wpv-first-level first unextended\" style=\"padding-top:0px;padding-bottom:0px\" id=\"wpv-column-430b247d3704aea73f9e96f4e0035289\" ><div class=\"row \"><div class=\"wpv-grid grid-1-2  first unextended\" style=\"padding-top:0px;padding-bottom:0px\" id=\"wpv-column-805d68dbab1ed240c3f5643ba48c9c21\" ><div class=\"row \"><div class=\"wpv-grid grid-1-1  first unextended\" style=\"padding-top:0px;padding-bottom:0px\" id=\"wpv-column-6c7fc1852ebfd4ce3b1867976f98e652\" ><p><div id=\"attachment_29996\" style=\"width: 660px\" class=\"wp-caption alignnone\"><img loading=\"lazy\" decoding=\"async\" aria-describedby=\"caption-attachment-29996\" class=\"wp-image-29996 size-full\" src=\"https:\/\/www.entelequiacultura.com\/wp-content\/uploads\/2018\/12\/650-sara-mesa-por-sonia-fraga.jpg\" alt=\"\" width=\"650\" height=\"650\" srcset=\"https:\/\/www.entelequiacultura.com\/wp-content\/uploads\/2018\/12\/650-sara-mesa-por-sonia-fraga.jpg 650w, https:\/\/www.entelequiacultura.com\/wp-content\/uploads\/2018\/12\/650-sara-mesa-por-sonia-fraga-150x150.jpg 150w, https:\/\/www.entelequiacultura.com\/wp-content\/uploads\/2018\/12\/650-sara-mesa-por-sonia-fraga-300x300.jpg 300w, https:\/\/www.entelequiacultura.com\/wp-content\/uploads\/2018\/12\/650-sara-mesa-por-sonia-fraga-60x60.jpg 60w, https:\/\/www.entelequiacultura.com\/wp-content\/uploads\/2018\/12\/650-sara-mesa-por-sonia-fraga-43x43.jpg 43w, https:\/\/www.entelequiacultura.com\/wp-content\/uploads\/2018\/12\/650-sara-mesa-por-sonia-fraga-106x106.jpg 106w, https:\/\/www.entelequiacultura.com\/wp-content\/uploads\/2018\/12\/650-sara-mesa-por-sonia-fraga-555x555.jpg 555w, https:\/\/www.entelequiacultura.com\/wp-content\/uploads\/2018\/12\/650-sara-mesa-por-sonia-fraga-360x360.jpg 360w, https:\/\/www.entelequiacultura.com\/wp-content\/uploads\/2018\/12\/650-sara-mesa-por-sonia-fraga-262x262.jpg 262w, https:\/\/www.entelequiacultura.com\/wp-content\/uploads\/2018\/12\/650-sara-mesa-por-sonia-fraga-600x600.jpg 600w, https:\/\/www.entelequiacultura.com\/wp-content\/uploads\/2018\/12\/650-sara-mesa-por-sonia-fraga-100x100.jpg 100w\" sizes=\"(max-width: 650px) 100vw, 650px\" \/><p id=\"caption-attachment-29996\" class=\"wp-caption-text\">\u00a9 Sonia Fraga<\/p><\/div><\/div><\/div><\/div>\n<div class=\"wpv-grid grid-1-2  unextended\" style=\"padding-top:0px;padding-bottom:0px\" id=\"wpv-column-ae23a3e7117cb8117b22857dc22e3a1a\" ><div class=\"row \"><div class=\"wpv-grid grid-1-1  first unextended\" style=\"padding-top:0px;padding-bottom:0px\" id=\"wpv-column-92df982af94740994b8bc32343d9ba47\" ><p>SARA MESA va n\u00e9ixer a Madrid, per\u00f2 viu a Sevilla des de nena.<\/p>\n<p>\u00c9s autora de sis novel\u00b7les i tres llibres de contes. Entre els seus t\u00edtols destaquen les novel\u00b7les <em>Cuatro por cuatro<\/em> (finalista Premio Herralde), <em>Cicatriz<\/em> (premi Ojo Cr\u00edtico de RNE), <em>Cara de pan i<\/em>\u00a0<em>Un amor<\/em> (triada com a llibre de l&#8217;any 2020 per mitjans com <em>El Pa\u00eds<\/em>, <em>El Cultural<\/em> i <em>La Vanguardia<\/em>), aix\u00ed com el volum de relats\u00a0<em>Mala letra<\/em>, tots ells publicats en l&#8217;editorial Anagrama. El seu \u00faltim llibre \u00e9s\u00a0<em>Perrita Country<\/em> (P\u00e1ginas de Espuma, 2021), un conte llarg il\u00b7lustrat per Pablo Amargo.<\/p>\n<p>La seva obra ha estat tradu\u00efda a una desena de lleng\u00fces.<\/div><\/div><\/div><\/div><\/div><\/div>\n\t\t<div class=\"sep-text single centered\">\n\t\t\t\t\t\t\t<span class=\"sep-text-before\"><div class=\"sep-text-line\"><\/div><\/span>\n\t\t\t\t\t\t<div class=\"content\">\n\t\t\t\t<h2 class=\"text-divider-double\">\nEsdeveniments amb l&#8217;autora<\/h2>\t\t\t<\/div>\n\t\t\t<span class=\"sep-text-after\"><div class=\"sep-text-line\"><\/div><\/span>\n\t\t\t\t\t<\/div>\n\t\n<div class=\"row \"><div class=\"wpv-grid grid-1-1  wpv-first-level first extended no-extended-padding\" style=\"padding-top:0px;padding-bottom:0px\" id=\"wpv-column-edc0ab5ef55bd6cb0e6c18473ac79980\" ><div class=\"extended-column-inner\"><div class=\"row \"><div class=\"wpv-grid grid-1-3  first has-background unextended animation-fade-in animated-active\" style=\"\n\t\t\t\tbackground: url('https:\/\/www.entelequiacultura.com\/wp-content\/uploads\/2021\/11\/Piscina-i-jard\u00ed-scaled.jpg') no-repeat center top;\n\t\t\t\tbackground-size: cover;\n\t\t\t\tbackground-attachment: ;\n\t\t\tbackground-color:#1512f9;padding-top:0px;padding-bottom:20px\" id=\"wpv-column-e7f3243042b4b6ea43fe309f67c67f9e\" ><style>#wpv-column-e7f3243042b4b6ea43fe309f67c67f9e p,#wpv-column-e7f3243042b4b6ea43fe309f67c67f9e em,#wpv-column-e7f3243042b4b6ea43fe309f67c67f9e .column-title,#wpv-column-e7f3243042b4b6ea43fe309f67c67f9e .sep-text h2.regular-title-wrapper,#wpv-column-e7f3243042b4b6ea43fe309f67c67f9e .text-divider-double,#wpv-column-e7f3243042b4b6ea43fe309f67c67f9e .sep-text .sep-text-line,#wpv-column-e7f3243042b4b6ea43fe309f67c67f9e .sep,#wpv-column-e7f3243042b4b6ea43fe309f67c67f9e .sep-2,#wpv-column-e7f3243042b4b6ea43fe309f67c67f9e .sep-3{color:#fff;}#wpv-column-e7f3243042b4b6ea43fe309f67c67f9e:before{background-color:transparent;}<\/style><div class=\"row \"><div class=\"wpv-grid grid-1-1  first unextended animation-zoom-in animated-active\" style=\"padding-top:0px;padding-bottom:0px\" id=\"wpv-column-618a51a97bc78458699554008528c042\" ><div class=\"push\" style='height:40px'><\/div>\n<h1 style=\"text-align: center; color: #ffffff;\"><span style=\"color: #ffffff;\">Aquesta vegada s\u00ed que parlarem de regles<\/span><\/h1>\n<p style=\"text-align: center; color: #ffffff;\"><div class=\"push\" style='height:40px'><\/div>\n<p style=\"text-align: center; color: #ffffff;\"><p class=\"textcenter\"><a href=\"https:\/\/www.entelequiacultura.com\/ca\/esdeveniment\/retirsaramesa\/\" target=\"_self\" style='font-size: 18px;' class=\"button vamtam-button accent8  button-border hover-accent1 \"><span class=\"btext\">VEURE<\/span><\/a><\/p><\/div><\/div>\n<div class=\"row \"><div class=\"wpv-grid grid-1-1  first unextended\" style=\"padding-top:0px;padding-bottom:0px\" id=\"wpv-column-d6a7c7a1cf2b34c82579c017bd4c3575\" ><p>Retir literari<br \/>\nHotel La Sala de Cam\u00f3s (Girona)<br \/>\nDe 6 al 8 de maig 2022<\/div><\/div><\/div>\n<div class=\"wpv-grid grid-1-3  has-background unextended animation-fade-in animated-active\" style=\"\n\t\t\t\tbackground: url('https:\/\/www.entelequiacultura.com\/wp-content\/uploads\/2019\/11\/amanece.jpg') no-repeat center top;\n\t\t\t\tbackground-size: cover;\n\t\t\t\tbackground-attachment: ;\n\t\t\tbackground-color:#1512f9;padding-top:0px;padding-bottom:20px\" id=\"wpv-column-5594adf2ab23d59c2248d38d674faa7a\" ><style>#wpv-column-5594adf2ab23d59c2248d38d674faa7a p,#wpv-column-5594adf2ab23d59c2248d38d674faa7a em,#wpv-column-5594adf2ab23d59c2248d38d674faa7a .column-title,#wpv-column-5594adf2ab23d59c2248d38d674faa7a .sep-text h2.regular-title-wrapper,#wpv-column-5594adf2ab23d59c2248d38d674faa7a .text-divider-double,#wpv-column-5594adf2ab23d59c2248d38d674faa7a .sep-text .sep-text-line,#wpv-column-5594adf2ab23d59c2248d38d674faa7a .sep,#wpv-column-5594adf2ab23d59c2248d38d674faa7a .sep-2,#wpv-column-5594adf2ab23d59c2248d38d674faa7a .sep-3{color:#fff;}#wpv-column-5594adf2ab23d59c2248d38d674faa7a:before{background-color:transparent;}<\/style><div class=\"row \"><div class=\"wpv-grid grid-1-1  first unextended animation-zoom-in animated-active\" style=\"padding-top:0px;padding-bottom:0px\" id=\"wpv-column-78f144b3149208f1a5baf6dd11e8820a\" ><div class=\"push\" style='height:40px'><\/div>\n<h1 style=\"text-align: center; color: #ffffff;\"><span style=\"color: #ffffff;\">Sorti del corrent<\/span><\/h1>\n<p style=\"text-align: center; color: #ffffff;\"><div class=\"push\" style='height:40px'><\/div>\n<p style=\"text-align: center; color: #ffffff;\"><p class=\"textcenter\"><a href=\"https:\/\/www.entelequiacultura.com\/ca\/esdeveniment\/sara-mesa-2\/\" target=\"_self\" style='font-size: 18px;' class=\"button vamtam-button accent8  button-border hover-accent1 \"><span class=\"btext\">VEURE<\/span><\/a><\/p><\/div><\/div>\n<div class=\"row \"><div class=\"wpv-grid grid-1-1  first unextended\" style=\"padding-top:0px;padding-bottom:0px\" id=\"wpv-column-e60197e768d6328769e37b2646496835\" ><p>Retir literari<br \/>\nHotel Diana, Tossa de Mar (Girona)<br \/>\nDe l&#8217;1 al 3 de novembre 2019<\/div><\/div><\/div><\/div><\/div><\/div><\/div>\n<div class=\"push\" style='height:10px'><\/div>\n","protected":false},"excerpt":{"rendered":"<p>SARA MESA va n\u00e9ixer a Madrid, per\u00f2 viu a Sevilla des de nena. \u00c9s autora de sis novel\u00b7les i tres llibres de contes. Entre els seus t\u00edtols destaquen les novel\u00b7les&#8230;<\/p>\n","protected":false},"author":1,"featured_media":0,"parent":0,"menu_order":0,"comment_status":"closed","ping_status":"closed","template":"","meta":{"_price":"","_stock":"","_tribe_ticket_header":"","_tribe_default_ticket_provider":"","_tribe_ticket_capacity":"0","_ticket_start_date":"","_ticket_end_date":"","_tribe_ticket_show_description":"","_tribe_ticket_show_not_going":false,"_tribe_ticket_use_global_stock":"","_tribe_ticket_global_stock_level":"","_global_stock_mode":"","_global_stock_cap":"","_tribe_rsvp_for_event":"","_tribe_ticket_going_count":"","_tribe_ticket_not_going_count":"","_tribe_tickets_list":"[]","_tribe_ticket_has_attendee_info_fields":false,"footnotes":"","_tec_slr_enabled":"","_tec_slr_layout":""},"class_list":["post-29993","page","type-page","status-publish","hentry"],"aioseo_notices":[],"ticketed":false,"_links":{"self":[{"href":"https:\/\/www.entelequiacultura.com\/ca\/wp-json\/wp\/v2\/pages\/29993","targetHints":{"allow":["GET"]}}],"collection":[{"href":"https:\/\/www.entelequiacultura.com\/ca\/wp-json\/wp\/v2\/pages"}],"about":[{"href":"https:\/\/www.entelequiacultura.com\/ca\/wp-json\/wp\/v2\/types\/page"}],"author":[{"embeddable":true,"href":"https:\/\/www.entelequiacultura.com\/ca\/wp-json\/wp\/v2\/users\/1"}],"replies":[{"embeddable":true,"href":"https:\/\/www.entelequiacultura.com\/ca\/wp-json\/wp\/v2\/comments?post=29993"}],"version-history":[{"count":0,"href":"https:\/\/www.entelequiacultura.com\/ca\/wp-json\/wp\/v2\/pages\/29993\/revisions"}],"wp:attachment":[{"href":"https:\/\/www.entelequiacultura.com\/ca\/wp-json\/wp\/v2\/media?parent=29993"}],"curies":[{"name":"wp","href":"https:\/\/api.w.org\/{rel}","templated":true}]}}

<div class="row "><div class="wpv-grid grid-1-1  wpv-first-level first unextended" style="padding-top:0px;padding-bottom:0px" id="wpv-column-430b247d3704aea73f9e96f4e0035289" ><div class="row "><div class="wpv-grid grid-1-2  first unextended" style="padding-top:0px;padding-bottom:0px" id="wpv-column-805d68dbab1ed240c3f5643ba48c9c21" ><div class="row "><div class="wpv-grid grid-1-1  first unextended" style="padding-top:0px;padding-bottom:0px" id="wpv-column-6c7fc1852ebfd4ce3b1867976f98e652" ><p><div id="attachment_29996" style="width: 660px" class="wp-caption alignnone"><img loading="lazy" decoding="async" aria-describedby="caption-attachment-29996" class="wp-image-29996 size-full" src="https://www.entelequiacultura.com/wp-content/uploads/2018/12/650-sara-mesa-por-sonia-fraga.jpg" alt="" width="650" height="650" srcset="https://www.entelequiacultura.com/wp-content/uploads/2018/12/650-sara-mesa-por-sonia-fraga.jpg 650w, https://www.entelequiacultura.com/wp-content/uploads/2018/12/650-sara-mesa-por-sonia-fraga-150x150.jpg 150w, https://www.entelequiacultura.com/wp-content/uploads/2018/12/650-sara-mesa-por-sonia-fraga-300x300.jpg 300w, https://www.entelequiacultura.com/wp-content/uploads/2018/12/650-sara-mesa-por-sonia-fraga-60x60.jpg 60w, https://www.entelequiacultura.com/wp-content/uploads/2018/12/650-sara-mesa-por-sonia-fraga-43x43.jpg 43w, https://www.entelequiacultura.com/wp-content/uploads/2018/12/650-sara-mesa-por-sonia-fraga-106x106.jpg 106w, https://www.entelequiacultura.com/wp-content/uploads/2018/12/650-sara-mesa-por-sonia-fraga-555x555.jpg 555w, https://www.entelequiacultura.com/wp-content/uploads/2018/12/650-sara-mesa-por-sonia-fraga-360x360.jpg 360w, https://www.entelequiacultura.com/wp-content/uploads/2018/12/650-sara-mesa-por-sonia-fraga-262x262.jpg 262w, https://www.entelequiacultura.com/wp-content/uploads/2018/12/650-sara-mesa-por-sonia-fraga-600x600.jpg 600w, https://www.entelequiacultura.com/wp-content/uploads/2018/12/650-sara-mesa-por-sonia-fraga-100x100.jpg 100w" sizes="(max-width: 650px) 100vw, 650px" /><p id="caption-attachment-29996" class="wp-caption-text">© Sonia Fraga</p></div></div></div></div>
<div class="wpv-grid grid-1-2  unextended" style="padding-top:0px;padding-bottom:0px" id="wpv-column-ae23a3e7117cb8117b22857dc22e3a1a" ><div class="row "><div class="wpv-grid grid-1-1  first unextended" style="padding-top:0px;padding-bottom:0px" id="wpv-column-92df982af94740994b8bc32343d9ba47" ><p>SARA MESA va néixer a Madrid, però viu a Sevilla des de nena.</p>
<p>És autora de sis novel·les i tres llibres de contes. Entre els seus títols destaquen les novel·les <em>Cuatro por cuatro</em> (finalista Premio Herralde), <em>Cicatriz</em> (premi Ojo Crítico de RNE), <em>Cara de pan i</em> <em>Un amor</em> (triada com a llibre de l&#8217;any 2020 per mitjans com <em>El País</em>, <em>El Cultural</em> i <em>La Vanguardia</em>), així com el volum de relats <em>Mala letra</em>, tots ells publicats en l&#8217;editorial Anagrama. El seu últim llibre és <em>Perrita Country</em> (Páginas de Espuma, 2021), un conte llarg il·lustrat per Pablo Amargo.</p>
<p>La seva obra ha estat traduïda a una desena de llengües.</div></div></div></div></div></div>
		<div class="sep-text single centered">
							<span class="sep-text-before"><div class="sep-text-line"></div></span>
						<div class="content">
				<h2 class="text-divider-double">
Esdeveniments amb l&#8217;autora</h2>			</div>
			<span class="sep-text-after"><div class="sep-text-line"></div></span>
					</div>
	
<div class="row "><div class="wpv-grid grid-1-1  wpv-first-level first extended no-extended-padding" style="padding-top:0px;padding-bottom:0px" id="wpv-column-edc0ab5ef55bd6cb0e6c18473ac79980" ><div class="extended-column-inner"><div class="row "><div class="wpv-grid grid-1-3  first has-background unextended animation-fade-in animated-active" style="
				background: url('https://www.entelequiacultura.com/wp-content/uploads/2021/11/Piscina-i-jardí-scaled.jpg') no-repeat center top;
				background-size: cover;
				background-attachment: ;
			background-color:#1512f9;padding-top:0px;padding-bottom:20px" id="wpv-column-e7f3243042b4b6ea43fe309f67c67f9e" ><style>#wpv-column-e7f3243042b4b6ea43fe309f67c67f9e p,#wpv-column-e7f3243042b4b6ea43fe309f67c67f9e em,#wpv-column-e7f3243042b4b6ea43fe309f67c67f9e .column-title,#wpv-column-e7f3243042b4b6ea43fe309f67c67f9e .sep-text h2.regular-title-wrapper,#wpv-column-e7f3243042b4b6ea43fe309f67c67f9e .text-divider-double,#wpv-column-e7f3243042b4b6ea43fe309f67c67f9e .sep-text .sep-text-line,#wpv-column-e7f3243042b4b6ea43fe309f67c67f9e .sep,#wpv-column-e7f3243042b4b6ea43fe309f67c67f9e .sep-2,#wpv-column-e7f3243042b4b6ea43fe309f67c67f9e .sep-3{color:#fff;}#wpv-column-e7f3243042b4b6ea43fe309f67c67f9e:before{background-color:transparent;}</style><div class="row "><div class="wpv-grid grid-1-1  first unextended animation-zoom-in animated-active" style="padding-top:0px;padding-bottom:0px" id="wpv-column-618a51a97bc78458699554008528c042" ><div class="push" style='height:40px'></div>
<h1 style="text-align: center; color: #ffffff;"><span style="color: #ffffff;">Aquesta vegada sí que parlarem de regles</span></h1>
<p style="text-align: center; color: #ffffff;"><div class="push" style='height:40px'></div>
<p style="text-align: center; color: #ffffff;"><p class="textcenter"><a href="https://www.entelequiacultura.com/ca/esdeveniment/retirsaramesa/" target="_self" style='font-size: 18px;' class="button vamtam-button accent8  button-border hover-accent1 "><span class="btext">VEURE</span></a></p></div></div>
<div class="row "><div class="wpv-grid grid-1-1  first unextended" style="padding-top:0px;padding-bottom:0px" id="wpv-column-d6a7c7a1cf2b34c82579c017bd4c3575" ><p>Retir literari<br />
Hotel La Sala de Camós (Girona)<br />
De 6 al 8 de maig 2022</div></div></div>
<div class="wpv-grid grid-1-3  has-background unextended animation-fade-in animated-active" style="
				background: url('https://www.entelequiacultura.com/wp-content/uploads/2019/11/amanece.jpg') no-repeat center top;
				background-size: cover;
				background-attachment: ;
			background-color:#1512f9;padding-top:0px;padding-bottom:20px" id="wpv-column-5594adf2ab23d59c2248d38d674faa7a" ><style>#wpv-column-5594adf2ab23d59c2248d38d674faa7a p,#wpv-column-5594adf2ab23d59c2248d38d674faa7a em,#wpv-column-5594adf2ab23d59c2248d38d674faa7a .column-title,#wpv-column-5594adf2ab23d59c2248d38d674faa7a .sep-text h2.regular-title-wrapper,#wpv-column-5594adf2ab23d59c2248d38d674faa7a .text-divider-double,#wpv-column-5594adf2ab23d59c2248d38d674faa7a .sep-text .sep-text-line,#wpv-column-5594adf2ab23d59c2248d38d674faa7a .sep,#wpv-column-5594adf2ab23d59c2248d38d674faa7a .sep-2,#wpv-column-5594adf2ab23d59c2248d38d674faa7a .sep-3{color:#fff;}#wpv-column-5594adf2ab23d59c2248d38d674faa7a:before{background-color:transparent;}</style><div class="row "><div class="wpv-grid grid-1-1  first unextended animation-zoom-in animated-active" style="padding-top:0px;padding-bottom:0px" id="wpv-column-78f144b3149208f1a5baf6dd11e8820a" ><div class="push" style='height:40px'></div>
<h1 style="text-align: center; color: #ffffff;"><span style="color: #ffffff;">Sorti del corrent</span></h1>
<p style="text-align: center; color: #ffffff;"><div class="push" style='height:40px'></div>
<p style="text-align: center; color: #ffffff;"><p class="textcenter"><a href="https://www.entelequiacultura.com/ca/esdeveniment/sara-mesa-2/" target="_self" style='font-size: 18px;' class="button vamtam-button accent8  button-border hover-accent1 "><span class="btext">VEURE</span></a></p></div></div>
<div class="row "><div class="wpv-grid grid-1-1  first unextended" style="padding-top:0px;padding-bottom:0px" id="wpv-column-e60197e768d6328769e37b2646496835" ><p>Retir literari<br />
Hotel Diana, Tossa de Mar (Girona)<br />
De l&#8217;1 al 3 de novembre 2019</div></div></div></div></div></div></div>
<div class="push" style='height:10px'></div>

<p>SARA MESA va néixer a Madrid, però viu a Sevilla des de nena. És autora de sis novel·les i tres llibres de contes. Entre els seus títols destaquen les novel·les&#8230;</p>
