{"id":29538,"date":"2018-09-14T10:28:33","date_gmt":"2018-09-14T09:28:33","guid":{"rendered":"https:\/\/www.entelequiacultura.com\/?page_id=29538"},"modified":"2020-03-13T10:33:41","modified_gmt":"2020-03-13T09:33:41","slug":"chantal-maillard","status":"publish","type":"page","link":"https:\/\/www.entelequiacultura.com\/ca\/chantal-maillard\/","title":{"rendered":"Chantal Maillard"},"content":{"rendered":"<div class=\"row \"><div class=\"wpv-grid grid-1-1  wpv-first-level first unextended\" style=\"padding-top:0px;padding-bottom:0px\" id=\"wpv-column-906d395ecf14198f43379e41b54dd1db\" ><div class=\"row \"><div class=\"wpv-grid grid-1-2  first unextended\" style=\"padding-top:0px;padding-bottom:0px\" id=\"wpv-column-5911a0581769e5799b06beb24e8c4748\" ><div class=\"row \"><div class=\"wpv-grid grid-1-1  first unextended\" style=\"padding-top:0px;padding-bottom:0px\" id=\"wpv-column-89d7c08d55481b30f93e6ff4aef1b673\" ><p><img loading=\"lazy\" decoding=\"async\" class=\"alignnone wp-image-28011 size-full\" src=\"https:\/\/www.entelequiacultura.com\/wp-content\/uploads\/2018\/04\/Chantal-Maillard-copia-650-2.jpg\" alt=\"\" width=\"650\" height=\"650\" srcset=\"https:\/\/www.entelequiacultura.com\/wp-content\/uploads\/2018\/04\/Chantal-Maillard-copia-650-2.jpg 650w, https:\/\/www.entelequiacultura.com\/wp-content\/uploads\/2018\/04\/Chantal-Maillard-copia-650-2-150x150.jpg 150w, https:\/\/www.entelequiacultura.com\/wp-content\/uploads\/2018\/04\/Chantal-Maillard-copia-650-2-300x300.jpg 300w, https:\/\/www.entelequiacultura.com\/wp-content\/uploads\/2018\/04\/Chantal-Maillard-copia-650-2-60x60.jpg 60w, https:\/\/www.entelequiacultura.com\/wp-content\/uploads\/2018\/04\/Chantal-Maillard-copia-650-2-43x43.jpg 43w, https:\/\/www.entelequiacultura.com\/wp-content\/uploads\/2018\/04\/Chantal-Maillard-copia-650-2-106x106.jpg 106w, https:\/\/www.entelequiacultura.com\/wp-content\/uploads\/2018\/04\/Chantal-Maillard-copia-650-2-555x555.jpg 555w, https:\/\/www.entelequiacultura.com\/wp-content\/uploads\/2018\/04\/Chantal-Maillard-copia-650-2-360x360.jpg 360w, https:\/\/www.entelequiacultura.com\/wp-content\/uploads\/2018\/04\/Chantal-Maillard-copia-650-2-262x262.jpg 262w, https:\/\/www.entelequiacultura.com\/wp-content\/uploads\/2018\/04\/Chantal-Maillard-copia-650-2-600x600.jpg 600w, https:\/\/www.entelequiacultura.com\/wp-content\/uploads\/2018\/04\/Chantal-Maillard-copia-650-2-100x100.jpg 100w\" sizes=\"(max-width: 650px) 100vw, 650px\" \/><\/div><\/div><\/div>\n<div class=\"wpv-grid grid-1-2  unextended\" style=\"padding-top:0px;padding-bottom:0px\" id=\"wpv-column-1840b7bcc55266a8be5d185a3364ba53\" ><div class=\"row \"><div class=\"wpv-grid grid-1-1  first unextended\" style=\"padding-top:0px;padding-bottom:0px\" id=\"wpv-column-66b9f811e4c0f88dc22ef6f3deb1399b\" ><p>CHANTAL MAILLARD (Brussel\u00b7les, 1951). Doctora en Filosofia i Professora Titular de la Universitat de M\u00e0laga. Premi Nacional de Poesia pel llibre &#8220;Matar a Plat\u00f3n&#8221; (2004) i Premi de la Cr\u00edtica per &#8220;Hilos&#8221; \u00a0(2007). El 1987 va viatjar a l&#8217;\u00cdndia i es va especialitzar en Filosofia i Religions de l&#8217;\u00cdndia a la Banaras Hindu University de Benar\u00e9s. Va dirigir l&#8217;\u00c0rea d&#8217;Est\u00e8tica i Teoria de les Arts de la Universitat de M\u00e0laga, en la qual va impartir doc\u00e8ncia fins a l&#8217;any 2000, impulsant els estudis de Filosofia i Est\u00e8tica comparada. Entre 1998 i 2004 ha col\u00b7laborat com a cr\u00edtica en els Suplements Culturals dels Diaris <em>ABC<\/em> i <em>El Pa\u00eds<\/em>.<\/p>\n<p>Ha col\u00b7laborat en projectes interdisciplinaris amb artistes nacionals i internacionals, tant de les arts pl\u00e0stiques com de l&#8217;\u00e0mbit teatral i musical. &#8220;Matar a Plat\u00f3n&#8221; s&#8217;ha dut a escena i representat en concert en nombroses ciutats espa\u00f1olas. \u00c9s autora de nombrosos llibres de poemes, assaigs i diaris.<\/p>\n<p>Part de la seva obra ha estat publicada en diverses lleng\u00fces i en llenguatge Braille.<\/p>\n<p>Les seves publicacions m\u00e9s recents s\u00f3n: &#8220;India&#8221; (2014), &#8220;La baba del caracol&#8221; (2014), &#8220;La herida en la lengua&#8221; (2015), &#8220;La mujer de pie&#8221; (2015) i &#8220;La raz\u00f3n est\u00e9tica&#8221; \u00a0(2017).<\/p>\n<h2>Enlla\u00e7os a la seva web i xarxes socials<\/h2>\n<a href=\"https:\/\/www.facebook.com\/chantalmaillardpoesia\/\" target=\"_blank\" style='font-size: 16px;' class=\"button vamtam-button accent1  button-filled hover-accent1  alignleft\"><span class=\"btext\">Facebook<\/span><\/a><a href=\"https:\/\/es.wikipedia.org\/wiki\/Chantal_Maillard\" target=\"_blank\" style='font-size: 16px;' class=\"button vamtam-button accent1  button-filled hover-accent1  alignleft\"><span class=\"btext\">Wiki<\/span><\/a><a href=\"http:\/\/chantalmaillard.com\" target=\"_blank\" style='font-size: 16px;' class=\"button vamtam-button accent1  button-filled hover-accent1  alignleft\"><span class=\"btext\">Web<\/span><\/a><\/div><\/div><\/div><\/div><\/div><\/div>\n\t\t<div class=\"sep-text single centered\">\n\t\t\t\t\t\t\t<span class=\"sep-text-before\"><div class=\"sep-text-line\"><\/div><\/span>\n\t\t\t\t\t\t<div class=\"content\">\n\t\t\t\t<h2 class=\"text-divider-double\">\nEsdeveniments amb l&#8217;autora<br \/>\n<\/h2>\t\t\t<\/div>\n\t\t\t<span class=\"sep-text-after\"><div class=\"sep-text-line\"><\/div><\/span>\n\t\t\t\t\t<\/div>\n\t\n<div class=\"row \"><div class=\"wpv-grid grid-1-1  wpv-first-level first extended no-extended-padding\" style=\"padding-top:0px;padding-bottom:0px\" id=\"wpv-column-02f77202fe1c2cb9e83aaeb57c45e7d2\" ><div class=\"extended-column-inner\"><div class=\"row \"><div class=\"wpv-grid grid-1-3  first has-background unextended animation-fade-in animated-active\" style=\"\n\t\t\t\tbackground: url('https:\/\/www.entelequiacultura.com\/wp-content\/uploads\/2018\/08\/casa-by-Rita-e1533926449262.jpg') no-repeat center top;\n\t\t\t\tbackground-size: cover;\n\t\t\t\tbackground-attachment: ;\n\t\t\tbackground-color:#1512f9;padding-top:0px;padding-bottom:20px\" id=\"wpv-column-7a2dc004adf0fa7dcdedcd5be3ce754a\" ><style>#wpv-column-7a2dc004adf0fa7dcdedcd5be3ce754a p,#wpv-column-7a2dc004adf0fa7dcdedcd5be3ce754a em,#wpv-column-7a2dc004adf0fa7dcdedcd5be3ce754a .column-title,#wpv-column-7a2dc004adf0fa7dcdedcd5be3ce754a .sep-text h2.regular-title-wrapper,#wpv-column-7a2dc004adf0fa7dcdedcd5be3ce754a .text-divider-double,#wpv-column-7a2dc004adf0fa7dcdedcd5be3ce754a .sep-text .sep-text-line,#wpv-column-7a2dc004adf0fa7dcdedcd5be3ce754a .sep,#wpv-column-7a2dc004adf0fa7dcdedcd5be3ce754a .sep-2,#wpv-column-7a2dc004adf0fa7dcdedcd5be3ce754a .sep-3{color:#fff;}#wpv-column-7a2dc004adf0fa7dcdedcd5be3ce754a:before{background-color:transparent;}<\/style><div class=\"row \"><div class=\"wpv-grid grid-1-1  first unextended animation-zoom-in animated-active\" style=\"padding-top:0px;padding-bottom:0px\" id=\"wpv-column-1c2d54f967dfe9a54af5eb90563eb9fe\" ><div class=\"push\" style='height:40px'><\/div>\n<h1 style=\"text-align: center; color: #ffffff;\"><span style=\"color: #ffffff;\">Entre Hilos y Husos<\/span><\/h1>\n<p style=\"text-align: center; color: #ffffff;\"><div class=\"push\" style='height:40px'><\/div>\n<p style=\"text-align: center; color: #ffffff;\"><p class=\"textcenter\"><a href=\"https:\/\/www.entelequiacultura.com\/ca\/evento\/chantal-maillard\/\" target=\"_self\" style='font-size: 18px;' class=\"button vamtam-button accent8  button-border hover-accent1 \"><span class=\"btext\">VEURE<\/span><\/a><\/p><\/div><\/div>\n<div class=\"row \"><div class=\"wpv-grid grid-1-1  first unextended\" style=\"padding-top:0px;padding-bottom:0px\" id=\"wpv-column-71ad1684832aa7b690eba3ff4e8b2851\" ><p>Retir po\u00e8tic-filos\u00f2fic<br \/>\nMas Berenguer, Montseny<br \/>\nDe l&#8217;11 al 13 de maig 2018<\/div><\/div><\/div><\/div><\/div><\/div><\/div>\n<div class=\"push\" style='height:10px'><\/div>\n","protected":false},"excerpt":{"rendered":"<p>CHANTAL MAILLARD (Brussel\u00b7les, 1951). Doctora en Filosofia i Professora Titular de la Universitat de M\u00e0laga. Premi Nacional de Poesia pel llibre &#8220;Matar a Plat\u00f3n&#8221; (2004) i Premi de la Cr\u00edtica&#8230;<\/p>\n","protected":false},"author":1,"featured_media":0,"parent":0,"menu_order":0,"comment_status":"closed","ping_status":"closed","template":"","meta":{"_price":"","_stock":"","_tribe_ticket_header":"","_tribe_default_ticket_provider":"","_tribe_ticket_capacity":"0","_ticket_start_date":"","_ticket_end_date":"","_tribe_ticket_show_description":"","_tribe_ticket_show_not_going":false,"_tribe_ticket_use_global_stock":"","_tribe_ticket_global_stock_level":"","_global_stock_mode":"","_global_stock_cap":"","_tribe_rsvp_for_event":"","_tribe_ticket_going_count":"","_tribe_ticket_not_going_count":"","_tribe_tickets_list":"[]","_tribe_ticket_has_attendee_info_fields":false,"footnotes":"","_tec_slr_enabled":"","_tec_slr_layout":""},"class_list":["post-29538","page","type-page","status-publish","hentry"],"aioseo_notices":[],"ticketed":false,"_links":{"self":[{"href":"https:\/\/www.entelequiacultura.com\/ca\/wp-json\/wp\/v2\/pages\/29538","targetHints":{"allow":["GET"]}}],"collection":[{"href":"https:\/\/www.entelequiacultura.com\/ca\/wp-json\/wp\/v2\/pages"}],"about":[{"href":"https:\/\/www.entelequiacultura.com\/ca\/wp-json\/wp\/v2\/types\/page"}],"author":[{"embeddable":true,"href":"https:\/\/www.entelequiacultura.com\/ca\/wp-json\/wp\/v2\/users\/1"}],"replies":[{"embeddable":true,"href":"https:\/\/www.entelequiacultura.com\/ca\/wp-json\/wp\/v2\/comments?post=29538"}],"version-history":[{"count":0,"href":"https:\/\/www.entelequiacultura.com\/ca\/wp-json\/wp\/v2\/pages\/29538\/revisions"}],"wp:attachment":[{"href":"https:\/\/www.entelequiacultura.com\/ca\/wp-json\/wp\/v2\/media?parent=29538"}],"curies":[{"name":"wp","href":"https:\/\/api.w.org\/{rel}","templated":true}]}}

<div class="row "><div class="wpv-grid grid-1-1  wpv-first-level first unextended" style="padding-top:0px;padding-bottom:0px" id="wpv-column-906d395ecf14198f43379e41b54dd1db" ><div class="row "><div class="wpv-grid grid-1-2  first unextended" style="padding-top:0px;padding-bottom:0px" id="wpv-column-5911a0581769e5799b06beb24e8c4748" ><div class="row "><div class="wpv-grid grid-1-1  first unextended" style="padding-top:0px;padding-bottom:0px" id="wpv-column-89d7c08d55481b30f93e6ff4aef1b673" ><p><img loading="lazy" decoding="async" class="alignnone wp-image-28011 size-full" src="https://www.entelequiacultura.com/wp-content/uploads/2018/04/Chantal-Maillard-copia-650-2.jpg" alt="" width="650" height="650" srcset="https://www.entelequiacultura.com/wp-content/uploads/2018/04/Chantal-Maillard-copia-650-2.jpg 650w, https://www.entelequiacultura.com/wp-content/uploads/2018/04/Chantal-Maillard-copia-650-2-150x150.jpg 150w, https://www.entelequiacultura.com/wp-content/uploads/2018/04/Chantal-Maillard-copia-650-2-300x300.jpg 300w, https://www.entelequiacultura.com/wp-content/uploads/2018/04/Chantal-Maillard-copia-650-2-60x60.jpg 60w, https://www.entelequiacultura.com/wp-content/uploads/2018/04/Chantal-Maillard-copia-650-2-43x43.jpg 43w, https://www.entelequiacultura.com/wp-content/uploads/2018/04/Chantal-Maillard-copia-650-2-106x106.jpg 106w, https://www.entelequiacultura.com/wp-content/uploads/2018/04/Chantal-Maillard-copia-650-2-555x555.jpg 555w, https://www.entelequiacultura.com/wp-content/uploads/2018/04/Chantal-Maillard-copia-650-2-360x360.jpg 360w, https://www.entelequiacultura.com/wp-content/uploads/2018/04/Chantal-Maillard-copia-650-2-262x262.jpg 262w, https://www.entelequiacultura.com/wp-content/uploads/2018/04/Chantal-Maillard-copia-650-2-600x600.jpg 600w, https://www.entelequiacultura.com/wp-content/uploads/2018/04/Chantal-Maillard-copia-650-2-100x100.jpg 100w" sizes="(max-width: 650px) 100vw, 650px" /></div></div></div>
<div class="wpv-grid grid-1-2  unextended" style="padding-top:0px;padding-bottom:0px" id="wpv-column-1840b7bcc55266a8be5d185a3364ba53" ><div class="row "><div class="wpv-grid grid-1-1  first unextended" style="padding-top:0px;padding-bottom:0px" id="wpv-column-66b9f811e4c0f88dc22ef6f3deb1399b" ><p>CHANTAL MAILLARD (Brussel·les, 1951). Doctora en Filosofia i Professora Titular de la Universitat de Màlaga. Premi Nacional de Poesia pel llibre &#8220;Matar a Platón&#8221; (2004) i Premi de la Crítica per &#8220;Hilos&#8221;  (2007). El 1987 va viatjar a l&#8217;Índia i es va especialitzar en Filosofia i Religions de l&#8217;Índia a la Banaras Hindu University de Benarés. Va dirigir l&#8217;Àrea d&#8217;Estètica i Teoria de les Arts de la Universitat de Màlaga, en la qual va impartir docència fins a l&#8217;any 2000, impulsant els estudis de Filosofia i Estètica comparada. Entre 1998 i 2004 ha col·laborat com a crítica en els Suplements Culturals dels Diaris <em>ABC</em> i <em>El País</em>.</p>
<p>Ha col·laborat en projectes interdisciplinaris amb artistes nacionals i internacionals, tant de les arts plàstiques com de l&#8217;àmbit teatral i musical. &#8220;Matar a Platón&#8221; s&#8217;ha dut a escena i representat en concert en nombroses ciutats españolas. És autora de nombrosos llibres de poemes, assaigs i diaris.</p>
<p>Part de la seva obra ha estat publicada en diverses llengües i en llenguatge Braille.</p>
<p>Les seves publicacions més recents són: &#8220;India&#8221; (2014), &#8220;La baba del caracol&#8221; (2014), &#8220;La herida en la lengua&#8221; (2015), &#8220;La mujer de pie&#8221; (2015) i &#8220;La razón estética&#8221;  (2017).</p>
<h2>Enllaços a la seva web i xarxes socials</h2>
<a href="https://www.facebook.com/chantalmaillardpoesia/" target="_blank" style='font-size: 16px;' class="button vamtam-button accent1  button-filled hover-accent1  alignleft"><span class="btext">Facebook</span></a><a href="https://es.wikipedia.org/wiki/Chantal_Maillard" target="_blank" style='font-size: 16px;' class="button vamtam-button accent1  button-filled hover-accent1  alignleft"><span class="btext">Wiki</span></a><a href="http://chantalmaillard.com" target="_blank" style='font-size: 16px;' class="button vamtam-button accent1  button-filled hover-accent1  alignleft"><span class="btext">Web</span></a></div></div></div></div></div></div>
		<div class="sep-text single centered">
							<span class="sep-text-before"><div class="sep-text-line"></div></span>
						<div class="content">
				<h2 class="text-divider-double">
Esdeveniments amb l&#8217;autora<br />
</h2>			</div>
			<span class="sep-text-after"><div class="sep-text-line"></div></span>
					</div>
	
<div class="row "><div class="wpv-grid grid-1-1  wpv-first-level first extended no-extended-padding" style="padding-top:0px;padding-bottom:0px" id="wpv-column-02f77202fe1c2cb9e83aaeb57c45e7d2" ><div class="extended-column-inner"><div class="row "><div class="wpv-grid grid-1-3  first has-background unextended animation-fade-in animated-active" style="
				background: url('https://www.entelequiacultura.com/wp-content/uploads/2018/08/casa-by-Rita-e1533926449262.jpg') no-repeat center top;
				background-size: cover;
				background-attachment: ;
			background-color:#1512f9;padding-top:0px;padding-bottom:20px" id="wpv-column-7a2dc004adf0fa7dcdedcd5be3ce754a" ><style>#wpv-column-7a2dc004adf0fa7dcdedcd5be3ce754a p,#wpv-column-7a2dc004adf0fa7dcdedcd5be3ce754a em,#wpv-column-7a2dc004adf0fa7dcdedcd5be3ce754a .column-title,#wpv-column-7a2dc004adf0fa7dcdedcd5be3ce754a .sep-text h2.regular-title-wrapper,#wpv-column-7a2dc004adf0fa7dcdedcd5be3ce754a .text-divider-double,#wpv-column-7a2dc004adf0fa7dcdedcd5be3ce754a .sep-text .sep-text-line,#wpv-column-7a2dc004adf0fa7dcdedcd5be3ce754a .sep,#wpv-column-7a2dc004adf0fa7dcdedcd5be3ce754a .sep-2,#wpv-column-7a2dc004adf0fa7dcdedcd5be3ce754a .sep-3{color:#fff;}#wpv-column-7a2dc004adf0fa7dcdedcd5be3ce754a:before{background-color:transparent;}</style><div class="row "><div class="wpv-grid grid-1-1  first unextended animation-zoom-in animated-active" style="padding-top:0px;padding-bottom:0px" id="wpv-column-1c2d54f967dfe9a54af5eb90563eb9fe" ><div class="push" style='height:40px'></div>
<h1 style="text-align: center; color: #ffffff;"><span style="color: #ffffff;">Entre Hilos y Husos</span></h1>
<p style="text-align: center; color: #ffffff;"><div class="push" style='height:40px'></div>
<p style="text-align: center; color: #ffffff;"><p class="textcenter"><a href="https://www.entelequiacultura.com/ca/evento/chantal-maillard/" target="_self" style='font-size: 18px;' class="button vamtam-button accent8  button-border hover-accent1 "><span class="btext">VEURE</span></a></p></div></div>
<div class="row "><div class="wpv-grid grid-1-1  first unextended" style="padding-top:0px;padding-bottom:0px" id="wpv-column-71ad1684832aa7b690eba3ff4e8b2851" ><p>Retir poètic-filosòfic<br />
Mas Berenguer, Montseny<br />
De l&#8217;11 al 13 de maig 2018</div></div></div></div></div></div></div>
<div class="push" style='height:10px'></div>

<p>CHANTAL MAILLARD (Brussel·les, 1951). Doctora en Filosofia i Professora Titular de la Universitat de Màlaga. Premi Nacional de Poesia pel llibre &#8220;Matar a Platón&#8221; (2004) i Premi de la Crítica&#8230;</p>
